141.0.12.191 - - [11/Apr/2024:15:24:23 +0000] "GET /notice-list HTTP/1.1" 200 426070 "https://edu.richinei.com/notice-list" "Mozilla/5.0 (Linux; U; Android 14; SM-A245F Build/UP1A.231005.007; wv) AppleWebKit/537.36 (KHTML, like Gecko) Version/4.0 Chrome/123.0.6312.42 Mobile Safari/537.36 OPR/79.0.2254.70805"
141.0.12.191 - - [11/Apr/2024:15:24:29 +0000] "POST /broadcasting/auth HTTP/1.1" 200 96 "https://edu.richinei.com/notice-list" "Mozilla/5.0 (Linux; U; Android 14; SM-A245F Build/UP1A.231005.007; wv) AppleWebKit/537.36 (KHTML, like Gecko) Version/4.0 Chrome/123.0.6312.42 Mobile Safari/537.36 OPR/79.0.2254.70805"
141.0.12.191 - - [11/Apr/2024:15:25:03 +0000] "POST /broadcasting/auth HTTP/1.1" 200 96 "https://edu.richinei.com/notice-list" "Mozilla/5.0 (Linux; U; Android 14; SM-A245F Build/UP1A.231005.007; wv) AppleWebKit/537.36 (KHTML, like Gecko) Version/4.0 Chrome/123.0.6312.42 Mobile Safari/537.36 OPR/79.0.2254.70805"
203.161.54.34 - - [11/Apr/2024:15:25:04 +0000] "GET /public/uploads/settings/d104eb144208b278c21f87e66cfe38f4.png HTTP/1.0" 200 127748 "-" "-"
141.0.12.191 - - [11/Apr/2024:15:25:03 +0000] "GET /setup-admin HTTP/1.1" 200 427363 "https://edu.richinei.com/notice-list" "Mozilla/5.0 (Linux; U; Android 14; SM-A245F Build/UP1A.231005.007; wv) AppleWebKit/537.36 (KHTML, like Gecko) Version/4.0 Chrome/123.0.6312.42 Mobile Safari/537.36 OPR/79.0.2254.70805"
141.0.12.191 - - [11/Apr/2024:15:25:04 +0000] "GET /Modules/RolePermission/public/css/style.css HTTP/1.1" 200 21276 "https://edu.richinei.com/setup-admin" "Mozilla/5.0 (Linux; U; Android 14; SM-A245F Build/UP1A.231005.007; wv) AppleWebKit/537.36 (KHTML, like Gecko) Version/4.0 Chrome/123.0.6312.42 Mobile Safari/537.36 OPR/79.0.2254.70805"
141.0.12.191 - - [11/Apr/2024:15:25:05 +0000] "GET /Modules/RolePermission/public/css/style.css HTTP/1.1" 200 21276 "https://edu.richinei.com/setup-admin" "Mozilla/5.0 (Linux; U; Android 14; SM-A245F Build/UP1A.231005.007; wv) AppleWebKit/537.36 (KHTML, like Gecko) Version/4.0 Chrome/123.0.6312.42 Mobile Safari/537.36 OPR/79.0.2254.70805"
141.0.12.191 - - [11/Apr/2024:15:25:05 +0000] "GET /Modules/RolePermission/public/img/animated_icon/map.png HTTP/1.1" 404 11122 "https://edu.richinei.com/Modules/RolePermission/public/css/style.css" "Mozilla/5.0 (Linux; U; Android 14; SM-A245F Build/UP1A.231005.007; wv) AppleWebKit/537.36 (KHTML, like Gecko) Version/4.0 Chrome/123.0.6312.42 Mobile Safari/537.36 OPR/79.0.2254.70805"
141.0.12.191 - - [11/Apr/2024:15:25:05 +0000] "GET /Modules/RolePermission/public/img/bradcam/bradcam5.png HTTP/1.1" 404 11122 "https://edu.richinei.com/Modules/RolePermission/public/css/style.css" "Mozilla/5.0 (Linux; U; Android 14; SM-A245F Build/UP1A.231005.007; wv) AppleWebKit/537.36 (KHTML, like Gecko) Version/4.0 Chrome/123.0.6312.42 Mobile Safari/537.36 OPR/79.0.2254.70805"
141.0.12.191 - - [11/Apr/2024:15:25:05 +0000] "GET /Modules/RolePermission/public/img/bradcam/bradcam.png HTTP/1.1" 404 11122 "https://edu.richinei.com/Modules/RolePermission/public/css/style.css" "Mozilla/5.0 (Linux; U; Android 14; SM-A245F Build/UP1A.231005.007; wv) AppleWebKit/537.36 (KHTML, like Gecko) Version/4.0 Chrome/123.0.6312.42 Mobile Safari/537.36 OPR/79.0.2254.70805"
141.0.12.191 - - [11/Apr/2024:15:25:05 +0000] "GET /Modules/RolePermission/public/img/bradcam/bradcam2.png HTTP/1.1" 404 11122 "https://edu.richinei.com/Modules/RolePermission/public/css/style.css" "Mozilla/5.0 (Linux; U; Android 14; SM-A245F Build/UP1A.231005.007; wv) AppleWebKit/537.36 (KHTML, like Gecko) Version/4.0 Chrome/123.0.6312.42 Mobile Safari/537.36 OPR/79.0.2254.70805"
141.0.12.191 - - [11/Apr/2024:15:25:05 +0000] "GET /Modules/RolePermission/public/img/bradcam/bradcam3.png HTTP/1.1" 404 11122 "https://edu.richinei.com/Modules/RolePermission/public/css/style.css" "Mozilla/5.0 (Linux; U; Android 14; SM-A245F Build/UP1A.231005.007; wv) AppleWebKit/537.36 (KHTML, like Gecko) Version/4.0 Chrome/123.0.6312.42 Mobile Safari/537.36 OPR/79.0.2254.70805"
141.0.12.191 - - [11/Apr/2024:15:25:05 +0000] "GET /Modules/RolePermission/public/img/bradcam/bradcam6.png HTTP/1.1" 404 11122 "https://edu.richinei.com/Modules/RolePermission/public/css/style.css" "Mozilla/5.0 (Linux; U; Android 14; SM-A245F Build/UP1A.231005.007; wv) AppleWebKit/537.36 (KHTML, like Gecko) Version/4.0 Chrome/123.0.6312.42 Mobile Safari/537.36 OPR/79.0.2254.70805"
141.0.12.191 - - [11/Apr/2024:15:25:11 +0000] "POST /broadcasting/auth HTTP/1.1" 200 96 "https://edu.richinei.com/setup-admin" "Mozilla/5.0 (Linux; U; Android 14; SM-A245F Build/UP1A.231005.007; wv) AppleWebKit/537.36 (KHTML, like Gecko) Version/4.0 Chrome/123.0.6312.42 Mobile Safari/537.36 OPR/79.0.2254.70805"
141.0.12.191 - - [11/Apr/2024:15:25:45 +0000] "POST /broadcasting/auth HTTP/1.1" 200 96 "https://edu.richinei.com/setup-admin" "Mozilla/5.0 (Linux; U; Android 14; SM-A245F Build/UP1A.231005.007; wv) AppleWebKit/537.36 (KHTML, like Gecko) Version/4.0 Chrome/123.0.6312.42 Mobile Safari/537.36 OPR/79.0.2254.70805"
141.0.12.191 - - [11/Apr/2024:15:25:55 +0000] "POST /broadcasting/auth HTTP/1.1" 200 96 "https://edu.richinei.com/notice-list" "Mozilla/5.0 (Linux; U; Android 14; SM-A245F Build/UP1A.231005.007; wv) AppleWebKit/537.36 (KHTML, like Gecko) Version/4.0 Chrome/123.0.6312.42 Mobile Safari/537.36 OPR/79.0.2254.70805"
203.161.54.34 - - [11/Apr/2024:15:26:11 +0000] "GET /public/uploads/settings/d104eb144208b278c21f87e66cfe38f4.png HTTP/1.0" 200 127748 "-" "-"
141.0.12.191 - - [11/Apr/2024:15:26:10 +0000] "GET /header-menu-manager HTTP/1.1" 200 432178 "https://edu.richinei.com/notice-list" "Mozilla/5.0 (Linux; U; Android 14; SM-A245F Build/UP1A.231005.007; wv) AppleWebKit/537.36 (KHTML, like Gecko) Version/4.0 Chrome/123.0.6312.42 Mobile Safari/537.36 OPR/79.0.2254.70805"
203.161.54.34 - - [11/Apr/2024:15:26:11 +0000] "GET /public/uploads/settings/d104eb144208b278c21f87e66cfe38f4.png HTTP/1.0" 200 127748 "-" "-"
141.0.12.191 - - [11/Apr/2024:15:26:11 +0000] "GET /header-menu-manager HTTP/1.1" 200 432178 "https://edu.richinei.com/notice-list" "Mozilla/5.0 (Linux; U; Android 14; SM-A245F Build/UP1A.231005.007; wv) AppleWebKit/537.36 (KHTML, like Gecko) Version/4.0 Chrome/123.0.6312.42 Mobile Safari/537.36 OPR/79.0.2254.70805"
141.0.12.191 - - [11/Apr/2024:15:26:13 +0000] "GET /public/backEnd/css/jquery.nestable.min.css HTTP/1.1" 404 11098 "https://edu.richinei.com/header-menu-manager" "Mozilla/5.0 (Linux; U; Android 14; SM-A245F Build/UP1A.231005.007; wv) AppleWebKit/537.36 (KHTML, like Gecko) Version/4.0 Chrome/123.0.6312.42 Mobile Safari/537.36 OPR/79.0.2254.70805"
141.0.12.191 - - [11/Apr/2024:15:26:17 +0000] "GET /public/backEnd/js/jquery.nestable.min.js HTTP/1.1" 200 4986 "https://edu.richinei.com/header-menu-manager" "Mozilla/5.0 (Linux; U; Android 14; SM-A245F Build/UP1A.231005.007; wv) AppleWebKit/537.36 (KHTML, like Gecko) Version/4.0 Chrome/123.0.6312.42 Mobile Safari/537.36 OPR/79.0.2254.70805"
141.0.12.191 - - [11/Apr/2024:15:26:18 +0000] "POST /broadcasting/auth HTTP/1.1" 200 96 "https://edu.richinei.com/header-menu-manager" "Mozilla/5.0 (Linux; U; Android 14; SM-A245F Build/UP1A.231005.007; wv) AppleWebKit/537.36 (KHTML, like Gecko) Version/4.0 Chrome/123.0.6312.42 Mobile Safari/537.36 OPR/79.0.2254.70805"
141.0.12.191 - - [11/Apr/2024:15:26:42 +0000] "POST /reordering HTTP/1.1" 200 1 "https://edu.richinei.com/header-menu-manager" "Mozilla/5.0 (Linux; U; Android 14; SM-A245F Build/UP1A.231005.007; wv) AppleWebKit/537.36 (KHTML, like Gecko) Version/4.0 Chrome/123.0.6312.42 Mobile Safari/537.36 OPR/79.0.2254.70805"
141.0.12.191 - - [11/Apr/2024:15:26:43 +0000] "POST /reordering HTTP/1.1" 200 1 "https://edu.richinei.com/header-menu-manager" "Mozilla/5.0 (Linux; U; Android 14; SM-A245F Build/UP1A.231005.007; wv) AppleWebKit/537.36 (KHTML, like Gecko) Version/4.0 Chrome/123.0.6312.42 Mobile Safari/537.36 OPR/79.0.2254.70805"
141.0.12.191 - - [11/Apr/2024:15:26:45 +0000] "POST /reordering HTTP/1.1" 200 1 "https://edu.richinei.com/header-menu-manager" "Mozilla/5.0 (Linux; U; Android 14; SM-A245F Build/UP1A.231005.007; wv) AppleWebKit/537.36 (KHTML, like Gecko) Version/4.0 Chrome/123.0.6312.42 Mobile Safari/537.36 OPR/79.0.2254.70805"
141.0.12.191 - - [11/Apr/2024:15:26:46 +0000] "POST /reordering HTTP/1.1" 200 1 "https://edu.richinei.com/header-menu-manager" "Mozilla/5.0 (Linux; U; Android 14; SM-A245F Build/UP1A.231005.007; wv) AppleWebKit/537.36 (KHTML, like Gecko) Version/4.0 Chrome/123.0.6312.42 Mobile Safari/537.36 OPR/79.0.2254.70805"
141.0.12.191 - - [11/Apr/2024:15:26:47 +0000] "POST /reordering HTTP/1.1" 200 1 "https://edu.richinei.com/header-menu-manager" "Mozilla/5.0 (Linux; U; Android 14; SM-A245F Build/UP1A.231005.007; wv) AppleWebKit/537.36 (KHTML, like Gecko) Version/4.0 Chrome/123.0.6312.42 Mobile Safari/537.36 OPR/79.0.2254.70805"
141.0.12.191 - - [11/Apr/2024:15:27:13 +0000] "POST /broadcasting/auth HTTP/1.1" 200 96 "https://edu.richinei.com/header-menu-manager" "Mozilla/5.0 (Linux; U; Android 14; SM-A245F Build/UP1A.231005.007; wv) AppleWebKit/537.36 (KHTML, like Gecko) Version/4.0 Chrome/123.0.6312.42 Mobile Safari/537.36 OPR/79.0.2254.70805"
203.161.54.34 - - [11/Apr/2024:15:27:21 +0000] "GET /public/uploads/settings/d104eb144208b278c21f87e66cfe38f4.png HTTP/1.0" 200 127748 "-" "-"
141.0.12.191 - - [11/Apr/2024:15:27:20 +0000] "GET /header-menu-manager HTTP/1.1" 200 432176 "https://edu.richinei.com/notice-list" "Mozilla/5.0 (Linux; U; Android 14; SM-A245F Build/UP1A.231005.007; wv) AppleWebKit/537.36 (KHTML, like Gecko) Version/4.0 Chrome/123.0.6312.42 Mobile Safari/537.36 OPR/79.0.2254.70805"
141.0.12.191 - - [11/Apr/2024:15:27:23 +0000] "GET /public/backEnd/css/jquery.nestable.min.css HTTP/1.1" 404 11098 "https://edu.richinei.com/header-menu-manager" "Mozilla/5.0 (Linux; U; Android 14; SM-A245F Build/UP1A.231005.007; wv) AppleWebKit/537.36 (KHTML, like Gecko) Version/4.0 Chrome/123.0.6312.42 Mobile Safari/537.36 OPR/79.0.2254.70805"
141.0.12.191 - - [11/Apr/2024:15:27:26 +0000] "POST /broadcasting/auth HTTP/1.1" 200 96 "https://edu.richinei.com/header-menu-manager" "Mozilla/5.0 (Linux; U; Android 14; SM-A245F Build/UP1A.231005.007; wv) AppleWebKit/537.36 (KHTML, like Gecko) Version/4.0 Chrome/123.0.6312.42 Mobile Safari/537.36 OPR/79.0.2254.70805"
203.161.54.34 - - [11/Apr/2024:15:27:33 +0000] "GET /public/uploads/settings/d104eb144208b278c21f87e66cfe38f4.png HTTP/1.0" 200 127748 "-" "-"
141.0.12.191 - - [11/Apr/2024:15:27:33 +0000] "GET /fees/bank-payment HTTP/1.1" 200 427251 "https://edu.richinei.com/header-menu-manager" "Mozilla/5.0 (Linux; U; Android 14; SM-A245F Build/UP1A.231005.007; wv) AppleWebKit/537.36 (KHTML, like Gecko) Version/4.0 Chrome/123.0.6312.42 Mobile Safari/537.36 OPR/79.0.2254.70805"
141.0.12.191 - - [11/Apr/2024:15:27:36 +0000] "GET /public/backEnd/img/demo_wait.gif HTTP/1.1" 200 60185 "https://edu.richinei.com/fees/bank-payment" "Mozilla/5.0 (Linux; U; Android 14; SM-A245F Build/UP1A.231005.007; wv) AppleWebKit/537.36 (KHTML, like Gecko) Version/4.0 Chrome/123.0.6312.42 Mobile Safari/537.36 OPR/79.0.2254.70805"
141.0.12.191 - - [11/Apr/2024:15:27:38 +0000] "POST /broadcasting/auth HTTP/1.1" 200 96 "https://edu.richinei.com/fees/bank-payment" "Mozilla/5.0 (Linux; U; Android 14; SM-A245F Build/UP1A.231005.007; wv) AppleWebKit/537.36 (KHTML, like Gecko) Version/4.0 Chrome/123.0.6312.42 Mobile Safari/537.36 OPR/79.0.2254.70805"
141.0.12.191 - - [11/Apr/2024:15:27:47 +0000] "GET /ajaxSelectStudent?section=&class= HTTP/1.1" 200 4 "https://edu.richinei.com/fees/bank-payment" "Mozilla/5.0 (Linux; U; Android 14; SM-A245F Build/UP1A.231005.007; wv) AppleWebKit/537.36 (KHTML, like Gecko) Version/4.0 Chrome/123.0.6312.42 Mobile Safari/537.36 OPR/79.0.2254.70805"
141.0.12.191 - - [11/Apr/2024:15:28:11 +0000] "POST /broadcasting/auth HTTP/1.1" 200 96 "https://edu.richinei.com/fees/bank-payment" "Mozilla/5.0 (Linux; U; Android 14; SM-A245F Build/UP1A.231005.007; wv) AppleWebKit/537.36 (KHTML, like Gecko) Version/4.0 Chrome/123.0.6312.42 Mobile Safari/537.36 OPR/79.0.2254.70805"
203.161.54.34 - - [11/Apr/2024:15:28:17 +0000] "GET /public/uploads/settings/d104eb144208b278c21f87e66cfe38f4.png HTTP/1.0" 200 127748 "-" "-"
141.0.12.191 - - [11/Apr/2024:15:28:17 +0000] "GET /academic-year HTTP/1.1" 200 426976 "https://edu.richinei.com/fees/bank-payment" "Mozilla/5.0 (Linux; U; Android 14; SM-A245F Build/UP1A.231005.007; wv) AppleWebKit/537.36 (KHTML, like Gecko) Version/4.0 Chrome/123.0.6312.42 Mobile Safari/537.36 OPR/79.0.2254.70805"
141.0.12.191 - - [11/Apr/2024:15:28:21 +0000] "POST /broadcasting/auth HTTP/1.1" 200 96 "https://edu.richinei.com/academic-year" "Mozilla/5.0 (Linux; U; Android 14; SM-A245F Build/UP1A.231005.007; wv) AppleWebKit/537.36 (KHTML, like Gecko) Version/4.0 Chrome/123.0.6312.42 Mobile Safari/537.36 OPR/79.0.2254.70805"
141.0.12.191 - - [11/Apr/2024:15:28:55 +0000] "POST /broadcasting/auth HTTP/1.1" 200 96 "https://edu.richinei.com/academic-year" "Mozilla/5.0 (Linux; U; Android 14; SM-A245F Build/UP1A.231005.007; wv) AppleWebKit/537.36 (KHTML, like Gecko) Version/4.0 Chrome/123.0.6312.42 Mobile Safari/537.36 OPR/79.0.2254.70805"
203.161.54.34 - - [11/Apr/2024:15:29:35 +0000] "GET /public/uploads/settings/d104eb144208b278c21f87e66cfe38f4.png HTTP/1.0" 200 127748 "-" "-"
141.0.12.191 - - [11/Apr/2024:15:29:34 +0000] "GET /student-admission HTTP/1.1" 200 431173 "https://edu.richinei.com/academic-year" "Mozilla/5.0 (Linux; U; Android 14; SM-A245F Build/UP1A.231005.007; wv) AppleWebKit/537.36 (KHTML, like Gecko) Version/4.0 Chrome/123.0.6312.42 Mobile Safari/537.36 OPR/79.0.2254.70805"
141.0.12.191 - - [11/Apr/2024:15:29:37 +0000] "GET /public/backEnd/css/croppie.css HTTP/1.1" 200 965 "https://edu.richinei.com/student-admission" "Mozilla/5.0 (Linux; U; Android 14; SM-A245F Build/UP1A.231005.007; wv) AppleWebKit/537.36 (KHTML, like Gecko) Version/4.0 Chrome/123.0.6312.42 Mobile Safari/537.36 OPR/79.0.2254.70805"
141.0.12.191 - - [11/Apr/2024:15:29:39 +0000] "GET /public/backEnd/js/croppie.js HTTP/1.1" 200 8788 "https://edu.richinei.com/student-admission" "Mozilla/5.0 (Linux; U; Android 14; SM-A245F Build/UP1A.231005.007; wv) AppleWebKit/537.36 (KHTML, like Gecko) Version/4.0 Chrome/123.0.6312.42 Mobile Safari/537.36 OPR/79.0.2254.70805"
141.0.12.191 - - [11/Apr/2024:15:29:39 +0000] "GET /public/backEnd/js/st_addmision.js HTTP/1.1" 200 1577 "https://edu.richinei.com/student-admission" "Mozilla/5.0 (Linux; U; Android 14; SM-A245F Build/UP1A.231005.007; wv) AppleWebKit/537.36 (KHTML, like Gecko) Version/4.0 Chrome/123.0.6312.42 Mobile Safari/537.36 OPR/79.0.2254.70805"
141.0.12.191 - - [11/Apr/2024:15:29:40 +0000] "POST /broadcasting/auth HTTP/1.1" 200 96 "https://edu.richinei.com/student-admission" "Mozilla/5.0 (Linux; U; Android 14; SM-A245F Build/UP1A.231005.007; wv) AppleWebKit/537.36 (KHTML, like Gecko) Version/4.0 Chrome/123.0.6312.42 Mobile Safari/537.36 OPR/79.0.2254.70805"
141.0.12.191 - - [11/Apr/2024:15:30:13 +0000] "POST /broadcasting/auth HTTP/1.1" 200 96 "https://edu.richinei.com/student-admission" "Mozilla/5.0 (Linux; U; Android 14; SM-A245F Build/UP1A.231005.007; wv) AppleWebKit/537.36 (KHTML, like Gecko) Version/4.0 Chrome/123.0.6312.42 Mobile Safari/537.36 OPR/79.0.2254.70805"
203.161.54.34 - - [11/Apr/2024:15:31:34 +0000] "GET /public/uploads/settings/d104eb144208b278c21f87e66cfe38f4.png HTTP/1.0" 200 127748 "-" "-"
141.0.12.191 - - [11/Apr/2024:15:31:34 +0000] "GET /studentabsentnotification HTTP/1.1" 200 426546 "https://edu.richinei.com/student-admission" "Mozilla/5.0 (Linux; U; Android 14; SM-A245F Build/UP1A.231005.007; wv) AppleWebKit/537.36 (KHTML, like Gecko) Version/4.0 Chrome/123.0.6312.42 Mobile Safari/537.36 OPR/79.0.2254.70805"
141.0.12.191 - - [11/Apr/2024:15:31:38 +0000] "POST /broadcasting/auth HTTP/1.1" 200 96 "https://edu.richinei.com/studentabsentnotification" "Mozilla/5.0 (Linux; U; Android 14; SM-A245F Build/UP1A.231005.007; wv) AppleWebKit/537.36 (KHTML, like Gecko) Version/4.0 Chrome/123.0.6312.42 Mobile Safari/537.36 OPR/79.0.2254.70805"
203.161.54.34 - - [11/Apr/2024:15:32:05 +0000] "GET /public/uploads/settings/d104eb144208b278c21f87e66cfe38f4.png HTTP/1.0" 200 127748 "-" "-"
141.0.12.191 - - [11/Apr/2024:15:32:05 +0000] "GET /bulkprint/student-id-card-bulk-print HTTP/1.1" 200 426694 "https://edu.richinei.com/studentabsentnotification" "Mozilla/5.0 (Linux; U; Android 14; SM-A245F Build/UP1A.231005.007; wv) AppleWebKit/537.36 (KHTML, like Gecko) Version/4.0 Chrome/123.0.6312.42 Mobile Safari/537.36 OPR/79.0.2254.70805"
141.0.12.191 - - [11/Apr/2024:15:32:10 +0000] "POST /broadcasting/auth HTTP/1.1" 200 96 "https://edu.richinei.com/bulkprint/student-id-card-bulk-print" "Mozilla/5.0 (Linux; U; Android 14; SM-A245F Build/UP1A.231005.007; wv) AppleWebKit/537.36 (KHTML, like Gecko) Version/4.0 Chrome/123.0.6312.42 Mobile Safari/537.36 OPR/79.0.2254.70805"
141.0.12.191 - - [11/Apr/2024:15:32:15 +0000] "GET /bulkprint/ajaxIdCard?role_id=2 HTTP/1.1" 200 4 "https://edu.richinei.com/bulkprint/student-id-card-bulk-print" "Mozilla/5.0 (Linux; U; Android 14; SM-A245F Build/UP1A.231005.007; wv) AppleWebKit/537.36 (KHTML, like Gecko) Version/4.0 Chrome/123.0.6312.42 Mobile Safari/537.36 OPR/79.0.2254.70805"
141.0.12.191 - - [11/Apr/2024:15:32:44 +0000] "POST /broadcasting/auth HTTP/1.1" 200 96 "https://edu.richinei.com/bulkprint/student-id-card-bulk-print" "Mozilla/5.0 (Linux; U; Android 14; SM-A245F Build/UP1A.231005.007; wv) AppleWebKit/537.36 (KHTML, like Gecko) Version/4.0 Chrome/123.0.6312.42 Mobile Safari/537.36 OPR/79.0.2254.70805"
203.161.54.34 - - [11/Apr/2024:15:32:58 +0000] "GET /public/uploads/settings/d104eb144208b278c21f87e66cfe38f4.png HTTP/1.0" 200 127748 "-" "-"
141.0.12.191 - - [11/Apr/2024:15:32:57 +0000] "GET /rolepermission/role HTTP/1.1" 200 426735 "https://edu.richinei.com/bulkprint/student-id-card-bulk-print" "Mozilla/5.0 (Linux; U; Android 14; SM-A245F Build/UP1A.231005.007; wv) AppleWebKit/537.36 (KHTML, like Gecko) Version/4.0 Chrome/123.0.6312.42 Mobile Safari/537.36 OPR/79.0.2254.70805"
141.0.12.191 - - [11/Apr/2024:15:33:04 +0000] "POST /broadcasting/auth HTTP/1.1" 200 96 "https://edu.richinei.com/rolepermission/role" "Mozilla/5.0 (Linux; U; Android 14; SM-A245F Build/UP1A.231005.007; wv) AppleWebKit/537.36 (KHTML, like Gecko) Version/4.0 Chrome/123.0.6312.42 Mobile Safari/537.36 OPR/79.0.2254.70805"
203.161.54.34 - - [11/Apr/2024:15:33:36 +0000] "GET /public/uploads/settings/d104eb144208b278c21f87e66cfe38f4.png HTTP/1.0" 200 127748 "-" "-"
141.0.12.191 - - [11/Apr/2024:15:33:35 +0000] "GET /rolepermission/role HTTP/1.1" 200 426735 "https://edu.richinei.com/bulkprint/student-id-card-bulk-print" "Mozilla/5.0 (Linux; U; Android 14; SM-A245F Build/UP1A.231005.007; wv) AppleWebKit/537.36 (KHTML, like Gecko) Version/4.0 Chrome/123.0.6312.42 Mobile Safari/537.36 OPR/79.0.2254.70805"
141.0.12.191 - - [11/Apr/2024:15:33:43 +0000] "POST /broadcasting/auth HTTP/1.1" 200 96 "https://edu.richinei.com/rolepermission/role" "Mozilla/5.0 (Linux; U; Android 14; SM-A245F Build/UP1A.231005.007; wv) AppleWebKit/537.36 (KHTML, like Gecko) Version/4.0 Chrome/123.0.6312.42 Mobile Safari/537.36 OPR/79.0.2254.70805"
203.161.54.34 - - [11/Apr/2024:15:33:53 +0000] "GET /public/uploads/settings/d104eb144208b278c21f87e66cfe38f4.png HTTP/1.0" 200 127748 "-" "-"
141.0.12.191 - - [11/Apr/2024:15:33:52 +0000] "GET /admin-dashboard HTTP/1.1" 200 428431 "https://edu.richinei.com/rolepermission/role" "Mozilla/5.0 (Linux; U; Android 14; SM-A245F Build/UP1A.231005.007; wv) AppleWebKit/537.36 (KHTML, like Gecko) Version/4.0 Chrome/123.0.6312.42 Mobile Safari/537.36 OPR/79.0.2254.70805"
141.0.12.191 - - [11/Apr/2024:15:34:01 +0000] "POST /broadcasting/auth HTTP/1.1" 200 96 "https://edu.richinei.com/admin-dashboard" "Mozilla/5.0 (Linux; U; Android 14; SM-A245F Build/UP1A.231005.007; wv) AppleWebKit/537.36 (KHTML, like Gecko) Version/4.0 Chrome/123.0.6312.42 Mobile Safari/537.36 OPR/79.0.2254.70805"
141.0.12.191 - - [11/Apr/2024:15:34:35 +0000] "POST /broadcasting/auth HTTP/1.1" 200 96 "https://edu.richinei.com/admin-dashboard" "Mozilla/5.0 (Linux; U; Android 14; SM-A245F Build/UP1A.231005.007; wv) AppleWebKit/537.36 (KHTML, like Gecko) Version/4.0 Chrome/123.0.6312.42 Mobile Safari/537.36 OPR/79.0.2254.70805"
203.161.54.34 - - [11/Apr/2024:15:35:00 +0000] "GET /public/uploads/settings/d104eb144208b278c21f87e66cfe38f4.png HTTP/1.0" 200 127748 "-" "-"
141.0.12.191 - - [11/Apr/2024:15:35:00 +0000] "GET /admin-dashboard HTTP/1.1" 200 428431 "https://edu.richinei.com/rolepermission/role" "Mozilla/5.0 (Linux; U; Android 14; SM-A245F Build/UP1A.231005.007; wv) AppleWebKit/537.36 (KHTML, like Gecko) Version/4.0 Chrome/123.0.6312.42 Mobile Safari/537.36 OPR/79.0.2254.70805"
141.0.12.191 - - [11/Apr/2024:15:35:08 +0000] "POST /broadcasting/auth HTTP/1.1" 200 96 "https://edu.richinei.com/admin-dashboard" "Mozilla/5.0 (Linux; U; Android 14; SM-A245F Build/UP1A.231005.007; wv) AppleWebKit/537.36 (KHTML, like Gecko) Version/4.0 Chrome/123.0.6312.42 Mobile Safari/537.36 OPR/79.0.2254.70805"
203.161.54.34 - - [11/Apr/2024:15:35:23 +0000] "GET /public/uploads/settings/d104eb144208b278c21f87e66cfe38f4.png HTTP/1.0" 200 127748 "-" "-"
141.0.12.191 - - [11/Apr/2024:15:35:22 +0000] "GET /menumanage HTTP/1.1" 200 435095 "https://edu.richinei.com/admin-dashboard" "Mozilla/5.0 (Linux; U; Android 14; SM-A245F Build/UP1A.231005.007; wv) AppleWebKit/537.36 (KHTML, like Gecko) Version/4.0 Chrome/123.0.6312.42 Mobile Safari/537.36 OPR/79.0.2254.70805"
141.0.12.191 - - [11/Apr/2024:15:35:31 +0000] "POST /broadcasting/auth HTTP/1.1" 200 96 "https://edu.richinei.com/menumanage" "Mozilla/5.0 (Linux; U; Android 14; SM-A245F Build/UP1A.231005.007; wv) AppleWebKit/537.36 (KHTML, like Gecko) Version/4.0 Chrome/123.0.6312.42 Mobile Safari/537.36 OPR/79.0.2254.70805"
141.0.12.191 - - [11/Apr/2024:15:36:05 +0000] "POST /broadcasting/auth HTTP/1.1" 200 96 "https://edu.richinei.com/menumanage" "Mozilla/5.0 (Linux; U; Android 14; SM-A245F Build/UP1A.231005.007; wv) AppleWebKit/537.36 (KHTML, like Gecko) Version/4.0 Chrome/123.0.6312.42 Mobile Safari/537.36 OPR/79.0.2254.70805"
141.0.12.191 - - [11/Apr/2024:15:36:38 +0000] "POST /broadcasting/auth HTTP/1.1" 200 96 "https://edu.richinei.com/admin-dashboard" "Mozilla/5.0 (Linux; U; Android 14; SM-A245F Build/UP1A.231005.007; wv) AppleWebKit/537.36 (KHTML, like Gecko) Version/4.0 Chrome/123.0.6312.42 Mobile Safari/537.36 OPR/79.0.2254.70805"
141.0.12.191 - - [11/Apr/2024:15:36:49 +0000] "POST /broadcasting/auth HTTP/1.1" 200 96 "https://edu.richinei.com/rolepermission/role" "Mozilla/5.0 (Linux; U; Android 14; SM-A245F Build/UP1A.231005.007; wv) AppleWebKit/537.36 (KHTML, like Gecko) Version/4.0 Chrome/123.0.6312.42 Mobile Safari/537.36 OPR/79.0.2254.70805"
203.161.54.34 - - [11/Apr/2024:15:36:55 +0000] "GET /public/uploads/settings/d104eb144208b278c21f87e66cfe38f4.png HTTP/1.0" 200 127748 "-" "-"
141.0.12.191 - - [11/Apr/2024:15:36:54 +0000] "POST /broadcasting/auth HTTP/1.1" 200 96 "https://edu.richinei.com/studentabsentnotification" "Mozilla/5.0 (Linux; U; Android 14; SM-A245F Build/UP1A.231005.007; wv) AppleWebKit/537.36 (KHTML, like Gecko) Version/4.0 Chrome/123.0.6312.42 Mobile Safari/537.36 OPR/79.0.2254.70805"
141.0.12.191 - - [11/Apr/2024:15:36:54 +0000] "GET /student-admission HTTP/1.1" 200 431173 "https://edu.richinei.com/academic-year" "Mozilla/5.0 (Linux; U; Android 14; SM-A245F Build/UP1A.231005.007; wv) AppleWebKit/537.36 (KHTML, like Gecko) Version/4.0 Chrome/123.0.6312.42 Mobile Safari/537.36 OPR/79.0.2254.70805"
203.161.54.34 - - [11/Apr/2024:15:36:56 +0000] "GET /public/uploads/settings/d104eb144208b278c21f87e66cfe38f4.png HTTP/1.0" 200 127748 "-" "-"
141.0.12.191 - - [11/Apr/2024:15:36:55 +0000] "GET /student-admission HTTP/1.1" 200 431173 "https://edu.richinei.com/academic-year" "Mozilla/5.0 (Linux; U; Android 14; SM-A245F Build/UP1A.231005.007; wv) AppleWebKit/537.36 (KHTML, like Gecko) Version/4.0 Chrome/123.0.6312.42 Mobile Safari/537.36 OPR/79.0.2254.70805"
203.161.54.34 - - [11/Apr/2024:15:36:58 +0000] "GET /public/uploads/settings/d104eb144208b278c21f87e66cfe38f4.png HTTP/1.0" 200 127748 "-" "-"
141.0.12.191 - - [11/Apr/2024:15:36:57 +0000] "GET /student-admission HTTP/1.1" 200 431173 "https://edu.richinei.com/academic-year" "Mozilla/5.0 (Linux; U; Android 14; SM-A245F Build/UP1A.231005.007; wv) AppleWebKit/537.36 (KHTML, like Gecko) Version/4.0 Chrome/123.0.6312.42 Mobile Safari/537.36 OPR/79.0.2254.70805"
203.161.54.34 - - [11/Apr/2024:15:37:01 +0000] "GET /public/uploads/settings/d104eb144208b278c21f87e66cfe38f4.png HTTP/1.0" 200 127748 "-" "-"
141.0.12.191 - - [11/Apr/2024:15:37:01 +0000] "GET /academic-year HTTP/1.1" 200 426976 "https://edu.richinei.com/fees/bank-payment" "Mozilla/5.0 (Linux; U; Android 14; SM-A245F Build/UP1A.231005.007; wv) AppleWebKit/537.36 (KHTML, like Gecko) Version/4.0 Chrome/123.0.6312.42 Mobile Safari/537.36 OPR/79.0.2254.70805"
203.161.54.34 - - [11/Apr/2024:15:37:03 +0000] "GET /public/uploads/settings/d104eb144208b278c21f87e66cfe38f4.png HTTP/1.0" 200 127748 "-" "-"
141.0.12.191 - - [11/Apr/2024:15:37:02 +0000] "GET /academic-year HTTP/1.1" 200 426976 "https://edu.richinei.com/fees/bank-payment" "Mozilla/5.0 (Linux; U; Android 14; SM-A245F Build/UP1A.231005.007; wv) AppleWebKit/537.36 (KHTML, like Gecko) Version/4.0 Chrome/123.0.6312.42 Mobile Safari/537.36 OPR/79.0.2254.70805"
141.0.12.191 - - [11/Apr/2024:15:37:11 +0000] "GET /public/chat/audio/notification.mp3 HTTP/1.1" 206 151908 "https://edu.richinei.com/academic-year" "Mozilla/5.0 (Linux; U; Android 14; SM-A245F Build/UP1A.231005.007; wv) AppleWebKit/537.36 (KHTML, like Gecko) Version/4.0 Chrome/123.0.6312.42 Mobile Safari/537.36 OPR/79.0.2254.70805"
141.0.12.191 - - [11/Apr/2024:15:37:14 +0000] "POST /broadcasting/auth HTTP/1.1" 200 96 "https://edu.richinei.com/academic-year" "Mozilla/5.0 (Linux; U; Android 14; SM-A245F Build/UP1A.231005.007; wv) AppleWebKit/537.36 (KHTML, like Gecko) Version/4.0 Chrome/123.0.6312.42 Mobile Safari/537.36 OPR/79.0.2254.70805"
203.161.54.34 - - [11/Apr/2024:15:37:20 +0000] "GET /public/uploads/settings/d104eb144208b278c21f87e66cfe38f4.png HTTP/1.0" 200 127748 "-" "-"
141.0.12.191 - - [11/Apr/2024:15:37:19 +0000] "GET /fees/bank-payment HTTP/1.1" 200 427251 "https://edu.richinei.com/header-menu-manager" "Mozilla/5.0 (Linux; U; Android 14; SM-A245F Build/UP1A.231005.007; wv) AppleWebKit/537.36 (KHTML, like Gecko) Version/4.0 Chrome/123.0.6312.42 Mobile Safari/537.36 OPR/79.0.2254.70805"
203.161.54.34 - - [11/Apr/2024:15:37:28 +0000] "GET /public/uploads/settings/d104eb144208b278c21f87e66cfe38f4.png HTTP/1.0" 200 127748 "-" "-"
141.0.12.191 - - [11/Apr/2024:15:37:28 +0000] "GET /public/backEnd/js/vfs_fonts.js HTTP/1.1" 200 1999722 "https://edu.richinei.com/fees/bank-payment" "Mozilla/5.0 (Linux; U; Android 14; SM-A245F Build/UP1A.231005.007; wv) AppleWebKit/537.36 (KHTML, like Gecko) Version/4.0 Chrome/123.0.6312.42 Mobile Safari/537.36 OPR/79.0.2254.70805"
141.0.12.191 - - [11/Apr/2024:15:37:28 +0000] "GET /header-menu-manager HTTP/1.1" 200 432176 "https://edu.richinei.com/notice-list" "Mozilla/5.0 (Linux; U; Android 14; SM-A245F Build/UP1A.231005.007; wv) AppleWebKit/537.36 (KHTML, like Gecko) Version/4.0 Chrome/123.0.6312.42 Mobile Safari/537.36 OPR/79.0.2254.70805"
141.0.12.191 - - [11/Apr/2024:15:37:30 +0000] "GET /public/backEnd/css/jquery.nestable.min.css HTTP/1.1" 404 11098 "https://edu.richinei.com/header-menu-manager" "Mozilla/5.0 (Linux; U; Android 14; SM-A245F Build/UP1A.231005.007; wv) AppleWebKit/537.36 (KHTML, like Gecko) Version/4.0 Chrome/123.0.6312.42 Mobile Safari/537.36 OPR/79.0.2254.70805"
203.161.54.34 - - [11/Apr/2024:15:37:32 +0000] "GET /public/uploads/settings/d104eb144208b278c21f87e66cfe38f4.png HTTP/1.0" 200 127748 "-" "-"
141.0.12.191 - - [11/Apr/2024:15:37:31 +0000] "GET /notice-list HTTP/1.1" 200 426070 "https://edu.richinei.com/notice-list" "Mozilla/5.0 (Linux; U; Android 14; SM-A245F Build/UP1A.231005.007; wv) AppleWebKit/537.36 (KHTML, like Gecko) Version/4.0 Chrome/123.0.6312.42 Mobile Safari/537.36 OPR/79.0.2254.70805"
141.0.12.191 - - [11/Apr/2024:15:37:35 +0000] "GET /public/backEnd/js/vfs_fonts.js HTTP/1.1" 200 3516298 "https://edu.richinei.com/notice-list" "Mozilla/5.0 (Linux; U; Android 14; SM-A245F Build/UP1A.231005.007; wv) AppleWebKit/537.36 (KHTML, like Gecko) Version/4.0 Chrome/123.0.6312.42 Mobile Safari/537.36 OPR/79.0.2254.70805"
203.161.54.34 - - [11/Apr/2024:15:40:20 +0000] "GET /public/uploads/settings/d104eb144208b278c21f87e66cfe38f4.png HTTP/1.0" 200 127748 "-" "-"
141.0.12.191 - - [11/Apr/2024:15:40:19 +0000] "GET /notice-list HTTP/1.1" 200 426070 "https://edu.richinei.com/add-notice" "Mozilla/5.0 (Linux; U; Android 14; SM-A245F Build/UP1A.231005.007; wv) AppleWebKit/537.36 (KHTML, like Gecko) Version/4.0 Chrome/123.0.6312.42 Mobile Safari/537.36 OPR/79.0.2254.70805"
203.161.54.34 - - [11/Apr/2024:15:40:23 +0000] "GET /public/uploads/settings/d104eb144208b278c21f87e66cfe38f4.png HTTP/1.0" 200 127748 "-" "-"
141.0.12.191 - - [11/Apr/2024:15:40:22 +0000] "GET /add-notice HTTP/1.1" 200 426514 "https://edu.richinei.com/admin-dashboard" "Mozilla/5.0 (Linux; U; Android 14; SM-A245F Build/UP1A.231005.007; wv) AppleWebKit/537.36 (KHTML, like Gecko) Version/4.0 Chrome/123.0.6312.42 Mobile Safari/537.36 OPR/79.0.2254.70805"
203.161.54.34 - - [11/Apr/2024:15:40:24 +0000] "GET /public/uploads/settings/d104eb144208b278c21f87e66cfe38f4.png HTTP/1.0" 200 127748 "-" "-"
141.0.12.191 - - [11/Apr/2024:15:40:24 +0000] "GET /add-notice HTTP/1.1" 200 426514 "https://edu.richinei.com/admin-dashboard" "Mozilla/5.0 (Linux; U; Android 14; SM-A245F Build/UP1A.231005.007; wv) AppleWebKit/537.36 (KHTML, like Gecko) Version/4.0 Chrome/123.0.6312.42 Mobile Safari/537.36 OPR/79.0.2254.70805"
203.161.54.34 - - [11/Apr/2024:15:40:27 +0000] "GET /public/uploads/settings/d104eb144208b278c21f87e66cfe38f4.png HTTP/1.0" 200 127748 "-" "-"
141.0.12.191 - - [11/Apr/2024:15:40:26 +0000] "GET /admin-dashboard HTTP/1.1" 200 428431 "https://edu.richinei.com/login" "Mozilla/5.0 (Linux; U; Android 14; SM-A245F Build/UP1A.231005.007; wv) AppleWebKit/537.36 (KHTML, like Gecko) Version/4.0 Chrome/123.0.6312.42 Mobile Safari/537.36 OPR/79.0.2254.70805"
203.161.54.34 - - [11/Apr/2024:15:40:28 +0000] "GET /public/uploads/settings/d104eb144208b278c21f87e66cfe38f4.png HTTP/1.0" 200 127748 "-" "-"
141.0.12.191 - - [11/Apr/2024:15:40:27 +0000] "GET /admin-dashboard HTTP/1.1" 200 428431 "https://edu.richinei.com/login" "Mozilla/5.0 (Linux; U; Android 14; SM-A245F Build/UP1A.231005.007; wv) AppleWebKit/537.36 (KHTML, like Gecko) Version/4.0 Chrome/123.0.6312.42 Mobile Safari/537.36 OPR/79.0.2254.70805"
203.161.54.34 - - [11/Apr/2024:15:40:29 +0000] "GET /public/uploads/settings/d104eb144208b278c21f87e66cfe38f4.png HTTP/1.0" 200 127748 "-" "-"
141.0.12.191 - - [11/Apr/2024:15:40:28 +0000] "GET /admin-dashboard HTTP/1.1" 200 428431 "https://edu.richinei.com/login" "Mozilla/5.0 (Linux; U; Android 14; SM-A245F Build/UP1A.231005.007; wv) AppleWebKit/537.36 (KHTML, like Gecko) Version/4.0 Chrome/123.0.6312.42 Mobile Safari/537.36 OPR/79.0.2254.70805"
203.161.54.34 - - [11/Apr/2024:15:40:30 +0000] "GET /public/uploads/settings/d104eb144208b278c21f87e66cfe38f4.png HTTP/1.0" 200 127748 "-" "-"
141.0.12.191 - - [11/Apr/2024:15:40:29 +0000] "GET /admin-dashboard HTTP/1.1" 200 428431 "https://edu.richinei.com/login" "Mozilla/5.0 (Linux; U; Android 14; SM-A245F Build/UP1A.231005.007; wv) AppleWebKit/537.36 (KHTML, like Gecko) Version/4.0 Chrome/123.0.6312.42 Mobile Safari/537.36 OPR/79.0.2254.70805"
203.161.54.34 - - [11/Apr/2024:15:40:31 +0000] "GET /public/uploads/settings/d104eb144208b278c21f87e66cfe38f4.png HTTP/1.0" 200 127748 "-" "-"
141.0.12.191 - - [11/Apr/2024:15:40:31 +0000] "GET /admin-dashboard HTTP/1.1" 200 428431 "https://edu.richinei.com/login" "Mozilla/5.0 (Linux; U; Android 14; SM-A245F Build/UP1A.231005.007; wv) AppleWebKit/537.36 (KHTML, like Gecko) Version/4.0 Chrome/123.0.6312.42 Mobile Safari/537.36 OPR/79.0.2254.70805"
203.161.54.34 - - [11/Apr/2024:15:40:32 +0000] "GET /public/uploads/settings/d104eb144208b278c21f87e66cfe38f4.png HTTP/1.0" 200 127748 "-" "-"
141.0.12.191 - - [11/Apr/2024:15:40:32 +0000] "GET /admin-dashboard HTTP/1.1" 200 428431 "https://edu.richinei.com/login" "Mozilla/5.0 (Linux; U; Android 14; SM-A245F Build/UP1A.231005.007; wv) AppleWebKit/537.36 (KHTML, like Gecko) Version/4.0 Chrome/123.0.6312.42 Mobile Safari/537.36 OPR/79.0.2254.70805"
203.161.54.34 - - [11/Apr/2024:15:40:33 +0000] "GET /public/uploads/settings/d104eb144208b278c21f87e66cfe38f4.png HTTP/1.0" 200 127748 "-" "-"
141.0.12.191 - - [11/Apr/2024:15:40:33 +0000] "GET /admin-dashboard HTTP/1.1" 200 428431 "https://edu.richinei.com/login" "Mozilla/5.0 (Linux; U; Android 14; SM-A245F Build/UP1A.231005.007; wv) AppleWebKit/537.36 (KHTML, like Gecko) Version/4.0 Chrome/123.0.6312.42 Mobile Safari/537.36 OPR/79.0.2254.70805"
203.161.54.34 - - [11/Apr/2024:15:40:35 +0000] "GET /public/uploads/settings/d104eb144208b278c21f87e66cfe38f4.png HTTP/1.0" 200 127748 "-" "-"
141.0.12.191 - - [11/Apr/2024:15:40:34 +0000] "GET /admin-dashboard HTTP/1.1" 200 428431 "https://edu.richinei.com/login" "Mozilla/5.0 (Linux; U; Android 14; SM-A245F Build/UP1A.231005.007; wv) AppleWebKit/537.36 (KHTML, like Gecko) Version/4.0 Chrome/123.0.6312.42 Mobile Safari/537.36 OPR/79.0.2254.70805"
203.161.54.34 - - [11/Apr/2024:15:40:36 +0000] "GET /public/uploads/settings/d104eb144208b278c21f87e66cfe38f4.png HTTP/1.0" 200 127748 "-" "-"
141.0.12.191 - - [11/Apr/2024:15:40:36 +0000] "GET /admin-dashboard HTTP/1.1" 200 428431 "https://edu.richinei.com/login" "Mozilla/5.0 (Linux; U; Android 14; SM-A245F Build/UP1A.231005.007; wv) AppleWebKit/537.36 (KHTML, like Gecko) Version/4.0 Chrome/123.0.6312.42 Mobile Safari/537.36 OPR/79.0.2254.70805"
141.0.12.166 - - [11/Apr/2024:15:41:05 +0000] "GET /login HTTP/1.1" 302 362 "https://edu.richinei.com/login" "Mozilla/5.0 (Linux; U; Android 14; SM-A245F Build/UP1A.231005.007; wv) AppleWebKit/537.36 (KHTML, like Gecko) Version/4.0 Chrome/123.0.6312.42 Mobile Safari/537.36 OPR/79.0.2254.70805"
141.0.12.166 - - [11/Apr/2024:15:41:05 +0000] "GET /login HTTP/1.1" 302 362 "https://edu.richinei.com/login" "Mozilla/5.0 (Linux; U; Android 14; SM-A245F Build/UP1A.231005.007; wv) AppleWebKit/537.36 (KHTML, like Gecko) Version/4.0 Chrome/123.0.6312.42 Mobile Safari/537.36 OPR/79.0.2254.70805"
203.161.54.34 - - [11/Apr/2024:15:41:06 +0000] "GET /public/uploads/settings/d104eb144208b278c21f87e66cfe38f4.png HTTP/1.0" 200 127748 "-" "-"
141.0.12.166 - - [11/Apr/2024:15:41:05 +0000] "GET /admin-dashboard HTTP/1.1" 200 428431 "https://edu.richinei.com/login" "Mozilla/5.0 (Linux; U; Android 14; SM-A245F Build/UP1A.231005.007; wv) AppleWebKit/537.36 (KHTML, like Gecko) Version/4.0 Chrome/123.0.6312.42 Mobile Safari/537.36 OPR/79.0.2254.70805"
141.0.12.166 - - [11/Apr/2024:15:41:07 +0000] "GET /home HTTP/1.1" 200 3686 "https://edu.richinei.com/login" "Mozilla/5.0 (Linux; U; Android 14; SM-A245F Build/UP1A.231005.007; wv) AppleWebKit/537.36 (KHTML, like Gecko) Version/4.0 Chrome/123.0.6312.42 Mobile Safari/537.36 OPR/79.0.2254.70805"
141.0.12.166 - - [11/Apr/2024:15:41:07 +0000] "GET /home HTTP/1.1" 200 3686 "https://edu.richinei.com/login" "Mozilla/5.0 (Linux; U; Android 14; SM-A245F Build/UP1A.231005.007; wv) AppleWebKit/537.36 (KHTML, like Gecko) Version/4.0 Chrome/123.0.6312.42 Mobile Safari/537.36 OPR/79.0.2254.70805"
141.0.12.166 - - [11/Apr/2024:15:41:08 +0000] "GET /public/backEnd/vendors/css/jquery-ui.css HTTP/1.1" 200 8395 "https://edu.richinei.com/home" "Mozilla/5.0 (Linux; U; Android 14; SM-A245F Build/UP1A.231005.007; wv) AppleWebKit/537.36 (KHTML, like Gecko) Version/4.0 Chrome/123.0.6312.42 Mobile Safari/537.36 OPR/79.0.2254.70805"
141.0.12.166 - - [11/Apr/2024:15:41:08 +0000] "GET /public/backEnd/vendors/css/magnific-popup.css HTTP/1.1" 200 1816 "https://edu.richinei.com/home" "Mozilla/5.0 (Linux; U; Android 14; SM-A245F Build/UP1A.231005.007; wv) AppleWebKit/537.36 (KHTML, like Gecko) Version/4.0 Chrome/123.0.6312.42 Mobile Safari/537.36 OPR/79.0.2254.70805"
141.0.12.166 - - [11/Apr/2024:15:41:08 +0000] "GET /public/backEnd/vendors/css/nice-select.css HTTP/1.1" 200 1503 "https://edu.richinei.com/home" "Mozilla/5.0 (Linux; U; Android 14; SM-A245F Build/UP1A.231005.007; wv) AppleWebKit/537.36 (KHTML, like Gecko) Version/4.0 Chrome/123.0.6312.42 Mobile Safari/537.36 OPR/79.0.2254.70805"
141.0.12.166 - - [11/Apr/2024:15:41:08 +0000] "GET /public/backEnd/vendors/css/bootstrap-datetimepicker.min.css HTTP/1.1" 200 1383 "https://edu.richinei.com/home" "Mozilla/5.0 (Linux; U; Android 14; SM-A245F Build/UP1A.231005.007; wv) AppleWebKit/537.36 (KHTML, like Gecko) Version/4.0 Chrome/123.0.6312.42 Mobile Safari/537.36 OPR/79.0.2254.70805"
141.0.12.166 - - [11/Apr/2024:15:41:08 +0000] "GET /public/backEnd/vendors/css/font-awesome.min.css HTTP/1.1" 200 6247 "https://edu.richinei.com/home" "Mozilla/5.0 (Linux; U; Android 14; SM-A245F Build/UP1A.231005.007; wv) AppleWebKit/537.36 (KHTML, like Gecko) Version/4.0 Chrome/123.0.6312.42 Mobile Safari/537.36 OPR/79.0.2254.70805"
141.0.12.166 - - [11/Apr/2024:15:41:08 +0000] "GET /public/backEnd/vendors/css/owl.carousel.min.css HTTP/1.1" 200 912 "https://edu.richinei.com/home" "Mozilla/5.0 (Linux; U; Android 14; SM-A245F Build/UP1A.231005.007; wv) AppleWebKit/537.36 (KHTML, like Gecko) Version/4.0 Chrome/123.0.6312.42 Mobile Safari/537.36 OPR/79.0.2254.70805"
141.0.12.166 - - [11/Apr/2024:15:41:08 +0000] "GET /public/backEnd/vendors/css/bootstrap-datepicker.min.css HTTP/1.1" 200 2459 "https://edu.richinei.com/home" "Mozilla/5.0 (Linux; U; Android 14; SM-A245F Build/UP1A.231005.007; wv) AppleWebKit/537.36 (KHTML, like Gecko) Version/4.0 Chrome/123.0.6312.42 Mobile Safari/537.36 OPR/79.0.2254.70805"
141.0.12.166 - - [11/Apr/2024:15:41:08 +0000] "GET /public/backEnd/vendors/css/bootstrap.css HTTP/1.1" 200 23339 "https://edu.richinei.com/home" "Mozilla/5.0 (Linux; U; Android 14; SM-A245F Build/UP1A.231005.007; wv) AppleWebKit/537.36 (KHTML, like Gecko) Version/4.0 Chrome/123.0.6312.42 Mobile Safari/537.36 OPR/79.0.2254.70805"
141.0.12.166 - - [11/Apr/2024:15:41:08 +0000] "GET /public/backEnd/vendors/css/fullcalendar.print.css HTTP/1.1" 200 1802 "https://edu.richinei.com/home" "Mozilla/5.0 (Linux; U; Android 14; SM-A245F Build/UP1A.231005.007; wv) AppleWebKit/537.36 (KHTML, like Gecko) Version/4.0 Chrome/123.0.6312.42 Mobile Safari/537.36 OPR/79.0.2254.70805"
141.0.12.166 - - [11/Apr/2024:15:41:08 +0000] "GET /public/uploads/events/event1.jpg HTTP/1.1" 200 75471 "https://edu.richinei.com/home" "Mozilla/5.0 (Linux; U; Android 14; SM-A245F Build/UP1A.231005.007; wv) AppleWebKit/537.36 (KHTML, like Gecko) Version/4.0 Chrome/123.0.6312.42 Mobile Safari/537.36 OPR/79.0.2254.70805"
141.0.12.166 - - [11/Apr/2024:15:41:08 +0000] "GET /public/uploads/events/event4.jpg HTTP/1.1" 200 59386 "https://edu.richinei.com/home" "Mozilla/5.0 (Linux; U; Android 14; SM-A245F Build/UP1A.231005.007; wv) AppleWebKit/537.36 (KHTML, like Gecko) Version/4.0 Chrome/123.0.6312.42 Mobile Safari/537.36 OPR/79.0.2254.70805"
141.0.12.166 - - [11/Apr/2024:15:41:08 +0000] "GET /public/backEnd/vendors/css/fullcalendar.min.css HTTP/1.1" 200 3694 "https://edu.richinei.com/home" "Mozilla/5.0 (Linux; U; Android 14; SM-A245F Build/UP1A.231005.007; wv) AppleWebKit/537.36 (KHTML, like Gecko) Version/4.0 Chrome/123.0.6312.42 Mobile Safari/537.36 OPR/79.0.2254.70805"
141.0.12.166 - - [11/Apr/2024:15:41:08 +0000] "GET /public/frontend/css/new_style.css HTTP/1.1" 200 92 "https://edu.richinei.com/home" "Mozilla/5.0 (Linux; U; Android 14; SM-A245F Build/UP1A.231005.007; wv) AppleWebKit/537.36 (KHTML, like Gecko) Version/4.0 Chrome/123.0.6312.42 Mobile Safari/537.36 OPR/79.0.2254.70805"
141.0.12.166 - - [11/Apr/2024:15:41:08 +0000] "GET /public/frontend/css/infix.css HTTP/1.1" 200 747 "https://edu.richinei.com/home" "Mozilla/5.0 (Linux; U; Android 14; SM-A245F Build/UP1A.231005.007; wv) AppleWebKit/537.36 (KHTML, like Gecko) Version/4.0 Chrome/123.0.6312.42 Mobile Safari/537.36 OPR/79.0.2254.70805"
141.0.12.166 - - [11/Apr/2024:15:41:08 +0000] "GET /public/backEnd/vendors/css/fastselect.min.css HTTP/1.1" 200 1134 "https://edu.richinei.com/home" "Mozilla/5.0 (Linux; U; Android 14; SM-A245F Build/UP1A.231005.007; wv) AppleWebKit/537.36 (KHTML, like Gecko) Version/4.0 Chrome/123.0.6312.42 Mobile Safari/537.36 OPR/79.0.2254.70805"
141.0.12.166 - - [11/Apr/2024:15:41:08 +0000] "GET /public/uploads/events/event3.jpg HTTP/1.1" 200 72031 "https://edu.richinei.com/home" "Mozilla/5.0 (Linux; U; Android 14; SM-A245F Build/UP1A.231005.007; wv) AppleWebKit/537.36 (KHTML, like Gecko) Version/4.0 Chrome/123.0.6312.42 Mobile Safari/537.36 OPR/79.0.2254.70805"
141.0.12.166 - - [11/Apr/2024:15:41:08 +0000] "GET /public/uploads/events/event2.jpg HTTP/1.1" 200 81411 "https://edu.richinei.com/home" "Mozilla/5.0 (Linux; U; Android 14; SM-A245F Build/UP1A.231005.007; wv) AppleWebKit/537.36 (KHTML, like Gecko) Version/4.0 Chrome/123.0.6312.42 Mobile Safari/537.36 OPR/79.0.2254.70805"
141.0.12.166 - - [11/Apr/2024:15:41:08 +0000] "GET /public/backEnd/css/style.css HTTP/1.1" 200 21756 "https://edu.richinei.com/home" "Mozilla/5.0 (Linux; U; Android 14; SM-A245F Build/UP1A.231005.007; wv) AppleWebKit/537.36 (KHTML, like Gecko) Version/4.0 Chrome/123.0.6312.42 Mobile Safari/537.36 OPR/79.0.2254.70805"
141.0.12.166 - - [11/Apr/2024:15:41:08 +0000] "GET /public/uploads/events/event4.jpg HTTP/1.1" 200 59386 "https://edu.richinei.com/home" "Mozilla/5.0 (Linux; U; Android 14; SM-A245F Build/UP1A.231005.007; wv) AppleWebKit/537.36 (KHTML, like Gecko) Version/4.0 Chrome/123.0.6312.42 Mobile Safari/537.36 OPR/79.0.2254.70805"
141.0.12.166 - - [11/Apr/2024:15:41:08 +0000] "GET /public/backEnd/vendors/css/jquery-ui.css HTTP/1.1" 200 8395 "https://edu.richinei.com/home" "Mozilla/5.0 (Linux; U; Android 14; SM-A245F Build/UP1A.231005.007; wv) AppleWebKit/537.36 (KHTML, like Gecko) Version/4.0 Chrome/123.0.6312.42 Mobile Safari/537.36 OPR/79.0.2254.70805"
141.0.12.166 - - [11/Apr/2024:15:41:08 +0000] "GET /public/uploads/events/event3.jpg HTTP/1.1" 200 72031 "https://edu.richinei.com/home" "Mozilla/5.0 (Linux; U; Android 14; SM-A245F Build/UP1A.231005.007; wv) AppleWebKit/537.36 (KHTML, like Gecko) Version/4.0 Chrome/123.0.6312.42 Mobile Safari/537.36 OPR/79.0.2254.70805"
141.0.12.166 - - [11/Apr/2024:15:41:08 +0000] "GET /public/uploads/events/event2.jpg HTTP/1.1" 200 81411 "https://edu.richinei.com/home" "Mozilla/5.0 (Linux; U; Android 14; SM-A245F Build/UP1A.231005.007; wv) AppleWebKit/537.36 (KHTML, like Gecko) Version/4.0 Chrome/123.0.6312.42 Mobile Safari/537.36 OPR/79.0.2254.70805"
141.0.12.166 - - [11/Apr/2024:15:41:08 +0000] "GET /public/uploads/settings/d104eb144208b278c21f87e66cfe38f4.png HTTP/1.1" 200 127748 "https://edu.richinei.com/home" "Mozilla/5.0 (Linux; U; Android 14; SM-A245F Build/UP1A.231005.007; wv) AppleWebKit/537.36 (KHTML, like Gecko) Version/4.0 Chrome/123.0.6312.42 Mobile Safari/537.36 OPR/79.0.2254.70805"
141.0.12.166 - - [11/Apr/2024:15:41:09 +0000] "GET /public/backEnd/vendors/css/themify-icons.css HTTP/1.1" 200 2984 "https://edu.richinei.com/home" "Mozilla/5.0 (Linux; U; Android 14; SM-A245F Build/UP1A.231005.007; wv) AppleWebKit/537.36 (KHTML, like Gecko) Version/4.0 Chrome/123.0.6312.42 Mobile Safari/537.36 OPR/79.0.2254.70805"
141.0.12.166 - - [11/Apr/2024:15:41:09 +0000] "GET /public/backEnd/vendors/css/images/ui-icons_555555_256x240.png HTTP/1.1" 200 3274 "https://edu.richinei.com/public/backEnd/vendors/css/jquery-ui.css" "Mozilla/5.0 (Linux; U; Android 14; SM-A245F Build/UP1A.231005.007; wv) AppleWebKit/537.36 (KHTML, like Gecko) Version/4.0 Chrome/123.0.6312.42 Mobile Safari/537.36 OPR/79.0.2254.70805"
141.0.12.166 - - [11/Apr/2024:15:41:09 +0000] "GET /public/backEnd/vendors/css/images/ui-icons_444444_256x240.png HTTP/1.1" 200 3266 "https://edu.richinei.com/public/backEnd/vendors/css/jquery-ui.css" "Mozilla/5.0 (Linux; U; Android 14; SM-A245F Build/UP1A.231005.007; wv) AppleWebKit/537.36 (KHTML, like Gecko) Version/4.0 Chrome/123.0.6312.42 Mobile Safari/537.36 OPR/79.0.2254.70805"
141.0.12.166 - - [11/Apr/2024:15:41:09 +0000] "GET /public/backEnd/fonts/fontawesome-webfont.ttf?v=4.5.0 HTTP/1.1" 200 90620 "https://edu.richinei.com/public/backEnd/vendors/css/font-awesome.min.css" "Mozilla/5.0 (Linux; U; Android 14; SM-A245F Build/UP1A.231005.007; wv) AppleWebKit/537.36 (KHTML, like Gecko) Version/4.0 Chrome/123.0.6312.42 Mobile Safari/537.36 OPR/79.0.2254.70805"
141.0.12.166 - - [11/Apr/2024:15:41:09 +0000] "GET /public/backEnd/fonts/fontawesome-webfont.woff?v=4.5.0 HTTP/1.1" 200 90412 "https://edu.richinei.com/public/backEnd/vendors/css/font-awesome.min.css" "Mozilla/5.0 (Linux; U; Android 14; SM-A245F Build/UP1A.231005.007; wv) AppleWebKit/537.36 (KHTML, like Gecko) Version/4.0 Chrome/123.0.6312.42 Mobile Safari/537.36 OPR/79.0.2254.70805"
141.0.12.166 - - [11/Apr/2024:15:41:09 +0000] "GET /public/backEnd/fonts/fontawesome-webfont.eot?v=4.5.0 HTTP/1.1" 200 76490 "https://edu.richinei.com/public/backEnd/vendors/css/font-awesome.min.css" "Mozilla/5.0 (Linux; U; Android 14; SM-A245F Build/UP1A.231005.007; wv) AppleWebKit/537.36 (KHTML, like Gecko) Version/4.0 Chrome/123.0.6312.42 Mobile Safari/537.36 OPR/79.0.2254.70805"
141.0.12.166 - - [11/Apr/2024:15:41:09 +0000] "GET /public/backEnd/fonts/fontawesome-webfont.eot? HTTP/1.1" 200 76490 "https://edu.richinei.com/public/backEnd/vendors/css/font-awesome.min.css" "Mozilla/5.0 (Linux; U; Android 14; SM-A245F Build/UP1A.231005.007; wv) AppleWebKit/537.36 (KHTML, like Gecko) Version/4.0 Chrome/123.0.6312.42 Mobile Safari/537.36 OPR/79.0.2254.70805"
141.0.12.166 - - [11/Apr/2024:15:41:09 +0000] "GET /public/backEnd/fonts/fontawesome-webfont.woff2?v=4.5.0 HTTP/1.1" 200 71896 "https://edu.richinei.com/public/backEnd/vendors/css/font-awesome.min.css" "Mozilla/5.0 (Linux; U; Android 14; SM-A245F Build/UP1A.231005.007; wv) AppleWebKit/537.36 (KHTML, like Gecko) Version/4.0 Chrome/123.0.6312.42 Mobile Safari/537.36 OPR/79.0.2254.70805"
141.0.12.166 - - [11/Apr/2024:15:41:09 +0000] "GET /public/backEnd/img/modal-header-bg.png HTTP/1.1" 200 13389 "https://edu.richinei.com/public/backEnd/css/style.css" "Mozilla/5.0 (Linux; U; Android 14; SM-A245F Build/UP1A.231005.007; wv) AppleWebKit/537.36 (KHTML, like Gecko) Version/4.0 Chrome/123.0.6312.42 Mobile Safari/537.36 OPR/79.0.2254.70805"
141.0.12.166 - - [11/Apr/2024:15:41:09 +0000] "GET /public/backEnd/img/summery-bg3.png HTTP/1.1" 200 1503 "https://edu.richinei.com/public/backEnd/css/style.css" "Mozilla/5.0 (Linux; U; Android 14; SM-A245F Build/UP1A.231005.007; wv) AppleWebKit/537.36 (KHTML, like Gecko) Version/4.0 Chrome/123.0.6312.42 Mobile Safari/537.36 OPR/79.0.2254.70805"
141.0.12.166 - - [11/Apr/2024:15:41:09 +0000] "GET /public/backEnd/img/summery-bg2.png HTTP/1.1" 200 1574 "https://edu.richinei.com/public/backEnd/css/style.css" "Mozilla/5.0 (Linux; U; Android 14; SM-A245F Build/UP1A.231005.007; wv) AppleWebKit/537.36 (KHTML, like Gecko) Version/4.0 Chrome/123.0.6312.42 Mobile Safari/537.36 OPR/79.0.2254.70805"
141.0.12.166 - - [11/Apr/2024:15:41:09 +0000] "GET /public/backEnd/img/student/student-details-bg.png HTTP/1.1" 200 16238 "https://edu.richinei.com/public/backEnd/css/style.css" "Mozilla/5.0 (Linux; U; Android 14; SM-A245F Build/UP1A.231005.007; wv) AppleWebKit/537.36 (KHTML, like Gecko) Version/4.0 Chrome/123.0.6312.42 Mobile Safari/537.36 OPR/79.0.2254.70805"
141.0.12.166 - - [11/Apr/2024:15:41:09 +0000] "GET /public/backEnd/vendors/css/images/ui-icons_444444_256x240.png HTTP/1.1" 200 3266 "https://edu.richinei.com/public/backEnd/vendors/css/jquery-ui.css" "Mozilla/5.0 (Linux; U; Android 14; SM-A245F Build/UP1A.231005.007; wv) AppleWebKit/537.36 (KHTML, like Gecko) Version/4.0 Chrome/123.0.6312.42 Mobile Safari/537.36 OPR/79.0.2254.70805"
141.0.12.166 - - [11/Apr/2024:15:41:09 +0000] "GET /public/backEnd/vendors/css/images/ui-icons_555555_256x240.png HTTP/1.1" 200 3274 "https://edu.richinei.com/public/backEnd/vendors/css/jquery-ui.css" "Mozilla/5.0 (Linux; U; Android 14; SM-A245F Build/UP1A.231005.007; wv) AppleWebKit/537.36 (KHTML, like Gecko) Version/4.0 Chrome/123.0.6312.42 Mobile Safari/537.36 OPR/79.0.2254.70805"
141.0.12.166 - - [11/Apr/2024:15:41:09 +0000] "GET /public/backEnd/fonts/themify.eot?-fvbane HTTP/1.1" 200 41082 "https://edu.richinei.com/public/backEnd/vendors/css/themify-icons.css" "Mozilla/5.0 (Linux; U; Android 14; SM-A245F Build/UP1A.231005.007; wv) AppleWebKit/537.36 (KHTML, like Gecko) Version/4.0 Chrome/123.0.6312.42 Mobile Safari/537.36 OPR/79.0.2254.70805"
141.0.12.166 - - [11/Apr/2024:15:41:09 +0000] "GET /public/backEnd/fonts/themify.woff?-fvbane HTTP/1.1" 200 56108 "https://edu.richinei.com/public/backEnd/vendors/css/themify-icons.css" "Mozilla/5.0 (Linux; U; Android 14; SM-A245F Build/UP1A.231005.007; wv) AppleWebKit/537.36 (KHTML, like Gecko) Version/4.0 Chrome/123.0.6312.42 Mobile Safari/537.36 OPR/79.0.2254.70805"
141.0.12.166 - - [11/Apr/2024:15:41:09 +0000] "GET /public/backEnd/fonts/themify.eot? HTTP/1.1" 200 41082 "https://edu.richinei.com/public/backEnd/vendors/css/themify-icons.css" "Mozilla/5.0 (Linux; U; Android 14; SM-A245F Build/UP1A.231005.007; wv) AppleWebKit/537.36 (KHTML, like Gecko) Version/4.0 Chrome/123.0.6312.42 Mobile Safari/537.36 OPR/79.0.2254.70805"
141.0.12.166 - - [11/Apr/2024:15:41:09 +0000] "GET /public/backEnd/fonts/themify.ttf?-fvbane HTTP/1.1" 200 41006 "https://edu.richinei.com/public/backEnd/vendors/css/themify-icons.css" "Mozilla/5.0 (Linux; U; Android 14; SM-A245F Build/UP1A.231005.007; wv) AppleWebKit/537.36 (KHTML, like Gecko) Version/4.0 Chrome/123.0.6312.42 Mobile Safari/537.36 OPR/79.0.2254.70805"
