141.0.12.166 - - [11/Apr/2024:15:43:42 +0000] "GET /public/backEnd/vendors/css/images/ui-icons_555555_256x240.png HTTP/1.1" 200 3274 "https://edu.richinei.com/public/backEnd/vendors/css/jquery-ui.css" "Mozilla/5.0 (Linux; U; Android 14; SM-A245F Build/UP1A.231005.007; wv) AppleWebKit/537.36 (KHTML, like Gecko) Version/4.0 Chrome/123.0.6312.42 Mobile Safari/537.36 OPR/79.0.2254.70805"
141.0.12.166 - - [11/Apr/2024:15:43:42 +0000] "GET /public/backEnd/fonts/fontawesome-webfont.eot?v=4.5.0 HTTP/1.1" 200 76490 "https://edu.richinei.com/public/backEnd/vendors/css/font-awesome.min.css" "Mozilla/5.0 (Linux; U; Android 14; SM-A245F Build/UP1A.231005.007; wv) AppleWebKit/537.36 (KHTML, like Gecko) Version/4.0 Chrome/123.0.6312.42 Mobile Safari/537.36 OPR/79.0.2254.70805"
141.0.12.166 - - [11/Apr/2024:15:43:42 +0000] "GET /public/backEnd/fonts/fontawesome-webfont.woff?v=4.5.0 HTTP/1.1" 200 90412 "https://edu.richinei.com/public/backEnd/vendors/css/font-awesome.min.css" "Mozilla/5.0 (Linux; U; Android 14; SM-A245F Build/UP1A.231005.007; wv) AppleWebKit/537.36 (KHTML, like Gecko) Version/4.0 Chrome/123.0.6312.42 Mobile Safari/537.36 OPR/79.0.2254.70805"
141.0.12.166 - - [11/Apr/2024:15:43:42 +0000] "GET /public/backEnd/fonts/fontawesome-webfont.ttf?v=4.5.0 HTTP/1.1" 200 90620 "https://edu.richinei.com/public/backEnd/vendors/css/font-awesome.min.css" "Mozilla/5.0 (Linux; U; Android 14; SM-A245F Build/UP1A.231005.007; wv) AppleWebKit/537.36 (KHTML, like Gecko) Version/4.0 Chrome/123.0.6312.42 Mobile Safari/537.36 OPR/79.0.2254.70805"
141.0.12.166 - - [11/Apr/2024:15:43:42 +0000] "GET /public/backEnd/fonts/themify.svg?-fvbane HTTP/1.1" 200 73575 "https://edu.richinei.com/public/backEnd/vendors/css/themify-icons.css" "Mozilla/5.0 (Linux; U; Android 14; SM-A245F Build/UP1A.231005.007; wv) AppleWebKit/537.36 (KHTML, like Gecko) Version/4.0 Chrome/123.0.6312.42 Mobile Safari/537.36 OPR/79.0.2254.70805"
141.0.12.166 - - [11/Apr/2024:15:43:42 +0000] "GET /public/backEnd/vendors/css/fullcalendar.print.css HTTP/1.1" 200 1802 "https://edu.richinei.com/contact" "Mozilla/5.0 (Linux; U; Android 14; SM-A245F Build/UP1A.231005.007; wv) AppleWebKit/537.36 (KHTML, like Gecko) Version/4.0 Chrome/123.0.6312.42 Mobile Safari/537.36 OPR/79.0.2254.70805"
141.0.12.166 - - [11/Apr/2024:15:43:42 +0000] "GET /public/backEnd/vendors/css/owl.carousel.min.css HTTP/1.1" 200 912 "https://edu.richinei.com/contact" "Mozilla/5.0 (Linux; U; Android 14; SM-A245F Build/UP1A.231005.007; wv) AppleWebKit/537.36 (KHTML, like Gecko) Version/4.0 Chrome/123.0.6312.42 Mobile Safari/537.36 OPR/79.0.2254.70805"
141.0.12.166 - - [11/Apr/2024:15:43:42 +0000] "GET /public/backEnd/vendors/css/fullcalendar.min.css HTTP/1.1" 200 3694 "https://edu.richinei.com/contact" "Mozilla/5.0 (Linux; U; Android 14; SM-A245F Build/UP1A.231005.007; wv) AppleWebKit/537.36 (KHTML, like Gecko) Version/4.0 Chrome/123.0.6312.42 Mobile Safari/537.36 OPR/79.0.2254.70805"
141.0.12.166 - - [11/Apr/2024:15:43:42 +0000] "GET /public/backEnd/css/style.css HTTP/1.1" 200 21756 "https://edu.richinei.com/contact" "Mozilla/5.0 (Linux; U; Android 14; SM-A245F Build/UP1A.231005.007; wv) AppleWebKit/537.36 (KHTML, like Gecko) Version/4.0 Chrome/123.0.6312.42 Mobile Safari/537.36 OPR/79.0.2254.70805"
141.0.12.166 - - [11/Apr/2024:15:43:42 +0000] "GET /public/backEnd/fonts/fontawesome-webfont.svg?v=4.5.0 HTTP/1.1" 200 120034 "https://edu.richinei.com/public/backEnd/vendors/css/font-awesome.min.css" "Mozilla/5.0 (Linux; U; Android 14; SM-A245F Build/UP1A.231005.007; wv) AppleWebKit/537.36 (KHTML, like Gecko) Version/4.0 Chrome/123.0.6312.42 Mobile Safari/537.36 OPR/79.0.2254.70805"
141.0.12.166 - - [11/Apr/2024:15:43:41 +0000] "GET /public/backEnd/vendors/css/images/ui-icons_ffffff_256x240.png HTTP/1.1" 404 11119 "https://edu.richinei.com/public/backEnd/vendors/css/jquery-ui.css" "Mozilla/5.0 (Linux; U; Android 14; SM-A245F Build/UP1A.231005.007; wv) AppleWebKit/537.36 (KHTML, like Gecko) Version/4.0 Chrome/123.0.6312.42 Mobile Safari/537.36 OPR/79.0.2254.70805"
141.0.12.166 - - [11/Apr/2024:15:43:42 +0000] "GET /public/backEnd/vendors/css/images/ui-icons_777777_256x240.png HTTP/1.1" 404 11119 "https://edu.richinei.com/public/backEnd/vendors/css/jquery-ui.css" "Mozilla/5.0 (Linux; U; Android 14; SM-A245F Build/UP1A.231005.007; wv) AppleWebKit/537.36 (KHTML, like Gecko) Version/4.0 Chrome/123.0.6312.42 Mobile Safari/537.36 OPR/79.0.2254.70805"
141.0.12.166 - - [11/Apr/2024:15:43:42 +0000] "GET /public/backEnd/vendors/css/images/ui-icons_cc0000_256x240.png HTTP/1.1" 404 11119 "https://edu.richinei.com/public/backEnd/vendors/css/jquery-ui.css" "Mozilla/5.0 (Linux; U; Android 14; SM-A245F Build/UP1A.231005.007; wv) AppleWebKit/537.36 (KHTML, like Gecko) Version/4.0 Chrome/123.0.6312.42 Mobile Safari/537.36 OPR/79.0.2254.70805"
141.0.12.166 - - [11/Apr/2024:15:43:42 +0000] "GET /public/backEnd/vendors/css/images/ui-icons_777620_256x240.png HTTP/1.1" 404 11119 "https://edu.richinei.com/public/backEnd/vendors/css/jquery-ui.css" "Mozilla/5.0 (Linux; U; Android 14; SM-A245F Build/UP1A.231005.007; wv) AppleWebKit/537.36 (KHTML, like Gecko) Version/4.0 Chrome/123.0.6312.42 Mobile Safari/537.36 OPR/79.0.2254.70805"
129.205.113.190 - - [11/Apr/2024:15:43:52 +0000] "GET / HTTP/1.1" 200 3686 "-" "Mozilla/5.0 (Linux; U; Android 14; SM-A245F Build/UP1A.231005.007; wv) AppleWebKit/537.36 (KHTML, like Gecko) Version/4.0 Chrome/123.0.6312.42 Mobile Safari/537.36 OPR/79.0.2254.70805"
141.0.13.103 - - [11/Apr/2024:15:43:53 +0000] "GET /public/backEnd/vendors/js/gmap3.min.js HTTP/1.1" 200 3806 "https://edu.richinei.com/contact" "Mozilla/5.0 (Linux; U; Android 14; SM-A245F Build/UP1A.231005.007; wv) AppleWebKit/537.36 (KHTML, like Gecko) Version/4.0 Chrome/123.0.6312.42 Mobile Safari/537.36 OPR/79.0.2254.70805"
141.0.12.238 - - [11/Apr/2024:15:43:57 +0000] "GET /img/client/common-banner1.jpg HTTP/1.1" 404 11086 "https://edu.richinei.com/contact" "Mozilla/5.0 (Linux; U; Android 14; SM-A245F Build/UP1A.231005.007; wv) AppleWebKit/537.36 (KHTML, like Gecko) Version/4.0 Chrome/123.0.6312.42 Mobile Safari/537.36 OPR/79.0.2254.70805"
141.0.12.238 - - [11/Apr/2024:15:44:28 +0000] "GET /contact HTTP/1.1" 200 4160 "https://edu.richinei.com/" "Mozilla/5.0 (Linux; U; Android 14; SM-A245F Build/UP1A.231005.007; wv) AppleWebKit/537.36 (KHTML, like Gecko) Version/4.0 Chrome/123.0.6312.42 Mobile Safari/537.36 OPR/79.0.2254.70805"
141.0.12.238 - - [11/Apr/2024:15:44:29 +0000] "GET /public/backEnd/vendors/css/bootstrap-datepicker.min.css HTTP/1.1" 200 2459 "https://edu.richinei.com/contact" "Mozilla/5.0 (Linux; U; Android 14; SM-A245F Build/UP1A.231005.007; wv) AppleWebKit/537.36 (KHTML, like Gecko) Version/4.0 Chrome/123.0.6312.42 Mobile Safari/537.36 OPR/79.0.2254.70805"
141.0.12.238 - - [11/Apr/2024:15:44:29 +0000] "GET /public/backEnd/vendors/css/jquery-ui.css HTTP/1.1" 200 8395 "https://edu.richinei.com/contact" "Mozilla/5.0 (Linux; U; Android 14; SM-A245F Build/UP1A.231005.007; wv) AppleWebKit/537.36 (KHTML, like Gecko) Version/4.0 Chrome/123.0.6312.42 Mobile Safari/537.36 OPR/79.0.2254.70805"
141.0.12.238 - - [11/Apr/2024:15:44:29 +0000] "GET /public/backEnd/vendors/css/bootstrap.css HTTP/1.1" 200 23339 "https://edu.richinei.com/contact" "Mozilla/5.0 (Linux; U; Android 14; SM-A245F Build/UP1A.231005.007; wv) AppleWebKit/537.36 (KHTML, like Gecko) Version/4.0 Chrome/123.0.6312.42 Mobile Safari/537.36 OPR/79.0.2254.70805"
141.0.12.238 - - [11/Apr/2024:15:44:29 +0000] "GET /public/frontend/css/infix.css HTTP/1.1" 200 747 "https://edu.richinei.com/contact" "Mozilla/5.0 (Linux; U; Android 14; SM-A245F Build/UP1A.231005.007; wv) AppleWebKit/537.36 (KHTML, like Gecko) Version/4.0 Chrome/123.0.6312.42 Mobile Safari/537.36 OPR/79.0.2254.70805"
141.0.12.238 - - [11/Apr/2024:15:44:29 +0000] "GET /public/backEnd/vendors/css/font-awesome.min.css HTTP/1.1" 200 6247 "https://edu.richinei.com/contact" "Mozilla/5.0 (Linux; U; Android 14; SM-A245F Build/UP1A.231005.007; wv) AppleWebKit/537.36 (KHTML, like Gecko) Version/4.0 Chrome/123.0.6312.42 Mobile Safari/537.36 OPR/79.0.2254.70805"
141.0.12.238 - - [11/Apr/2024:15:44:29 +0000] "GET /public/backEnd/vendors/css/fullcalendar.print.css HTTP/1.1" 200 1802 "https://edu.richinei.com/contact" "Mozilla/5.0 (Linux; U; Android 14; SM-A245F Build/UP1A.231005.007; wv) AppleWebKit/537.36 (KHTML, like Gecko) Version/4.0 Chrome/123.0.6312.42 Mobile Safari/537.36 OPR/79.0.2254.70805"
141.0.12.238 - - [11/Apr/2024:15:44:29 +0000] "GET /public/backEnd/vendors/css/magnific-popup.css HTTP/1.1" 200 1816 "https://edu.richinei.com/contact" "Mozilla/5.0 (Linux; U; Android 14; SM-A245F Build/UP1A.231005.007; wv) AppleWebKit/537.36 (KHTML, like Gecko) Version/4.0 Chrome/123.0.6312.42 Mobile Safari/537.36 OPR/79.0.2254.70805"
141.0.12.238 - - [11/Apr/2024:15:44:29 +0000] "GET /public/backEnd/vendors/css/fastselect.min.css HTTP/1.1" 200 1134 "https://edu.richinei.com/contact" "Mozilla/5.0 (Linux; U; Android 14; SM-A245F Build/UP1A.231005.007; wv) AppleWebKit/537.36 (KHTML, like Gecko) Version/4.0 Chrome/123.0.6312.42 Mobile Safari/537.36 OPR/79.0.2254.70805"
141.0.12.238 - - [11/Apr/2024:15:44:29 +0000] "GET /public/backEnd/vendors/css/bootstrap-datetimepicker.min.css HTTP/1.1" 200 1383 "https://edu.richinei.com/contact" "Mozilla/5.0 (Linux; U; Android 14; SM-A245F Build/UP1A.231005.007; wv) AppleWebKit/537.36 (KHTML, like Gecko) Version/4.0 Chrome/123.0.6312.42 Mobile Safari/537.36 OPR/79.0.2254.70805"
141.0.12.238 - - [11/Apr/2024:15:44:29 +0000] "GET /public/backEnd/vendors/css/nice-select.css HTTP/1.1" 200 1503 "https://edu.richinei.com/contact" "Mozilla/5.0 (Linux; U; Android 14; SM-A245F Build/UP1A.231005.007; wv) AppleWebKit/537.36 (KHTML, like Gecko) Version/4.0 Chrome/123.0.6312.42 Mobile Safari/537.36 OPR/79.0.2254.70805"
141.0.12.238 - - [11/Apr/2024:15:44:29 +0000] "GET /public/backEnd/vendors/css/fullcalendar.min.css HTTP/1.1" 200 3694 "https://edu.richinei.com/contact" "Mozilla/5.0 (Linux; U; Android 14; SM-A245F Build/UP1A.231005.007; wv) AppleWebKit/537.36 (KHTML, like Gecko) Version/4.0 Chrome/123.0.6312.42 Mobile Safari/537.36 OPR/79.0.2254.70805"
141.0.12.238 - - [11/Apr/2024:15:44:29 +0000] "GET /public/backEnd/vendors/css/themify-icons.css HTTP/1.1" 200 2984 "https://edu.richinei.com/contact" "Mozilla/5.0 (Linux; U; Android 14; SM-A245F Build/UP1A.231005.007; wv) AppleWebKit/537.36 (KHTML, like Gecko) Version/4.0 Chrome/123.0.6312.42 Mobile Safari/537.36 OPR/79.0.2254.70805"
141.0.12.238 - - [11/Apr/2024:15:44:29 +0000] "GET /public/backEnd/vendors/css/owl.carousel.min.css HTTP/1.1" 200 912 "https://edu.richinei.com/contact" "Mozilla/5.0 (Linux; U; Android 14; SM-A245F Build/UP1A.231005.007; wv) AppleWebKit/537.36 (KHTML, like Gecko) Version/4.0 Chrome/123.0.6312.42 Mobile Safari/537.36 OPR/79.0.2254.70805"
141.0.12.238 - - [11/Apr/2024:15:44:29 +0000] "GET /public/backEnd/css/style.css HTTP/1.1" 200 21756 "https://edu.richinei.com/contact" "Mozilla/5.0 (Linux; U; Android 14; SM-A245F Build/UP1A.231005.007; wv) AppleWebKit/537.36 (KHTML, like Gecko) Version/4.0 Chrome/123.0.6312.42 Mobile Safari/537.36 OPR/79.0.2254.70805"
141.0.12.238 - - [11/Apr/2024:15:44:29 +0000] "GET /public/backEnd/vendors/css/images/ui-icons_444444_256x240.png HTTP/1.1" 200 3266 "https://edu.richinei.com/public/backEnd/vendors/css/jquery-ui.css" "Mozilla/5.0 (Linux; U; Android 14; SM-A245F Build/UP1A.231005.007; wv) AppleWebKit/537.36 (KHTML, like Gecko) Version/4.0 Chrome/123.0.6312.42 Mobile Safari/537.36 OPR/79.0.2254.70805"
141.0.12.238 - - [11/Apr/2024:15:44:29 +0000] "GET /public/backEnd/vendors/css/images/ui-icons_555555_256x240.png HTTP/1.1" 200 3274 "https://edu.richinei.com/public/backEnd/vendors/css/jquery-ui.css" "Mozilla/5.0 (Linux; U; Android 14; SM-A245F Build/UP1A.231005.007; wv) AppleWebKit/537.36 (KHTML, like Gecko) Version/4.0 Chrome/123.0.6312.42 Mobile Safari/537.36 OPR/79.0.2254.70805"
141.0.12.238 - - [11/Apr/2024:15:44:29 +0000] "GET /public/uploads/settings/d104eb144208b278c21f87e66cfe38f4.png HTTP/1.1" 200 127748 "https://edu.richinei.com/contact" "Mozilla/5.0 (Linux; U; Android 14; SM-A245F Build/UP1A.231005.007; wv) AppleWebKit/537.36 (KHTML, like Gecko) Version/4.0 Chrome/123.0.6312.42 Mobile Safari/537.36 OPR/79.0.2254.70805"
141.0.12.238 - - [11/Apr/2024:15:44:29 +0000] "GET /public/backEnd/img/modal-header-bg.png HTTP/1.1" 200 13389 "https://edu.richinei.com/public/backEnd/css/style.css" "Mozilla/5.0 (Linux; U; Android 14; SM-A245F Build/UP1A.231005.007; wv) AppleWebKit/537.36 (KHTML, like Gecko) Version/4.0 Chrome/123.0.6312.42 Mobile Safari/537.36 OPR/79.0.2254.70805"
141.0.12.238 - - [11/Apr/2024:15:44:29 +0000] "GET /public/backEnd/img/summery-bg2.png HTTP/1.1" 200 1574 "https://edu.richinei.com/public/backEnd/css/style.css" "Mozilla/5.0 (Linux; U; Android 14; SM-A245F Build/UP1A.231005.007; wv) AppleWebKit/537.36 (KHTML, like Gecko) Version/4.0 Chrome/123.0.6312.42 Mobile Safari/537.36 OPR/79.0.2254.70805"
141.0.12.238 - - [11/Apr/2024:15:44:29 +0000] "GET /public/backEnd/img/student/student-details-bg.png HTTP/1.1" 200 16238 "https://edu.richinei.com/public/backEnd/css/style.css" "Mozilla/5.0 (Linux; U; Android 14; SM-A245F Build/UP1A.231005.007; wv) AppleWebKit/537.36 (KHTML, like Gecko) Version/4.0 Chrome/123.0.6312.42 Mobile Safari/537.36 OPR/79.0.2254.70805"
141.0.12.238 - - [11/Apr/2024:15:44:29 +0000] "GET /public/backEnd/fonts/fontawesome-webfont.woff?v=4.5.0 HTTP/1.1" 200 90412 "https://edu.richinei.com/public/backEnd/vendors/css/font-awesome.min.css" "Mozilla/5.0 (Linux; U; Android 14; SM-A245F Build/UP1A.231005.007; wv) AppleWebKit/537.36 (KHTML, like Gecko) Version/4.0 Chrome/123.0.6312.42 Mobile Safari/537.36 OPR/79.0.2254.70805"
141.0.12.238 - - [11/Apr/2024:15:44:29 +0000] "GET /public/backEnd/img/summery-bg3.png HTTP/1.1" 200 1503 "https://edu.richinei.com/public/backEnd/css/style.css" "Mozilla/5.0 (Linux; U; Android 14; SM-A245F Build/UP1A.231005.007; wv) AppleWebKit/537.36 (KHTML, like Gecko) Version/4.0 Chrome/123.0.6312.42 Mobile Safari/537.36 OPR/79.0.2254.70805"
141.0.12.238 - - [11/Apr/2024:15:44:29 +0000] "GET /public/backEnd/fonts/fontawesome-webfont.woff2?v=4.5.0 HTTP/1.1" 200 71896 "https://edu.richinei.com/public/backEnd/vendors/css/font-awesome.min.css" "Mozilla/5.0 (Linux; U; Android 14; SM-A245F Build/UP1A.231005.007; wv) AppleWebKit/537.36 (KHTML, like Gecko) Version/4.0 Chrome/123.0.6312.42 Mobile Safari/537.36 OPR/79.0.2254.70805"
141.0.12.238 - - [11/Apr/2024:15:44:29 +0000] "GET /public/backEnd/fonts/fontawesome-webfont.ttf?v=4.5.0 HTTP/1.1" 200 90620 "https://edu.richinei.com/public/backEnd/vendors/css/font-awesome.min.css" "Mozilla/5.0 (Linux; U; Android 14; SM-A245F Build/UP1A.231005.007; wv) AppleWebKit/537.36 (KHTML, like Gecko) Version/4.0 Chrome/123.0.6312.42 Mobile Safari/537.36 OPR/79.0.2254.70805"
141.0.12.238 - - [11/Apr/2024:15:44:29 +0000] "GET /public/backEnd/fonts/themify.eot? HTTP/1.1" 200 41082 "https://edu.richinei.com/public/backEnd/vendors/css/themify-icons.css" "Mozilla/5.0 (Linux; U; Android 14; SM-A245F Build/UP1A.231005.007; wv) AppleWebKit/537.36 (KHTML, like Gecko) Version/4.0 Chrome/123.0.6312.42 Mobile Safari/537.36 OPR/79.0.2254.70805"
141.0.12.238 - - [11/Apr/2024:15:44:29 +0000] "GET /public/backEnd/fonts/themify.svg?-fvbane HTTP/1.1" 200 73575 "https://edu.richinei.com/public/backEnd/vendors/css/themify-icons.css" "Mozilla/5.0 (Linux; U; Android 14; SM-A245F Build/UP1A.231005.007; wv) AppleWebKit/537.36 (KHTML, like Gecko) Version/4.0 Chrome/123.0.6312.42 Mobile Safari/537.36 OPR/79.0.2254.70805"
141.0.12.238 - - [11/Apr/2024:15:44:29 +0000] "GET /public/backEnd/fonts/themify.woff?-fvbane HTTP/1.1" 200 56108 "https://edu.richinei.com/public/backEnd/vendors/css/themify-icons.css" "Mozilla/5.0 (Linux; U; Android 14; SM-A245F Build/UP1A.231005.007; wv) AppleWebKit/537.36 (KHTML, like Gecko) Version/4.0 Chrome/123.0.6312.42 Mobile Safari/537.36 OPR/79.0.2254.70805"
141.0.12.238 - - [11/Apr/2024:15:44:29 +0000] "GET /public/backEnd/fonts/themify.ttf?-fvbane HTTP/1.1" 200 41006 "https://edu.richinei.com/public/backEnd/vendors/css/themify-icons.css" "Mozilla/5.0 (Linux; U; Android 14; SM-A245F Build/UP1A.231005.007; wv) AppleWebKit/537.36 (KHTML, like Gecko) Version/4.0 Chrome/123.0.6312.42 Mobile Safari/537.36 OPR/79.0.2254.70805"
141.0.12.238 - - [11/Apr/2024:15:44:29 +0000] "GET /public/backEnd/fonts/themify.eot?-fvbane HTTP/1.1" 200 41082 "https://edu.richinei.com/public/backEnd/vendors/css/themify-icons.css" "Mozilla/5.0 (Linux; U; Android 14; SM-A245F Build/UP1A.231005.007; wv) AppleWebKit/537.36 (KHTML, like Gecko) Version/4.0 Chrome/123.0.6312.42 Mobile Safari/537.36 OPR/79.0.2254.70805"
141.0.12.238 - - [11/Apr/2024:15:44:29 +0000] "GET /public/backEnd/fonts/fontawesome-webfont.eot?v=4.5.0 HTTP/1.1" 200 76490 "https://edu.richinei.com/public/backEnd/vendors/css/font-awesome.min.css" "Mozilla/5.0 (Linux; U; Android 14; SM-A245F Build/UP1A.231005.007; wv) AppleWebKit/537.36 (KHTML, like Gecko) Version/4.0 Chrome/123.0.6312.42 Mobile Safari/537.36 OPR/79.0.2254.70805"
141.0.12.238 - - [11/Apr/2024:15:44:29 +0000] "GET /public/backEnd/fonts/fontawesome-webfont.eot? HTTP/1.1" 200 76490 "https://edu.richinei.com/public/backEnd/vendors/css/font-awesome.min.css" "Mozilla/5.0 (Linux; U; Android 14; SM-A245F Build/UP1A.231005.007; wv) AppleWebKit/537.36 (KHTML, like Gecko) Version/4.0 Chrome/123.0.6312.42 Mobile Safari/537.36 OPR/79.0.2254.70805"
141.0.12.238 - - [11/Apr/2024:15:44:29 +0000] "GET /public/backEnd/fonts/fontawesome-webfont.svg?v=4.5.0 HTTP/1.1" 200 120034 "https://edu.richinei.com/public/backEnd/vendors/css/font-awesome.min.css" "Mozilla/5.0 (Linux; U; Android 14; SM-A245F Build/UP1A.231005.007; wv) AppleWebKit/537.36 (KHTML, like Gecko) Version/4.0 Chrome/123.0.6312.42 Mobile Safari/537.36 OPR/79.0.2254.70805"
141.0.12.238 - - [11/Apr/2024:15:44:29 +0000] "GET /public/backEnd/img/login-bg.jpg HTTP/1.1" 200 129835 "https://edu.richinei.com/public/backEnd/css/style.css" "Mozilla/5.0 (Linux; U; Android 14; SM-A245F Build/UP1A.231005.007; wv) AppleWebKit/537.36 (KHTML, like Gecko) Version/4.0 Chrome/123.0.6312.42 Mobile Safari/537.36 OPR/79.0.2254.70805"
141.0.12.238 - - [11/Apr/2024:15:44:29 +0000] "GET /public/backEnd/img/body-bg.jpg HTTP/1.1" 200 173248 "https://edu.richinei.com/public/backEnd/css/style.css" "Mozilla/5.0 (Linux; U; Android 14; SM-A245F Build/UP1A.231005.007; wv) AppleWebKit/537.36 (KHTML, like Gecko) Version/4.0 Chrome/123.0.6312.42 Mobile Safari/537.36 OPR/79.0.2254.70805"
141.0.12.238 - - [11/Apr/2024:15:44:29 +0000] "GET /public/backEnd/vendors/css/images/ui-icons_ffffff_256x240.png HTTP/1.1" 404 11119 "https://edu.richinei.com/public/backEnd/vendors/css/jquery-ui.css" "Mozilla/5.0 (Linux; U; Android 14; SM-A245F Build/UP1A.231005.007; wv) AppleWebKit/537.36 (KHTML, like Gecko) Version/4.0 Chrome/123.0.6312.42 Mobile Safari/537.36 OPR/79.0.2254.70805"
141.0.12.238 - - [11/Apr/2024:15:44:29 +0000] "GET /public/backEnd/vendors/css/images/ui-icons_777777_256x240.png HTTP/1.1" 404 11119 "https://edu.richinei.com/public/backEnd/vendors/css/jquery-ui.css" "Mozilla/5.0 (Linux; U; Android 14; SM-A245F Build/UP1A.231005.007; wv) AppleWebKit/537.36 (KHTML, like Gecko) Version/4.0 Chrome/123.0.6312.42 Mobile Safari/537.36 OPR/79.0.2254.70805"
141.0.12.238 - - [11/Apr/2024:15:44:29 +0000] "GET /public/backEnd/vendors/css/images/ui-icons_cc0000_256x240.png HTTP/1.1" 404 11119 "https://edu.richinei.com/public/backEnd/vendors/css/jquery-ui.css" "Mozilla/5.0 (Linux; U; Android 14; SM-A245F Build/UP1A.231005.007; wv) AppleWebKit/537.36 (KHTML, like Gecko) Version/4.0 Chrome/123.0.6312.42 Mobile Safari/537.36 OPR/79.0.2254.70805"
141.0.12.238 - - [11/Apr/2024:15:44:29 +0000] "GET /public/backEnd/vendors/css/owl.video.play.png HTTP/1.1" 404 11126 "https://edu.richinei.com/public/backEnd/vendors/css/owl.carousel.min.css" "Mozilla/5.0 (Linux; U; Android 14; SM-A245F Build/UP1A.231005.007; wv) AppleWebKit/537.36 (KHTML, like Gecko) Version/4.0 Chrome/123.0.6312.42 Mobile Safari/537.36 OPR/79.0.2254.70805"
141.0.12.238 - - [11/Apr/2024:15:44:29 +0000] "GET /public/backEnd/vendors/css/images/ui-icons_777620_256x240.png HTTP/1.1" 404 11119 "https://edu.richinei.com/public/backEnd/vendors/css/jquery-ui.css" "Mozilla/5.0 (Linux; U; Android 14; SM-A245F Build/UP1A.231005.007; wv) AppleWebKit/537.36 (KHTML, like Gecko) Version/4.0 Chrome/123.0.6312.42 Mobile Safari/537.36 OPR/79.0.2254.70805"
141.0.12.238 - - [11/Apr/2024:15:44:30 +0000] "GET /img/client/common-banner1.jpg HTTP/1.1" 404 11086 "https://edu.richinei.com/contact" "Mozilla/5.0 (Linux; U; Android 14; SM-A245F Build/UP1A.231005.007; wv) AppleWebKit/537.36 (KHTML, like Gecko) Version/4.0 Chrome/123.0.6312.42 Mobile Safari/537.36 OPR/79.0.2254.70805"
141.0.13.124 - - [11/Apr/2024:15:44:35 +0000] "GET / HTTP/1.1" 200 3686 "https://edu.richinei.com/contact" "Mozilla/5.0 (Linux; U; Android 14; SM-A245F Build/UP1A.231005.007; wv) AppleWebKit/537.36 (KHTML, like Gecko) Version/4.0 Chrome/123.0.6312.42 Mobile Safari/537.36 OPR/79.0.2254.70805"
141.0.13.124 - - [11/Apr/2024:15:44:37 +0000] "GET /public/backEnd/vendors/css/bootstrap-datetimepicker.min.css HTTP/1.1" 200 1383 "https://edu.richinei.com/" "Mozilla/5.0 (Linux; U; Android 14; SM-A245F Build/UP1A.231005.007; wv) AppleWebKit/537.36 (KHTML, like Gecko) Version/4.0 Chrome/123.0.6312.42 Mobile Safari/537.36 OPR/79.0.2254.70805"
141.0.13.124 - - [11/Apr/2024:15:44:37 +0000] "GET /public/backEnd/css/style.css HTTP/1.1" 200 21756 "https://edu.richinei.com/" "Mozilla/5.0 (Linux; U; Android 14; SM-A245F Build/UP1A.231005.007; wv) AppleWebKit/537.36 (KHTML, like Gecko) Version/4.0 Chrome/123.0.6312.42 Mobile Safari/537.36 OPR/79.0.2254.70805"
141.0.13.124 - - [11/Apr/2024:15:44:37 +0000] "GET /public/frontend/css/new_style.css HTTP/1.1" 200 92 "https://edu.richinei.com/" "Mozilla/5.0 (Linux; U; Android 14; SM-A245F Build/UP1A.231005.007; wv) AppleWebKit/537.36 (KHTML, like Gecko) Version/4.0 Chrome/123.0.6312.42 Mobile Safari/537.36 OPR/79.0.2254.70805"
141.0.13.124 - - [11/Apr/2024:15:44:37 +0000] "GET /public/backEnd/vendors/css/font-awesome.min.css HTTP/1.1" 200 6247 "https://edu.richinei.com/" "Mozilla/5.0 (Linux; U; Android 14; SM-A245F Build/UP1A.231005.007; wv) AppleWebKit/537.36 (KHTML, like Gecko) Version/4.0 Chrome/123.0.6312.42 Mobile Safari/537.36 OPR/79.0.2254.70805"
141.0.13.124 - - [11/Apr/2024:15:44:37 +0000] "GET /public/uploads/events/event3.jpg HTTP/1.1" 200 72031 "https://edu.richinei.com/" "Mozilla/5.0 (Linux; U; Android 14; SM-A245F Build/UP1A.231005.007; wv) AppleWebKit/537.36 (KHTML, like Gecko) Version/4.0 Chrome/123.0.6312.42 Mobile Safari/537.36 OPR/79.0.2254.70805"
141.0.13.124 - - [11/Apr/2024:15:44:37 +0000] "GET /public/backEnd/vendors/css/fullcalendar.min.css HTTP/1.1" 200 3694 "https://edu.richinei.com/" "Mozilla/5.0 (Linux; U; Android 14; SM-A245F Build/UP1A.231005.007; wv) AppleWebKit/537.36 (KHTML, like Gecko) Version/4.0 Chrome/123.0.6312.42 Mobile Safari/537.36 OPR/79.0.2254.70805"
141.0.13.124 - - [11/Apr/2024:15:44:37 +0000] "GET /public/backEnd/vendors/css/fastselect.min.css HTTP/1.1" 200 1134 "https://edu.richinei.com/" "Mozilla/5.0 (Linux; U; Android 14; SM-A245F Build/UP1A.231005.007; wv) AppleWebKit/537.36 (KHTML, like Gecko) Version/4.0 Chrome/123.0.6312.42 Mobile Safari/537.36 OPR/79.0.2254.70805"
141.0.13.124 - - [11/Apr/2024:15:44:37 +0000] "GET /public/frontend/css/infix.css HTTP/1.1" 200 747 "https://edu.richinei.com/" "Mozilla/5.0 (Linux; U; Android 14; SM-A245F Build/UP1A.231005.007; wv) AppleWebKit/537.36 (KHTML, like Gecko) Version/4.0 Chrome/123.0.6312.42 Mobile Safari/537.36 OPR/79.0.2254.70805"
141.0.13.124 - - [11/Apr/2024:15:44:37 +0000] "GET /public/backEnd/vendors/css/magnific-popup.css HTTP/1.1" 200 1816 "https://edu.richinei.com/" "Mozilla/5.0 (Linux; U; Android 14; SM-A245F Build/UP1A.231005.007; wv) AppleWebKit/537.36 (KHTML, like Gecko) Version/4.0 Chrome/123.0.6312.42 Mobile Safari/537.36 OPR/79.0.2254.70805"
141.0.13.124 - - [11/Apr/2024:15:44:37 +0000] "GET /public/uploads/events/event2.jpg HTTP/1.1" 200 81411 "https://edu.richinei.com/" "Mozilla/5.0 (Linux; U; Android 14; SM-A245F Build/UP1A.231005.007; wv) AppleWebKit/537.36 (KHTML, like Gecko) Version/4.0 Chrome/123.0.6312.42 Mobile Safari/537.36 OPR/79.0.2254.70805"
141.0.13.124 - - [11/Apr/2024:15:44:37 +0000] "GET /public/backEnd/vendors/css/bootstrap-datepicker.min.css HTTP/1.1" 200 2459 "https://edu.richinei.com/" "Mozilla/5.0 (Linux; U; Android 14; SM-A245F Build/UP1A.231005.007; wv) AppleWebKit/537.36 (KHTML, like Gecko) Version/4.0 Chrome/123.0.6312.42 Mobile Safari/537.36 OPR/79.0.2254.70805"
141.0.13.124 - - [11/Apr/2024:15:44:37 +0000] "GET /public/backEnd/vendors/css/jquery-ui.css HTTP/1.1" 200 8395 "https://edu.richinei.com/" "Mozilla/5.0 (Linux; U; Android 14; SM-A245F Build/UP1A.231005.007; wv) AppleWebKit/537.36 (KHTML, like Gecko) Version/4.0 Chrome/123.0.6312.42 Mobile Safari/537.36 OPR/79.0.2254.70805"
141.0.13.124 - - [11/Apr/2024:15:44:37 +0000] "GET /public/backEnd/vendors/css/owl.carousel.min.css HTTP/1.1" 200 912 "https://edu.richinei.com/" "Mozilla/5.0 (Linux; U; Android 14; SM-A245F Build/UP1A.231005.007; wv) AppleWebKit/537.36 (KHTML, like Gecko) Version/4.0 Chrome/123.0.6312.42 Mobile Safari/537.36 OPR/79.0.2254.70805"
141.0.13.124 - - [11/Apr/2024:15:44:37 +0000] "GET /public/backEnd/vendors/css/nice-select.css HTTP/1.1" 200 1503 "https://edu.richinei.com/" "Mozilla/5.0 (Linux; U; Android 14; SM-A245F Build/UP1A.231005.007; wv) AppleWebKit/537.36 (KHTML, like Gecko) Version/4.0 Chrome/123.0.6312.42 Mobile Safari/537.36 OPR/79.0.2254.70805"
141.0.13.124 - - [11/Apr/2024:15:44:37 +0000] "GET /public/backEnd/vendors/css/fullcalendar.print.css HTTP/1.1" 200 1802 "https://edu.richinei.com/" "Mozilla/5.0 (Linux; U; Android 14; SM-A245F Build/UP1A.231005.007; wv) AppleWebKit/537.36 (KHTML, like Gecko) Version/4.0 Chrome/123.0.6312.42 Mobile Safari/537.36 OPR/79.0.2254.70805"
141.0.13.124 - - [11/Apr/2024:15:44:37 +0000] "GET /public/backEnd/vendors/css/themify-icons.css HTTP/1.1" 200 2984 "https://edu.richinei.com/" "Mozilla/5.0 (Linux; U; Android 14; SM-A245F Build/UP1A.231005.007; wv) AppleWebKit/537.36 (KHTML, like Gecko) Version/4.0 Chrome/123.0.6312.42 Mobile Safari/537.36 OPR/79.0.2254.70805"
141.0.13.124 - - [11/Apr/2024:15:44:37 +0000] "GET /public/uploads/events/event4.jpg HTTP/1.1" 200 59386 "https://edu.richinei.com/" "Mozilla/5.0 (Linux; U; Android 14; SM-A245F Build/UP1A.231005.007; wv) AppleWebKit/537.36 (KHTML, like Gecko) Version/4.0 Chrome/123.0.6312.42 Mobile Safari/537.36 OPR/79.0.2254.70805"
141.0.13.124 - - [11/Apr/2024:15:44:37 +0000] "GET /public/uploads/events/event1.jpg HTTP/1.1" 200 75471 "https://edu.richinei.com/" "Mozilla/5.0 (Linux; U; Android 14; SM-A245F Build/UP1A.231005.007; wv) AppleWebKit/537.36 (KHTML, like Gecko) Version/4.0 Chrome/123.0.6312.42 Mobile Safari/537.36 OPR/79.0.2254.70805"
141.0.13.124 - - [11/Apr/2024:15:44:37 +0000] "GET /public/backEnd/vendors/css/bootstrap.css HTTP/1.1" 200 23339 "https://edu.richinei.com/" "Mozilla/5.0 (Linux; U; Android 14; SM-A245F Build/UP1A.231005.007; wv) AppleWebKit/537.36 (KHTML, like Gecko) Version/4.0 Chrome/123.0.6312.42 Mobile Safari/537.36 OPR/79.0.2254.70805"
141.0.13.124 - - [11/Apr/2024:15:44:37 +0000] "GET /public/uploads/settings/d104eb144208b278c21f87e66cfe38f4.png HTTP/1.1" 200 127748 "https://edu.richinei.com/" "Mozilla/5.0 (Linux; U; Android 14; SM-A245F Build/UP1A.231005.007; wv) AppleWebKit/537.36 (KHTML, like Gecko) Version/4.0 Chrome/123.0.6312.42 Mobile Safari/537.36 OPR/79.0.2254.70805"
141.0.13.124 - - [11/Apr/2024:15:44:37 +0000] "GET /public/backEnd/fonts/fontawesome-webfont.eot? HTTP/1.1" 200 76490 "https://edu.richinei.com/public/backEnd/vendors/css/font-awesome.min.css" "Mozilla/5.0 (Linux; U; Android 14; SM-A245F Build/UP1A.231005.007; wv) AppleWebKit/537.36 (KHTML, like Gecko) Version/4.0 Chrome/123.0.6312.42 Mobile Safari/537.36 OPR/79.0.2254.70805"
141.0.13.124 - - [11/Apr/2024:15:44:37 +0000] "GET /public/backEnd/fonts/fontawesome-webfont.woff?v=4.5.0 HTTP/1.1" 200 90412 "https://edu.richinei.com/public/backEnd/vendors/css/font-awesome.min.css" "Mozilla/5.0 (Linux; U; Android 14; SM-A245F Build/UP1A.231005.007; wv) AppleWebKit/537.36 (KHTML, like Gecko) Version/4.0 Chrome/123.0.6312.42 Mobile Safari/537.36 OPR/79.0.2254.70805"
141.0.13.124 - - [11/Apr/2024:15:44:37 +0000] "GET /public/backEnd/fonts/fontawesome-webfont.woff2?v=4.5.0 HTTP/1.1" 200 71896 "https://edu.richinei.com/public/backEnd/vendors/css/font-awesome.min.css" "Mozilla/5.0 (Linux; U; Android 14; SM-A245F Build/UP1A.231005.007; wv) AppleWebKit/537.36 (KHTML, like Gecko) Version/4.0 Chrome/123.0.6312.42 Mobile Safari/537.36 OPR/79.0.2254.70805"
141.0.13.124 - - [11/Apr/2024:15:44:37 +0000] "GET /public/backEnd/fonts/fontawesome-webfont.eot?v=4.5.0 HTTP/1.1" 200 76490 "https://edu.richinei.com/public/backEnd/vendors/css/font-awesome.min.css" "Mozilla/5.0 (Linux; U; Android 14; SM-A245F Build/UP1A.231005.007; wv) AppleWebKit/537.36 (KHTML, like Gecko) Version/4.0 Chrome/123.0.6312.42 Mobile Safari/537.36 OPR/79.0.2254.70805"
141.0.13.124 - - [11/Apr/2024:15:44:37 +0000] "GET /public/backEnd/fonts/fontawesome-webfont.ttf?v=4.5.0 HTTP/1.1" 200 90620 "https://edu.richinei.com/public/backEnd/vendors/css/font-awesome.min.css" "Mozilla/5.0 (Linux; U; Android 14; SM-A245F Build/UP1A.231005.007; wv) AppleWebKit/537.36 (KHTML, like Gecko) Version/4.0 Chrome/123.0.6312.42 Mobile Safari/537.36 OPR/79.0.2254.70805"
141.0.13.124 - - [11/Apr/2024:15:44:37 +0000] "GET /public/backEnd/img/summery-bg3.png HTTP/1.1" 200 1503 "https://edu.richinei.com/public/backEnd/css/style.css" "Mozilla/5.0 (Linux; U; Android 14; SM-A245F Build/UP1A.231005.007; wv) AppleWebKit/537.36 (KHTML, like Gecko) Version/4.0 Chrome/123.0.6312.42 Mobile Safari/537.36 OPR/79.0.2254.70805"
141.0.13.124 - - [11/Apr/2024:15:44:37 +0000] "GET /public/backEnd/fonts/themify.woff?-fvbane HTTP/1.1" 200 56108 "https://edu.richinei.com/public/backEnd/vendors/css/themify-icons.css" "Mozilla/5.0 (Linux; U; Android 14; SM-A245F Build/UP1A.231005.007; wv) AppleWebKit/537.36 (KHTML, like Gecko) Version/4.0 Chrome/123.0.6312.42 Mobile Safari/537.36 OPR/79.0.2254.70805"
141.0.13.124 - - [11/Apr/2024:15:44:37 +0000] "GET /public/backEnd/fonts/themify.eot? HTTP/1.1" 200 41082 "https://edu.richinei.com/public/backEnd/vendors/css/themify-icons.css" "Mozilla/5.0 (Linux; U; Android 14; SM-A245F Build/UP1A.231005.007; wv) AppleWebKit/537.36 (KHTML, like Gecko) Version/4.0 Chrome/123.0.6312.42 Mobile Safari/537.36 OPR/79.0.2254.70805"
141.0.13.124 - - [11/Apr/2024:15:44:37 +0000] "GET /public/backEnd/img/summery-bg2.png HTTP/1.1" 200 1574 "https://edu.richinei.com/public/backEnd/css/style.css" "Mozilla/5.0 (Linux; U; Android 14; SM-A245F Build/UP1A.231005.007; wv) AppleWebKit/537.36 (KHTML, like Gecko) Version/4.0 Chrome/123.0.6312.42 Mobile Safari/537.36 OPR/79.0.2254.70805"
141.0.13.124 - - [11/Apr/2024:15:44:37 +0000] "GET /public/backEnd/img/modal-header-bg.png HTTP/1.1" 200 13389 "https://edu.richinei.com/public/backEnd/css/style.css" "Mozilla/5.0 (Linux; U; Android 14; SM-A245F Build/UP1A.231005.007; wv) AppleWebKit/537.36 (KHTML, like Gecko) Version/4.0 Chrome/123.0.6312.42 Mobile Safari/537.36 OPR/79.0.2254.70805"
141.0.13.124 - - [11/Apr/2024:15:44:37 +0000] "GET /public/backEnd/fonts/themify.eot?-fvbane HTTP/1.1" 200 41082 "https://edu.richinei.com/public/backEnd/vendors/css/themify-icons.css" "Mozilla/5.0 (Linux; U; Android 14; SM-A245F Build/UP1A.231005.007; wv) AppleWebKit/537.36 (KHTML, like Gecko) Version/4.0 Chrome/123.0.6312.42 Mobile Safari/537.36 OPR/79.0.2254.70805"
141.0.13.124 - - [11/Apr/2024:15:44:37 +0000] "GET /public/backEnd/fonts/themify.ttf?-fvbane HTTP/1.1" 200 41006 "https://edu.richinei.com/public/backEnd/vendors/css/themify-icons.css" "Mozilla/5.0 (Linux; U; Android 14; SM-A245F Build/UP1A.231005.007; wv) AppleWebKit/537.36 (KHTML, like Gecko) Version/4.0 Chrome/123.0.6312.42 Mobile Safari/537.36 OPR/79.0.2254.70805"
141.0.13.124 - - [11/Apr/2024:15:44:37 +0000] "GET /public/backEnd/img/student/student-details-bg.png HTTP/1.1" 200 16238 "https://edu.richinei.com/public/backEnd/css/style.css" "Mozilla/5.0 (Linux; U; Android 14; SM-A245F Build/UP1A.231005.007; wv) AppleWebKit/537.36 (KHTML, like Gecko) Version/4.0 Chrome/123.0.6312.42 Mobile Safari/537.36 OPR/79.0.2254.70805"
141.0.13.124 - - [11/Apr/2024:15:44:37 +0000] "GET /public/backEnd/fonts/themify.svg?-fvbane HTTP/1.1" 200 73575 "https://edu.richinei.com/public/backEnd/vendors/css/themify-icons.css" "Mozilla/5.0 (Linux; U; Android 14; SM-A245F Build/UP1A.231005.007; wv) AppleWebKit/537.36 (KHTML, like Gecko) Version/4.0 Chrome/123.0.6312.42 Mobile Safari/537.36 OPR/79.0.2254.70805"
141.0.13.124 - - [11/Apr/2024:15:44:37 +0000] "GET /public/backEnd/vendors/css/images/ui-icons_444444_256x240.png HTTP/1.1" 200 3266 "https://edu.richinei.com/public/backEnd/vendors/css/jquery-ui.css" "Mozilla/5.0 (Linux; U; Android 14; SM-A245F Build/UP1A.231005.007; wv) AppleWebKit/537.36 (KHTML, like Gecko) Version/4.0 Chrome/123.0.6312.42 Mobile Safari/537.36 OPR/79.0.2254.70805"
141.0.13.124 - - [11/Apr/2024:15:44:37 +0000] "GET /public/backEnd/vendors/css/images/ui-icons_555555_256x240.png HTTP/1.1" 200 3274 "https://edu.richinei.com/public/backEnd/vendors/css/jquery-ui.css" "Mozilla/5.0 (Linux; U; Android 14; SM-A245F Build/UP1A.231005.007; wv) AppleWebKit/537.36 (KHTML, like Gecko) Version/4.0 Chrome/123.0.6312.42 Mobile Safari/537.36 OPR/79.0.2254.70805"
141.0.13.124 - - [11/Apr/2024:15:44:37 +0000] "GET /public/backEnd/img/login-bg.jpg HTTP/1.1" 200 129835 "https://edu.richinei.com/public/backEnd/css/style.css" "Mozilla/5.0 (Linux; U; Android 14; SM-A245F Build/UP1A.231005.007; wv) AppleWebKit/537.36 (KHTML, like Gecko) Version/4.0 Chrome/123.0.6312.42 Mobile Safari/537.36 OPR/79.0.2254.70805"
141.0.13.124 - - [11/Apr/2024:15:44:37 +0000] "GET /public/backEnd/fonts/fontawesome-webfont.svg?v=4.5.0 HTTP/1.1" 200 120034 "https://edu.richinei.com/public/backEnd/vendors/css/font-awesome.min.css" "Mozilla/5.0 (Linux; U; Android 14; SM-A245F Build/UP1A.231005.007; wv) AppleWebKit/537.36 (KHTML, like Gecko) Version/4.0 Chrome/123.0.6312.42 Mobile Safari/537.36 OPR/79.0.2254.70805"
141.0.13.124 - - [11/Apr/2024:15:44:37 +0000] "GET /public/backEnd/img/body-bg.jpg HTTP/1.1" 200 173248 "https://edu.richinei.com/public/backEnd/css/style.css" "Mozilla/5.0 (Linux; U; Android 14; SM-A245F Build/UP1A.231005.007; wv) AppleWebKit/537.36 (KHTML, like Gecko) Version/4.0 Chrome/123.0.6312.42 Mobile Safari/537.36 OPR/79.0.2254.70805"
141.0.13.124 - - [11/Apr/2024:15:44:37 +0000] "GET /public/backEnd/vendors/css/images/ui-icons_777777_256x240.png HTTP/1.1" 404 11119 "https://edu.richinei.com/public/backEnd/vendors/css/jquery-ui.css" "Mozilla/5.0 (Linux; U; Android 14; SM-A245F Build/UP1A.231005.007; wv) AppleWebKit/537.36 (KHTML, like Gecko) Version/4.0 Chrome/123.0.6312.42 Mobile Safari/537.36 OPR/79.0.2254.70805"
141.0.13.124 - - [11/Apr/2024:15:44:37 +0000] "GET /public/backEnd/vendors/css/images/ui-icons_ffffff_256x240.png HTTP/1.1" 404 11119 "https://edu.richinei.com/public/backEnd/vendors/css/jquery-ui.css" "Mozilla/5.0 (Linux; U; Android 14; SM-A245F Build/UP1A.231005.007; wv) AppleWebKit/537.36 (KHTML, like Gecko) Version/4.0 Chrome/123.0.6312.42 Mobile Safari/537.36 OPR/79.0.2254.70805"
141.0.13.124 - - [11/Apr/2024:15:44:37 +0000] "GET /public/backEnd/vendors/css/images/ui-icons_cc0000_256x240.png HTTP/1.1" 404 11119 "https://edu.richinei.com/public/backEnd/vendors/css/jquery-ui.css" "Mozilla/5.0 (Linux; U; Android 14; SM-A245F Build/UP1A.231005.007; wv) AppleWebKit/537.36 (KHTML, like Gecko) Version/4.0 Chrome/123.0.6312.42 Mobile Safari/537.36 OPR/79.0.2254.70805"
141.0.13.124 - - [11/Apr/2024:15:44:37 +0000] "GET /public/backEnd/vendors/css/images/ui-icons_777620_256x240.png HTTP/1.1" 404 11119 "https://edu.richinei.com/public/backEnd/vendors/css/jquery-ui.css" "Mozilla/5.0 (Linux; U; Android 14; SM-A245F Build/UP1A.231005.007; wv) AppleWebKit/537.36 (KHTML, like Gecko) Version/4.0 Chrome/123.0.6312.42 Mobile Safari/537.36 OPR/79.0.2254.70805"
141.0.13.124 - - [11/Apr/2024:15:44:37 +0000] "GET /public/backEnd/vendors/css/owl.video.play.png HTTP/1.1" 404 11126 "https://edu.richinei.com/public/backEnd/vendors/css/owl.carousel.min.css" "Mozilla/5.0 (Linux; U; Android 14; SM-A245F Build/UP1A.231005.007; wv) AppleWebKit/537.36 (KHTML, like Gecko) Version/4.0 Chrome/123.0.6312.42 Mobile Safari/537.36 OPR/79.0.2254.70805"
203.161.54.34 - - [11/Apr/2024:15:44:44 +0000] "GET /public/uploads/settings/d104eb144208b278c21f87e66cfe38f4.png HTTP/1.0" 200 127748 "-" "-"
141.0.13.103 - - [11/Apr/2024:15:44:44 +0000] "GET /admin-dashboard HTTP/1.1" 200 428431 "https://edu.richinei.com/" "Mozilla/5.0 (Linux; U; Android 14; SM-A245F Build/UP1A.231005.007; wv) AppleWebKit/537.36 (KHTML, like Gecko) Version/4.0 Chrome/123.0.6312.42 Mobile Safari/537.36 OPR/79.0.2254.70805"
141.0.13.103 - - [11/Apr/2024:15:44:48 +0000] "GET /public/backEnd/js/vfs_fonts.js HTTP/1.1" 200 3516298 "https://edu.richinei.com/admin-dashboard" "Mozilla/5.0 (Linux; U; Android 14; SM-A245F Build/UP1A.231005.007; wv) AppleWebKit/537.36 (KHTML, like Gecko) Version/4.0 Chrome/123.0.6312.42 Mobile Safari/537.36 OPR/79.0.2254.70805"
141.0.12.238 - - [11/Apr/2024:15:44:56 +0000] "POST /broadcasting/auth HTTP/1.1" 200 96 "https://edu.richinei.com/admin-dashboard" "Mozilla/5.0 (Linux; U; Android 14; SM-A245F Build/UP1A.231005.007; wv) AppleWebKit/537.36 (KHTML, like Gecko) Version/4.0 Chrome/123.0.6312.42 Mobile Safari/537.36 OPR/79.0.2254.70805"
141.0.13.124 - - [11/Apr/2024:15:44:58 +0000] "GET /public/backEnd/img/summery-bg3.png HTTP/1.1" 200 1503 "https://edu.richinei.com/public/backEnd/css/style.css" "Mozilla/5.0 (Linux; U; Android 14; SM-A245F Build/UP1A.231005.007; wv) AppleWebKit/537.36 (KHTML, like Gecko) Version/4.0 Chrome/123.0.6312.42 Mobile Safari/537.36 OPR/79.0.2254.70805"
141.0.13.124 - - [11/Apr/2024:15:44:58 +0000] "GET /public/backEnd/img/summery-bg2.png HTTP/1.1" 200 1574 "https://edu.richinei.com/public/backEnd/css/style.css" "Mozilla/5.0 (Linux; U; Android 14; SM-A245F Build/UP1A.231005.007; wv) AppleWebKit/537.36 (KHTML, like Gecko) Version/4.0 Chrome/123.0.6312.42 Mobile Safari/537.36 OPR/79.0.2254.70805"
141.0.13.103 - - [11/Apr/2024:15:45:30 +0000] "POST /broadcasting/auth HTTP/1.1" 200 96 "https://edu.richinei.com/admin-dashboard" "Mozilla/5.0 (Linux; U; Android 14; SM-A245F Build/UP1A.231005.007; wv) AppleWebKit/537.36 (KHTML, like Gecko) Version/4.0 Chrome/123.0.6312.42 Mobile Safari/537.36 OPR/79.0.2254.70805"
203.161.54.34 - - [11/Apr/2024:15:45:37 +0000] "GET /public/uploads/settings/d104eb144208b278c21f87e66cfe38f4.png HTTP/1.0" 200 127748 "-" "-"
141.0.13.103 - - [11/Apr/2024:15:45:37 +0000] "GET /add-notice HTTP/1.1" 200 426514 "https://edu.richinei.com/admin-dashboard" "Mozilla/5.0 (Linux; U; Android 14; SM-A245F Build/UP1A.231005.007; wv) AppleWebKit/537.36 (KHTML, like Gecko) Version/4.0 Chrome/123.0.6312.42 Mobile Safari/537.36 OPR/79.0.2254.70805"
141.0.12.238 - - [11/Apr/2024:15:45:41 +0000] "POST /broadcasting/auth HTTP/1.1" 200 96 "https://edu.richinei.com/add-notice" "Mozilla/5.0 (Linux; U; Android 14; SM-A245F Build/UP1A.231005.007; wv) AppleWebKit/537.36 (KHTML, like Gecko) Version/4.0 Chrome/123.0.6312.42 Mobile Safari/537.36 OPR/79.0.2254.70805"
141.0.12.238 - - [11/Apr/2024:15:46:15 +0000] "POST /broadcasting/auth HTTP/1.1" 200 96 "https://edu.richinei.com/add-notice" "Mozilla/5.0 (Linux; U; Android 14; SM-A245F Build/UP1A.231005.007; wv) AppleWebKit/537.36 (KHTML, like Gecko) Version/4.0 Chrome/123.0.6312.42 Mobile Safari/537.36 OPR/79.0.2254.70805"
141.0.12.238 - - [11/Apr/2024:15:46:31 +0000] "POST /save-notice-data HTTP/1.1" 302 390 "https://edu.richinei.com/add-notice" "Mozilla/5.0 (Linux; U; Android 14; SM-A245F Build/UP1A.231005.007; wv) AppleWebKit/537.36 (KHTML, like Gecko) Version/4.0 Chrome/123.0.6312.42 Mobile Safari/537.36 OPR/79.0.2254.70805"
203.161.54.34 - - [11/Apr/2024:15:46:32 +0000] "GET /public/uploads/settings/d104eb144208b278c21f87e66cfe38f4.png HTTP/1.0" 200 127748 "-" "-"
141.0.12.238 - - [11/Apr/2024:15:46:32 +0000] "GET /notice-list HTTP/1.1" 200 426341 "https://edu.richinei.com/add-notice" "Mozilla/5.0 (Linux; U; Android 14; SM-A245F Build/UP1A.231005.007; wv) AppleWebKit/537.36 (KHTML, like Gecko) Version/4.0 Chrome/123.0.6312.42 Mobile Safari/537.36 OPR/79.0.2254.70805"
141.0.12.238 - - [11/Apr/2024:15:46:38 +0000] "POST /broadcasting/auth HTTP/1.1" 200 96 "https://edu.richinei.com/notice-list" "Mozilla/5.0 (Linux; U; Android 14; SM-A245F Build/UP1A.231005.007; wv) AppleWebKit/537.36 (KHTML, like Gecko) Version/4.0 Chrome/123.0.6312.42 Mobile Safari/537.36 OPR/79.0.2254.70805"
203.161.54.34 - - [11/Apr/2024:15:46:48 +0000] "GET /public/uploads/settings/d104eb144208b278c21f87e66cfe38f4.png HTTP/1.0" 200 127748 "-" "-"
141.0.12.238 - - [11/Apr/2024:15:46:47 +0000] "GET /admin-dashboard HTTP/1.1" 200 428431 "https://edu.richinei.com/notice-list" "Mozilla/5.0 (Linux; U; Android 14; SM-A245F Build/UP1A.231005.007; wv) AppleWebKit/537.36 (KHTML, like Gecko) Version/4.0 Chrome/123.0.6312.42 Mobile Safari/537.36 OPR/79.0.2254.70805"
141.0.12.238 - - [11/Apr/2024:15:46:54 +0000] "POST /broadcasting/auth HTTP/1.1" 200 96 "https://edu.richinei.com/admin-dashboard" "Mozilla/5.0 (Linux; U; Android 14; SM-A245F Build/UP1A.231005.007; wv) AppleWebKit/537.36 (KHTML, like Gecko) Version/4.0 Chrome/123.0.6312.42 Mobile Safari/537.36 OPR/79.0.2254.70805"
203.161.54.34 - - [11/Apr/2024:15:47:10 +0000] "GET /public/uploads/settings/d104eb144208b278c21f87e66cfe38f4.png HTTP/1.0" 200 127748 "-" "-"
141.0.12.238 - - [11/Apr/2024:15:47:10 +0000] "GET /admin-dashboard HTTP/1.1" 200 428431 "https://edu.richinei.com/notice-list" "Mozilla/5.0 (Linux; U; Android 14; SM-A245F Build/UP1A.231005.007; wv) AppleWebKit/537.36 (KHTML, like Gecko) Version/4.0 Chrome/123.0.6312.42 Mobile Safari/537.36 OPR/79.0.2254.70805"
141.0.12.238 - - [11/Apr/2024:15:47:17 +0000] "POST /broadcasting/auth HTTP/1.1" 200 96 "https://edu.richinei.com/admin-dashboard" "Mozilla/5.0 (Linux; U; Android 14; SM-A245F Build/UP1A.231005.007; wv) AppleWebKit/537.36 (KHTML, like Gecko) Version/4.0 Chrome/123.0.6312.42 Mobile Safari/537.36 OPR/79.0.2254.70805"
203.161.54.34 - - [11/Apr/2024:15:47:43 +0000] "GET /public/uploads/settings/d104eb144208b278c21f87e66cfe38f4.png HTTP/1.0" 200 127748 "-" "-"
141.0.12.238 - - [11/Apr/2024:15:47:42 +0000] "GET /staff-directory HTTP/1.1" 200 427203 "https://edu.richinei.com/admin-dashboard" "Mozilla/5.0 (Linux; U; Android 14; SM-A245F Build/UP1A.231005.007; wv) AppleWebKit/537.36 (KHTML, like Gecko) Version/4.0 Chrome/123.0.6312.42 Mobile Safari/537.36 OPR/79.0.2254.70805"
141.0.12.238 - - [11/Apr/2024:15:47:49 +0000] "POST /broadcasting/auth HTTP/1.1" 200 96 "https://edu.richinei.com/staff-directory" "Mozilla/5.0 (Linux; U; Android 14; SM-A245F Build/UP1A.231005.007; wv) AppleWebKit/537.36 (KHTML, like Gecko) Version/4.0 Chrome/123.0.6312.42 Mobile Safari/537.36 OPR/79.0.2254.70805"
203.161.54.34 - - [11/Apr/2024:15:48:10 +0000] "GET /public/uploads/settings/d104eb144208b278c21f87e66cfe38f4.png HTTP/1.0" 200 127748 "-" "-"
141.0.12.238 - - [11/Apr/2024:15:48:10 +0000] "GET /staff-directory HTTP/1.1" 200 427203 "https://edu.richinei.com/admin-dashboard" "Mozilla/5.0 (Linux; U; Android 14; SM-A245F Build/UP1A.231005.007; wv) AppleWebKit/537.36 (KHTML, like Gecko) Version/4.0 Chrome/123.0.6312.42 Mobile Safari/537.36 OPR/79.0.2254.70805"
141.0.12.238 - - [11/Apr/2024:15:48:15 +0000] "POST /broadcasting/auth HTTP/1.1" 200 96 "https://edu.richinei.com/admin-dashboard" "Mozilla/5.0 (Linux; U; Android 14; SM-A245F Build/UP1A.231005.007; wv) AppleWebKit/537.36 (KHTML, like Gecko) Version/4.0 Chrome/123.0.6312.42 Mobile Safari/537.36 OPR/79.0.2254.70805"
203.161.54.34 - - [11/Apr/2024:15:48:18 +0000] "GET /public/uploads/settings/d104eb144208b278c21f87e66cfe38f4.png HTTP/1.0" 200 127748 "-" "-"
141.0.12.238 - - [11/Apr/2024:15:48:17 +0000] "GET /student-list HTTP/1.1" 200 429306 "https://edu.richinei.com/admin-dashboard" "Mozilla/5.0 (Linux; U; Android 14; SM-A245F Build/UP1A.231005.007; wv) AppleWebKit/537.36 (KHTML, like Gecko) Version/4.0 Chrome/123.0.6312.42 Mobile Safari/537.36 OPR/79.0.2254.70805"
141.0.12.138 - - [11/Apr/2024:15:48:23 +0000] "GET /student-list-datatable?draw=1&columns%5B0%5D%5Bdata%5D=admission_no&columns%5B0%5D%5Bname%5D=admission_no&columns%5B0%5D%5Bsearchable%5D=true&columns%5B0%5D%5Borderable%5D=true&columns%5B0%5D%5Bsearch%5D%5Bvalue%5D=&columns%5B0%5D%5Bsearch%5D%5Bregex%5D=false&columns%5B1%5D%5Bdata%5D=full_name&columns%5B1%5D%5Bname%5D=full_name&columns%5B1%5D%5Bsearchable%5D=true&columns%5B1%5D%5Borderable%5D=true&columns%5B1%5D%5Bsearch%5D%5Bvalue%5D=&columns%5B1%5D%5Bsearch%5D%5Bregex%5D=false&columns%5B2%5D%5Bdata%5D=parents.fathers_name&columns%5B2%5D%5Bname%5D=parents.fathers_name&columns%5B2%5D%5Bsearchable%5D=true&columns%5B2%5D%5Borderable%5D=true&columns%5B2%5D%5Bsearch%5D%5Bvalue%5D=&columns%5B2%5D%5Bsearch%5D%5Bregex%5D=false&columns%5B3%5D%5Bdata%5D=dob&columns%5B3%5D%5Bname%5D=dob&columns%5B3%5D%5Bsearchable%5D=true&columns%5B3%5D%5Borderable%5D=true&columns%5B3%5D%5Bsearch%5D%5Bvalue%5D=&columns%5B3%5D%5Bsearch%5D%5Bregex%5D=false&columns%5B4%5D%5Bdata%5D=class_sec&columns%5B4%5D%5Bname%5D=class_sec&columns%5B4%5D%5Bsearchable%5D=true&columns%5B4%5D%5Borderable%5D=true&columns%5B4%5D%5Bsearch%5D%5Bvalue%5D=&columns%5B4%5D%5Bsearch%5D%5Bregex%5D=false&columns%5B5%5D%5Bdata%5D=gender.base_setup_name&columns%5B5%5D%5Bname%5D=gender.base_setup_name&columns%5B5%5D%5Bsearchable%5D=true&columns%5B5%5D%5Borderable%5D=true&columns%5B5%5D%5Bsearch%5D%5Bvalue%5D=&columns%5B5%5D%5Bsearch%5D%5Bregex%5D=false&columns%5B6%5D%5Bdata%5D=category.category_name&columns%5B6%5D%5Bname%5D=category.category_name&columns%5B6%5D%5Bsearchable%5D=true&columns%5B6%5D%5Borderable%5D=true&columns%5B6%5D%5Bsearch%5D%5Bvalue%5D=&columns%5B6%5D%5Bsearch%5D%5Bregex%5D=false&columns%5B7%5D%5Bdata%5D=mobile&columns%5B7%5D%5Bname%5D=sm_students.mobile&columns%5B7%5D%5Bsearchable%5D=true&columns%5B7%5D%5Borderable%5D=true&columns%5B7%5D%5Bsearch%5D%5Bvalue%5D=&columns%5B7%5D%5Bsearch%5D%5Bregex%5D=false&columns%5B8%5D%5Bdata%5D=action&columns%5B8%5D%5Bname%5D=action&columns%5B8%5D%5Bsearchable%5D=false&columns%5B8%5D%5Borderable%5D=false&columns%5B8%5D%5Bsearch%5D%5Bvalue%5D=&columns%5B8%5D%5Bsearch%5D%5Bregex%5D=false&columns%5B9%5D%5Bdata%5D=first_name&columns%5B9%5D%5Bname%5D=first_name&columns%5B9%5D%5Bsearchable%5D=true&columns%5B9%5D%5Borderable%5D=true&columns%5B9%5D%5Bsearch%5D%5Bvalue%5D=&columns%5B9%5D%5Bsearch%5D%5Bregex%5D=false&columns%5B10%5D%5Bdata%5D=last_name&columns%5B10%5D%5Bname%5D=last_name&columns%5B10%5D%5Bsearchable%5D=true&columns%5B10%5D%5Borderable%5D=true&columns%5B10%5D%5Bsearch%5D%5Bvalue%5D=&columns%5B10%5D%5Bsearch%5D%5Bregex%5D=false&order%5B0%5D%5Bcolumn%5D=0&order%5B0%5D%5Bdir%5D=asc&start=0&length=30&search%5Bvalue%5D=&search%5Bregex%5D=false&academic_year=&class=§ion=&roll_no=&name=&un_session_id=&un_academic_id=&un_faculty_id=&un_department_id=&un_semester_label_id=&un_section_id=&_=1712850697142 HTTP/1.1" 200 57 "https://edu.richinei.com/student-list" "Mozilla/5.0 (Linux; U; Android 14; SM-A245F Build/UP1A.231005.007; wv) AppleWebKit/537.36 (KHTML, like Gecko) Version/4.0 Chrome/123.0.6312.42 Mobile Safari/537.36 OPR/79.0.2254.70805"
141.0.12.138 - - [11/Apr/2024:15:48:23 +0000] "POST /broadcasting/auth HTTP/1.1" 200 96 "https://edu.richinei.com/student-list" "Mozilla/5.0 (Linux; U; Android 14; SM-A245F Build/UP1A.231005.007; wv) AppleWebKit/537.36 (KHTML, like Gecko) Version/4.0 Chrome/123.0.6312.42 Mobile Safari/537.36 OPR/79.0.2254.70805"
141.0.12.138 - - [11/Apr/2024:15:48:25 +0000] "POST /broadcasting/auth HTTP/1.1" 200 96 "https://edu.richinei.com/admin-dashboard" "Mozilla/5.0 (Linux; U; Android 14; SM-A245F Build/UP1A.231005.007; wv) AppleWebKit/537.36 (KHTML, like Gecko) Version/4.0 Chrome/123.0.6312.42 Mobile Safari/537.36 OPR/79.0.2254.70805"
203.161.54.34 - - [11/Apr/2024:15:48:27 +0000] "GET /public/uploads/settings/d104eb144208b278c21f87e66cfe38f4.png HTTP/1.0" 200 127748 "-" "-"
141.0.12.138 - - [11/Apr/2024:15:48:27 +0000] "GET /staff-directory HTTP/1.1" 200 427203 "https://edu.richinei.com/admin-dashboard" "Mozilla/5.0 (Linux; U; Android 14; SM-A245F Build/UP1A.231005.007; wv) AppleWebKit/537.36 (KHTML, like Gecko) Version/4.0 Chrome/123.0.6312.42 Mobile Safari/537.36 OPR/79.0.2254.70805"
141.0.12.138 - - [11/Apr/2024:15:48:32 +0000] "POST /broadcasting/auth HTTP/1.1" 200 96 "https://edu.richinei.com/staff-directory" "Mozilla/5.0 (Linux; U; Android 14; SM-A245F Build/UP1A.231005.007; wv) AppleWebKit/537.36 (KHTML, like Gecko) Version/4.0 Chrome/123.0.6312.42 Mobile Safari/537.36 OPR/79.0.2254.70805"
141.0.12.138 - - [11/Apr/2024:15:49:06 +0000] "POST /broadcasting/auth HTTP/1.1" 200 96 "https://edu.richinei.com/staff-directory" "Mozilla/5.0 (Linux; U; Android 14; SM-A245F Build/UP1A.231005.007; wv) AppleWebKit/537.36 (KHTML, like Gecko) Version/4.0 Chrome/123.0.6312.42 Mobile Safari/537.36 OPR/79.0.2254.70805"
203.161.54.34 - - [11/Apr/2024:15:49:11 +0000] "GET /public/uploads/settings/d104eb144208b278c21f87e66cfe38f4.png HTTP/1.0" 200 127748 "-" "-"
141.0.12.138 - - [11/Apr/2024:15:49:11 +0000] "GET /edit-staff/2 HTTP/1.1" 200 427484 "https://edu.richinei.com/staff-directory" "Mozilla/5.0 (Linux; U; Android 14; SM-A245F Build/UP1A.231005.007; wv) AppleWebKit/537.36 (KHTML, like Gecko) Version/4.0 Chrome/123.0.6312.42 Mobile Safari/537.36 OPR/79.0.2254.70805"
