141.0.12.238 - - [11/Apr/2024:16:05:37 +0000] "GET /public/backEnd/vendors/js/select2/select2x2.png HTTP/1.1" 404 11124 "https://edu.richinei.com/public/backEnd/vendors/js/select2/select2.css" "Mozilla/5.0 (Linux; U; Android 14; SM-A245F Build/UP1A.231005.007; wv) AppleWebKit/537.36 (KHTML, like Gecko) Version/4.0 Chrome/123.0.6312.42 Mobile Safari/537.36 OPR/79.0.2254.70805"
141.0.12.238 - - [11/Apr/2024:16:05:37 +0000] "GET /public/backEnd/vendors/js/select2/spinner.gif HTTP/1.1" 404 11124 "https://edu.richinei.com/public/backEnd/vendors/js/select2/select2.css" "Mozilla/5.0 (Linux; U; Android 14; SM-A245F Build/UP1A.231005.007; wv) AppleWebKit/537.36 (KHTML, like Gecko) Version/4.0 Chrome/123.0.6312.42 Mobile Safari/537.36 OPR/79.0.2254.70805"
141.0.12.238 - - [11/Apr/2024:16:06:13 +0000] "GET /view-staff/2 HTTP/1.1" 302 366 "https://edu.richinei.com/dashboard" "Mozilla/5.0 (Linux; U; Android 14; SM-A245F Build/UP1A.231005.007; wv) AppleWebKit/537.36 (KHTML, like Gecko) Version/4.0 Chrome/123.0.6312.42 Mobile Safari/537.36 OPR/79.0.2254.70805"
141.0.12.238 - - [11/Apr/2024:16:06:14 +0000] "GET /view-staff/2 HTTP/1.1" 302 366 "https://edu.richinei.com/dashboard" "Mozilla/5.0 (Linux; U; Android 14; SM-A245F Build/UP1A.231005.007; wv) AppleWebKit/537.36 (KHTML, like Gecko) Version/4.0 Chrome/123.0.6312.42 Mobile Safari/537.36 OPR/79.0.2254.70805"
141.0.12.238 - - [11/Apr/2024:16:06:15 +0000] "GET /view-staff/2 HTTP/1.1" 302 366 "https://edu.richinei.com/dashboard" "Mozilla/5.0 (Linux; U; Android 14; SM-A245F Build/UP1A.231005.007; wv) AppleWebKit/537.36 (KHTML, like Gecko) Version/4.0 Chrome/123.0.6312.42 Mobile Safari/537.36 OPR/79.0.2254.70805"
141.0.12.238 - - [11/Apr/2024:16:06:15 +0000] "GET /view-staff/2 HTTP/1.1" 302 366 "https://edu.richinei.com/dashboard" "Mozilla/5.0 (Linux; U; Android 14; SM-A245F Build/UP1A.231005.007; wv) AppleWebKit/537.36 (KHTML, like Gecko) Version/4.0 Chrome/123.0.6312.42 Mobile Safari/537.36 OPR/79.0.2254.70805"
141.0.12.238 - - [11/Apr/2024:16:06:15 +0000] "GET /view-staff/2 HTTP/1.1" 302 366 "https://edu.richinei.com/dashboard" "Mozilla/5.0 (Linux; U; Android 14; SM-A245F Build/UP1A.231005.007; wv) AppleWebKit/537.36 (KHTML, like Gecko) Version/4.0 Chrome/123.0.6312.42 Mobile Safari/537.36 OPR/79.0.2254.70805"
141.0.12.238 - - [11/Apr/2024:16:06:16 +0000] "GET /view-staff/2 HTTP/1.1" 302 366 "https://edu.richinei.com/dashboard" "Mozilla/5.0 (Linux; U; Android 14; SM-A245F Build/UP1A.231005.007; wv) AppleWebKit/537.36 (KHTML, like Gecko) Version/4.0 Chrome/123.0.6312.42 Mobile Safari/537.36 OPR/79.0.2254.70805"
141.0.13.124 - - [11/Apr/2024:16:06:16 +0000] "GET /view-staff/2 HTTP/1.1" 302 366 "https://edu.richinei.com/dashboard" "Mozilla/5.0 (Linux; U; Android 14; SM-A245F Build/UP1A.231005.007; wv) AppleWebKit/537.36 (KHTML, like Gecko) Version/4.0 Chrome/123.0.6312.42 Mobile Safari/537.36 OPR/79.0.2254.70805"
141.0.12.238 - - [11/Apr/2024:16:06:16 +0000] "GET /view-staff/2 HTTP/1.1" 302 366 "https://edu.richinei.com/dashboard" "Mozilla/5.0 (Linux; U; Android 14; SM-A245F Build/UP1A.231005.007; wv) AppleWebKit/537.36 (KHTML, like Gecko) Version/4.0 Chrome/123.0.6312.42 Mobile Safari/537.36 OPR/79.0.2254.70805"
141.0.12.238 - - [11/Apr/2024:16:06:17 +0000] "GET /view-staff/2 HTTP/1.1" 302 366 "https://edu.richinei.com/dashboard" "Mozilla/5.0 (Linux; U; Android 14; SM-A245F Build/UP1A.231005.007; wv) AppleWebKit/537.36 (KHTML, like Gecko) Version/4.0 Chrome/123.0.6312.42 Mobile Safari/537.36 OPR/79.0.2254.70805"
141.0.12.238 - - [11/Apr/2024:16:06:17 +0000] "GET /view-staff/2 HTTP/1.1" 302 366 "https://edu.richinei.com/dashboard" "Mozilla/5.0 (Linux; U; Android 14; SM-A245F Build/UP1A.231005.007; wv) AppleWebKit/537.36 (KHTML, like Gecko) Version/4.0 Chrome/123.0.6312.42 Mobile Safari/537.36 OPR/79.0.2254.70805"
141.0.12.238 - - [11/Apr/2024:16:06:17 +0000] "GET /view-staff/2 HTTP/1.1" 302 366 "https://edu.richinei.com/dashboard" "Mozilla/5.0 (Linux; U; Android 14; SM-A245F Build/UP1A.231005.007; wv) AppleWebKit/537.36 (KHTML, like Gecko) Version/4.0 Chrome/123.0.6312.42 Mobile Safari/537.36 OPR/79.0.2254.70805"
141.0.12.238 - - [11/Apr/2024:16:06:18 +0000] "GET /view-staff/2 HTTP/1.1" 302 366 "https://edu.richinei.com/dashboard" "Mozilla/5.0 (Linux; U; Android 14; SM-A245F Build/UP1A.231005.007; wv) AppleWebKit/537.36 (KHTML, like Gecko) Version/4.0 Chrome/123.0.6312.42 Mobile Safari/537.36 OPR/79.0.2254.70805"
141.0.12.238 - - [11/Apr/2024:16:06:18 +0000] "GET /view-staff/2 HTTP/1.1" 302 366 "https://edu.richinei.com/dashboard" "Mozilla/5.0 (Linux; U; Android 14; SM-A245F Build/UP1A.231005.007; wv) AppleWebKit/537.36 (KHTML, like Gecko) Version/4.0 Chrome/123.0.6312.42 Mobile Safari/537.36 OPR/79.0.2254.70805"
141.0.12.238 - - [11/Apr/2024:16:06:18 +0000] "GET /view-staff/2 HTTP/1.1" 302 366 "https://edu.richinei.com/dashboard" "Mozilla/5.0 (Linux; U; Android 14; SM-A245F Build/UP1A.231005.007; wv) AppleWebKit/537.36 (KHTML, like Gecko) Version/4.0 Chrome/123.0.6312.42 Mobile Safari/537.36 OPR/79.0.2254.70805"
141.0.12.238 - - [11/Apr/2024:16:06:19 +0000] "GET /view-staff/2 HTTP/1.1" 302 366 "https://edu.richinei.com/dashboard" "Mozilla/5.0 (Linux; U; Android 14; SM-A245F Build/UP1A.231005.007; wv) AppleWebKit/537.36 (KHTML, like Gecko) Version/4.0 Chrome/123.0.6312.42 Mobile Safari/537.36 OPR/79.0.2254.70805"
141.0.12.238 - - [11/Apr/2024:16:06:19 +0000] "GET /view-staff/2 HTTP/1.1" 302 366 "https://edu.richinei.com/dashboard" "Mozilla/5.0 (Linux; U; Android 14; SM-A245F Build/UP1A.231005.007; wv) AppleWebKit/537.36 (KHTML, like Gecko) Version/4.0 Chrome/123.0.6312.42 Mobile Safari/537.36 OPR/79.0.2254.70805"
141.0.12.238 - - [11/Apr/2024:16:06:20 +0000] "GET /view-staff/2 HTTP/1.1" 302 366 "https://edu.richinei.com/dashboard" "Mozilla/5.0 (Linux; U; Android 14; SM-A245F Build/UP1A.231005.007; wv) AppleWebKit/537.36 (KHTML, like Gecko) Version/4.0 Chrome/123.0.6312.42 Mobile Safari/537.36 OPR/79.0.2254.70805"
141.0.12.238 - - [11/Apr/2024:16:06:20 +0000] "GET /view-staff/2 HTTP/1.1" 302 366 "https://edu.richinei.com/dashboard" "Mozilla/5.0 (Linux; U; Android 14; SM-A245F Build/UP1A.231005.007; wv) AppleWebKit/537.36 (KHTML, like Gecko) Version/4.0 Chrome/123.0.6312.42 Mobile Safari/537.36 OPR/79.0.2254.70805"
141.0.12.238 - - [11/Apr/2024:16:06:20 +0000] "GET /view-staff/2 HTTP/1.1" 302 366 "https://edu.richinei.com/dashboard" "Mozilla/5.0 (Linux; U; Android 14; SM-A245F Build/UP1A.231005.007; wv) AppleWebKit/537.36 (KHTML, like Gecko) Version/4.0 Chrome/123.0.6312.42 Mobile Safari/537.36 OPR/79.0.2254.70805"
141.0.12.238 - - [11/Apr/2024:16:06:20 +0000] "GET /view-staff/2 HTTP/1.1" 302 366 "https://edu.richinei.com/dashboard" "Mozilla/5.0 (Linux; U; Android 14; SM-A245F Build/UP1A.231005.007; wv) AppleWebKit/537.36 (KHTML, like Gecko) Version/4.0 Chrome/123.0.6312.42 Mobile Safari/537.36 OPR/79.0.2254.70805"
141.0.12.238 - - [11/Apr/2024:16:06:21 +0000] "GET /view-staff/2 HTTP/1.1" 302 366 "https://edu.richinei.com/dashboard" "Mozilla/5.0 (Linux; U; Android 14; SM-A245F Build/UP1A.231005.007; wv) AppleWebKit/537.36 (KHTML, like Gecko) Version/4.0 Chrome/123.0.6312.42 Mobile Safari/537.36 OPR/79.0.2254.70805"
141.0.13.124 - - [11/Apr/2024:16:06:21 +0000] "GET /view-staff/2 HTTP/1.1" 302 366 "https://edu.richinei.com/dashboard" "Mozilla/5.0 (Linux; U; Android 14; SM-A245F Build/UP1A.231005.007; wv) AppleWebKit/537.36 (KHTML, like Gecko) Version/4.0 Chrome/123.0.6312.42 Mobile Safari/537.36 OPR/79.0.2254.70805"
141.0.12.238 - - [11/Apr/2024:16:06:21 +0000] "GET /view-staff/2 HTTP/1.1" 302 366 "https://edu.richinei.com/dashboard" "Mozilla/5.0 (Linux; U; Android 14; SM-A245F Build/UP1A.231005.007; wv) AppleWebKit/537.36 (KHTML, like Gecko) Version/4.0 Chrome/123.0.6312.42 Mobile Safari/537.36 OPR/79.0.2254.70805"
102.91.53.234 - - [12/Apr/2024:21:38:35 +0000] "GET /public/uploads/events/event2.jpg HTTP/1.1" 200 81411 "https://edu.richinei.com/" "Mozilla/5.0 (iPhone; CPU iPhone OS 17_4 like Mac OS X) AppleWebKit/605.1.15 (KHTML, like Gecko) CriOS/121.0.6167.138 Mobile/15E148 Safari/604.1"
102.91.55.140 - - [12/Apr/2024:21:38:36 +0000] "GET /public/uploads/events/event3.jpg HTTP/1.1" 200 72031 "https://edu.richinei.com/" "Mozilla/5.0 (iPhone; CPU iPhone OS 17_4 like Mac OS X) AppleWebKit/605.1.15 (KHTML, like Gecko) CriOS/121.0.6167.138 Mobile/15E148 Safari/604.1"
102.91.53.234 - - [12/Apr/2024:21:38:36 +0000] "GET /public/uploads/events/event4.jpg HTTP/1.1" 200 59386 "https://edu.richinei.com/" "Mozilla/5.0 (iPhone; CPU iPhone OS 17_4 like Mac OS X) AppleWebKit/605.1.15 (KHTML, like Gecko) CriOS/121.0.6167.138 Mobile/15E148 Safari/604.1"
102.91.53.234 - - [12/Apr/2024:21:38:37 +0000] "GET /public/backEnd/img/client/home-banner1.jpg HTTP/1.1" 200 534493 "https://edu.richinei.com/" "Mozilla/5.0 (iPhone; CPU iPhone OS 17_4 like Mac OS X) AppleWebKit/605.1.15 (KHTML, like Gecko) CriOS/121.0.6167.138 Mobile/15E148 Safari/604.1"
102.91.55.140 - - [12/Apr/2024:21:38:37 +0000] "GET /public/backEnd/img/client/testimonial-bg.jpg HTTP/1.1" 200 473246 "https://edu.richinei.com/" "Mozilla/5.0 (iPhone; CPU iPhone OS 17_4 like Mac OS X) AppleWebKit/605.1.15 (KHTML, like Gecko) CriOS/121.0.6167.138 Mobile/15E148 Safari/604.1"
102.91.55.140 - - [12/Apr/2024:21:38:40 +0000] "GET /public/backEnd/img/client/prev.png HTTP/1.1" 200 899 "https://edu.richinei.com/" "Mozilla/5.0 (iPhone; CPU iPhone OS 17_4 like Mac OS X) AppleWebKit/605.1.15 (KHTML, like Gecko) CriOS/121.0.6167.138 Mobile/15E148 Safari/604.1"
102.91.53.234 - - [12/Apr/2024:21:38:40 +0000] "GET /public/backEnd/img/client/next.png HTTP/1.1" 200 885 "https://edu.richinei.com/" "Mozilla/5.0 (iPhone; CPU iPhone OS 17_4 like Mac OS X) AppleWebKit/605.1.15 (KHTML, like Gecko) CriOS/121.0.6167.138 Mobile/15E148 Safari/604.1"
34.214.202.139 - - [13/Apr/2024:14:09:07 +0000] "GET /.well-known/acme-challenge/K53yjEogXgDZfh4vCpE-wEFo_120tVEA6j5RwXHGszc HTTP/1.1" 200 87 "-" "Mozilla/5.0 (compatible; Let's Encrypt validation server; +https://www.letsencrypt.org)"
23.178.112.203 - - [13/Apr/2024:14:09:07 +0000] "GET /.well-known/acme-challenge/K53yjEogXgDZfh4vCpE-wEFo_120tVEA6j5RwXHGszc HTTP/1.1" 200 87 "-" "Mozilla/5.0 (compatible; Let's Encrypt validation server; +https://www.letsencrypt.org)"
18.221.84.206 - - [13/Apr/2024:14:09:07 +0000] "GET /.well-known/acme-challenge/K53yjEogXgDZfh4vCpE-wEFo_120tVEA6j5RwXHGszc HTTP/1.1" 200 87 "-" "Mozilla/5.0 (compatible; Let's Encrypt validation server; +https://www.letsencrypt.org)"
16.16.56.225 - - [13/Apr/2024:14:09:07 +0000] "GET /.well-known/acme-challenge/K53yjEogXgDZfh4vCpE-wEFo_120tVEA6j5RwXHGszc HTTP/1.1" 200 87 "-" "Mozilla/5.0 (compatible; Let's Encrypt validation server; +https://www.letsencrypt.org)"
54.251.86.77 - - [13/Apr/2024:14:09:07 +0000] "GET /.well-known/acme-challenge/K53yjEogXgDZfh4vCpE-wEFo_120tVEA6j5RwXHGszc HTTP/1.1" 200 87 "-" "Mozilla/5.0 (compatible; Let's Encrypt validation server; +https://www.letsencrypt.org)"
154.28.229.204 - - [13/Apr/2024:14:10:12 +0000] "GET / HTTP/1.1" 200 3948 "-" "Mozilla/5.0 (X11; Linux x86_64) AppleWebKit/537.36 (KHTML, like Gecko) Chrome/117.0.0.0 Safari/537.36"
154.28.229.74 - - [13/Apr/2024:14:10:17 +0000] "GET / HTTP/1.1" 200 3946 "-" "Mozilla/5.0 (Windows NT 10.0; Win64; x64) AppleWebKit/537.36 (KHTML, like Gecko) Chrome/116.0.0.0 Safari/537.36"
104.164.173.227 - - [13/Apr/2024:14:10:19 +0000] "GET / HTTP/1.1" 200 3948 "-" "Mozilla/5.0 (Windows NT 10.0; Win64; x64) AppleWebKit/537.36 (KHTML, like Gecko) Chrome/116.0.0.0 Safari/537.36"
154.28.229.61 - - [13/Apr/2024:14:10:26 +0000] "GET / HTTP/1.1" 200 3950 "-" "Mozilla/5.0 (Macintosh; Intel Mac OS X 10_15_7) AppleWebKit/537.36 (KHTML, like Gecko) Chrome/116.0.0.0 Safari/537.36"
104.164.173.167 - - [13/Apr/2024:14:10:25 +0000] "GET / HTTP/1.1" 200 3942 "-" "Mozilla/5.0 (X11; Linux x86_64) AppleWebKit/537.36 (KHTML, like Gecko) Chrome/117.0.0.0 Safari/537.36"
104.164.173.183 - - [13/Apr/2024:14:10:12 +0000] "GET / HTTP/1.1" 200 3953 "-" "Mozilla/5.0 (Macintosh; Intel Mac OS X 10_15_7) AppleWebKit/537.36 (KHTML, like Gecko) Chrome/116.0.0.0 Safari/537.36"
154.28.229.205 - - [13/Apr/2024:14:10:23 +0000] "GET / HTTP/1.1" 200 3947 "-" "Mozilla/5.0 (X11; Linux x86_64) AppleWebKit/537.36 (KHTML, like Gecko) Chrome/116.0.0.0 Safari/537.36"
159.203.96.42 - - [13/Apr/2024:14:10:30 +0000] "GET / HTTP/1.1" 200 34731 "-" "-"
206.189.225.181 - - [13/Apr/2024:14:10:29 +0000] "GET / HTTP/1.1" 200 34685 "-" "-"
104.164.173.25 - - [13/Apr/2024:14:10:19 +0000] "GET / HTTP/1.1" 200 3945 "-" "Mozilla/5.0 (Macintosh; Intel Mac OS X 10_15_7) AppleWebKit/537.36 (KHTML, like Gecko) Chrome/116.0.0.0 Safari/537.36"
206.189.225.181 - - [13/Apr/2024:14:10:31 +0000] "GET / HTTP/1.1" 200 34685 "-" "Mozilla/5.0 (Linux; Android 6.0; HTC One M9 Build/MRA343436) AppleWebKit/537.36 (KHTML, like Gecko) Chrome/52.0.3416.98 Mobile Safari/537.3"
104.164.173.167 - - [13/Apr/2024:14:10:31 +0000] "GET / HTTP/1.1" 200 3947 "-" "Mozilla/5.0 (Windows NT 10.0; Win64; x64) AppleWebKit/537.36 (KHTML, like Gecko) Chrome/117.0.0.0 Safari/537.36"
206.189.225.181 - - [13/Apr/2024:14:10:32 +0000] "GET /server HTTP/1.1" 404 11070 "-" "Go-http-client/1.1"
104.164.173.167 - - [13/Apr/2024:14:10:32 +0000] "GET /home HTTP/1.1" 200 3947 "-" "Mozilla/5.0 (Windows NT 10.0; Win64; x64) AppleWebKit/537.36 (KHTML, like Gecko) Chrome/117.0.0.0 Safari/537.36"
206.189.225.181 - - [13/Apr/2024:14:10:32 +0000] "GET /.vscode/sftp.json HTTP/1.1" 404 11070 "-" "Go-http-client/1.1"
159.203.96.42 - - [13/Apr/2024:14:10:33 +0000] "GET / HTTP/1.1" 200 34731 "-" "Mozilla/5.0 (Linux; Android 6.0; HTC One M9 Build/MRA343436) AppleWebKit/537.36 (KHTML, like Gecko) Chrome/52.0.3416.98 Mobile Safari/537.3"
206.189.225.181 - - [13/Apr/2024:14:10:33 +0000] "GET /about HTTP/1.1" 200 3718 "-" "Go-http-client/1.1"
159.203.96.42 - - [13/Apr/2024:14:10:34 +0000] "GET /server HTTP/1.1" 404 11078 "-" "Go-http-client/1.1"
206.189.225.181 - - [13/Apr/2024:14:10:34 +0000] "GET /debug/default/view?panel=config HTTP/1.1" 404 11070 "-" "Go-http-client/1.1"
159.203.96.42 - - [13/Apr/2024:14:10:34 +0000] "GET /.vscode/sftp.json HTTP/1.1" 404 11078 "-" "Go-http-client/1.1"
206.189.225.181 - - [13/Apr/2024:14:10:35 +0000] "GET /v2/_catalog HTTP/1.1" 404 21 "-" "Go-http-client/1.1"
206.189.225.181 - - [13/Apr/2024:14:10:35 +0000] "GET /ecp/Current/exporttool/microsoft.exchange.ediscovery.exporttool.application HTTP/1.1" 404 11070 "-" "Go-http-client/1.1"
159.203.96.42 - - [13/Apr/2024:14:10:35 +0000] "GET /about HTTP/1.1" 200 3716 "-" "Go-http-client/1.1"
206.189.225.181 - - [13/Apr/2024:14:10:36 +0000] "GET /server-status HTTP/1.1" 403 199 "-" "Go-http-client/1.1"
159.203.96.42 - - [13/Apr/2024:14:10:36 +0000] "GET /debug/default/view?panel=config HTTP/1.1" 404 11078 "-" "Go-http-client/1.1"
206.189.225.181 - - [13/Apr/2024:14:10:36 +0000] "GET /login.action HTTP/1.1" 404 11070 "-" "Go-http-client/1.1"
159.203.96.42 - - [13/Apr/2024:14:10:37 +0000] "GET /v2/_catalog HTTP/1.1" 404 21 "-" "Go-http-client/1.1"
206.189.225.181 - - [13/Apr/2024:14:10:37 +0000] "GET /_all_dbs HTTP/1.1" 404 11070 "-" "Mozilla/5.0 (l9scan/2.0.4333e24353e2136313e2330323; +https://leakix.net)"
159.203.96.42 - - [13/Apr/2024:14:10:38 +0000] "GET /ecp/Current/exporttool/microsoft.exchange.ediscovery.exporttool.application HTTP/1.1" 404 11078 "-" "Go-http-client/1.1"
206.189.225.181 - - [13/Apr/2024:14:10:38 +0000] "GET /.DS_Store HTTP/1.1" 404 11070 "-" "Go-http-client/1.1"
206.189.225.181 - - [13/Apr/2024:14:10:39 +0000] "GET /.env HTTP/1.1" 403 199 "-" "Go-http-client/1.1"
206.189.225.181 - - [13/Apr/2024:14:10:39 +0000] "GET /.git/config HTTP/1.1" 403 199 "-" "Go-http-client/1.1"
159.203.96.42 - - [13/Apr/2024:14:10:39 +0000] "GET /server-status HTTP/1.1" 403 199 "-" "Go-http-client/1.1"
206.189.225.181 - - [13/Apr/2024:14:10:39 +0000] "GET /s/4333e24353e2136313e2330323/_/;/META-INF/maven/com.atlassian.jira/jira-webapp-dist/pom.properties HTTP/1.1" 404 11070 "-" "Go-http-client/1.1"
159.203.96.42 - - [13/Apr/2024:14:10:39 +0000] "GET /login.action HTTP/1.1" 404 11078 "-" "Go-http-client/1.1"
206.189.225.181 - - [13/Apr/2024:14:10:40 +0000] "GET /config.json HTTP/1.1" 200 1576 "-" "Go-http-client/1.1"
206.189.225.181 - - [13/Apr/2024:14:10:40 +0000] "GET /telescope/requests HTTP/1.1" 404 11070 "-" "Go-http-client/1.1"
159.203.96.42 - - [13/Apr/2024:14:10:40 +0000] "GET /_all_dbs HTTP/1.1" 404 11078 "-" "Mozilla/5.0 (l9scan/2.0.4333e24353e2136313e2330323; +https://leakix.net)"
206.189.225.181 - - [13/Apr/2024:14:10:40 +0000] "GET /?rest_route=/wp/v2/users/ HTTP/1.1" 200 3950 "-" "Go-http-client/1.1"
159.203.96.42 - - [13/Apr/2024:14:10:41 +0000] "GET /.DS_Store HTTP/1.1" 404 11078 "-" "Go-http-client/1.1"
159.203.96.42 - - [13/Apr/2024:14:10:41 +0000] "GET /.env HTTP/1.1" 403 199 "-" "Go-http-client/1.1"
159.203.96.42 - - [13/Apr/2024:14:10:42 +0000] "GET /.git/config HTTP/1.1" 403 199 "-" "Go-http-client/1.1"
65.154.226.171 - - [13/Apr/2024:14:10:42 +0000] "GET / HTTP/1.1" 200 3952 "-" "Mozilla/5.0 (Windows NT 10.0; Win64; x64) AppleWebKit/537.36 (KHTML, like Gecko) Chrome/117.0.5938.132 Safari/537.36"
159.203.96.42 - - [13/Apr/2024:14:10:42 +0000] "GET /s/4333e24353e2136313e2330323/_/;/META-INF/maven/com.atlassian.jira/jira-webapp-dist/pom.properties HTTP/1.1" 404 11078 "-" "Go-http-client/1.1"
65.154.226.171 - - [13/Apr/2024:14:10:43 +0000] "GET /public/backEnd/vendors/css/bootstrap.css HTTP/1.1" 200 23339 "http://edu.richinei.com/" "Mozilla/5.0 (Windows NT 10.0; Win64; x64) AppleWebKit/537.36 (KHTML, like Gecko) Chrome/117.0.5938.132 Safari/537.36"
65.154.226.171 - - [13/Apr/2024:14:10:43 +0000] "GET /public/backEnd/vendors/css/bootstrap-datetimepicker.min.css HTTP/1.1" 200 1383 "http://edu.richinei.com/" "Mozilla/5.0 (Windows NT 10.0; Win64; x64) AppleWebKit/537.36 (KHTML, like Gecko) Chrome/117.0.5938.132 Safari/537.36"
65.154.226.171 - - [13/Apr/2024:14:10:43 +0000] "GET /public/backEnd/vendors/css/bootstrap-datepicker.min.css HTTP/1.1" 200 2459 "http://edu.richinei.com/" "Mozilla/5.0 (Windows NT 10.0; Win64; x64) AppleWebKit/537.36 (KHTML, like Gecko) Chrome/117.0.5938.132 Safari/537.36"
65.154.226.171 - - [13/Apr/2024:14:10:43 +0000] "GET /public/backEnd/vendors/css/themify-icons.css HTTP/1.1" 200 2984 "http://edu.richinei.com/" "Mozilla/5.0 (Windows NT 10.0; Win64; x64) AppleWebKit/537.36 (KHTML, like Gecko) Chrome/117.0.5938.132 Safari/537.36"
65.154.226.171 - - [13/Apr/2024:14:10:43 +0000] "GET /public/backEnd/vendors/css/jquery-ui.css HTTP/1.1" 200 8395 "http://edu.richinei.com/" "Mozilla/5.0 (Windows NT 10.0; Win64; x64) AppleWebKit/537.36 (KHTML, like Gecko) Chrome/117.0.5938.132 Safari/537.36"
65.154.226.171 - - [13/Apr/2024:14:10:43 +0000] "GET /public/backEnd/vendors/css/font-awesome.min.css HTTP/1.1" 200 6247 "http://edu.richinei.com/" "Mozilla/5.0 (Windows NT 10.0; Win64; x64) AppleWebKit/537.36 (KHTML, like Gecko) Chrome/117.0.5938.132 Safari/537.36"
159.203.96.42 - - [13/Apr/2024:14:10:43 +0000] "GET /config.json HTTP/1.1" 200 1576 "-" "Go-http-client/1.1"
65.154.226.171 - - [13/Apr/2024:14:10:43 +0000] "GET /public/backEnd/vendors/css/owl.carousel.min.css HTTP/1.1" 200 912 "http://edu.richinei.com/" "Mozilla/5.0 (Windows NT 10.0; Win64; x64) AppleWebKit/537.36 (KHTML, like Gecko) Chrome/117.0.5938.132 Safari/537.36"
65.154.226.171 - - [13/Apr/2024:14:10:43 +0000] "GET /public/backEnd/vendors/css/fastselect.min.css HTTP/1.1" 200 1134 "http://edu.richinei.com/" "Mozilla/5.0 (Windows NT 10.0; Win64; x64) AppleWebKit/537.36 (KHTML, like Gecko) Chrome/117.0.5938.132 Safari/537.36"
65.154.226.171 - - [13/Apr/2024:14:10:43 +0000] "GET /public/backEnd/vendors/css/nice-select.css HTTP/1.1" 200 1503 "http://edu.richinei.com/" "Mozilla/5.0 (Windows NT 10.0; Win64; x64) AppleWebKit/537.36 (KHTML, like Gecko) Chrome/117.0.5938.132 Safari/537.36"
65.154.226.171 - - [13/Apr/2024:14:10:43 +0000] "GET /public/backEnd/vendors/css/magnific-popup.css HTTP/1.1" 200 1816 "http://edu.richinei.com/" "Mozilla/5.0 (Windows NT 10.0; Win64; x64) AppleWebKit/537.36 (KHTML, like Gecko) Chrome/117.0.5938.132 Safari/537.36"
65.154.226.171 - - [13/Apr/2024:14:10:43 +0000] "GET /public/backEnd/css/style.css HTTP/1.1" 200 21756 "http://edu.richinei.com/" "Mozilla/5.0 (Windows NT 10.0; Win64; x64) AppleWebKit/537.36 (KHTML, like Gecko) Chrome/117.0.5938.132 Safari/537.36"
65.154.226.171 - - [13/Apr/2024:14:10:43 +0000] "GET /public/backEnd/vendors/css/fullcalendar.print.css HTTP/1.1" 200 1802 "http://edu.richinei.com/" "Mozilla/5.0 (Windows NT 10.0; Win64; x64) AppleWebKit/537.36 (KHTML, like Gecko) Chrome/117.0.5938.132 Safari/537.36"
65.154.226.171 - - [13/Apr/2024:14:10:43 +0000] "GET /public/frontend/css/new_style.css HTTP/1.1" 200 92 "http://edu.richinei.com/" "Mozilla/5.0 (Windows NT 10.0; Win64; x64) AppleWebKit/537.36 (KHTML, like Gecko) Chrome/117.0.5938.132 Safari/537.36"
65.154.226.171 - - [13/Apr/2024:14:10:43 +0000] "GET /public/frontend/css/infix.css HTTP/1.1" 200 747 "http://edu.richinei.com/" "Mozilla/5.0 (Windows NT 10.0; Win64; x64) AppleWebKit/537.36 (KHTML, like Gecko) Chrome/117.0.5938.132 Safari/537.36"
65.154.226.171 - - [13/Apr/2024:14:10:43 +0000] "GET /public/backEnd/vendors/css/fullcalendar.min.css HTTP/1.1" 200 3694 "http://edu.richinei.com/" "Mozilla/5.0 (Windows NT 10.0; Win64; x64) AppleWebKit/537.36 (KHTML, like Gecko) Chrome/117.0.5938.132 Safari/537.36"
65.154.226.171 - - [13/Apr/2024:14:10:43 +0000] "GET /public/backEnd/vendors/js/jquery-3.2.1.min.js HTTP/1.1" 200 30138 "http://edu.richinei.com/" "Mozilla/5.0 (Windows NT 10.0; Win64; x64) AppleWebKit/537.36 (KHTML, like Gecko) Chrome/117.0.5938.132 Safari/537.36"
65.154.226.171 - - [13/Apr/2024:14:10:43 +0000] "GET /public/uploads/events/event1.jpg HTTP/1.1" 200 75471 "http://edu.richinei.com/" "Mozilla/5.0 (Windows NT 10.0; Win64; x64) AppleWebKit/537.36 (KHTML, like Gecko) Chrome/117.0.5938.132 Safari/537.36"
65.154.226.171 - - [13/Apr/2024:14:10:43 +0000] "GET /public/uploads/settings/d104eb144208b278c21f87e66cfe38f4.png HTTP/1.1" 200 127748 "http://edu.richinei.com/" "Mozilla/5.0 (Windows NT 10.0; Win64; x64) AppleWebKit/537.36 (KHTML, like Gecko) Chrome/117.0.5938.132 Safari/537.36"
65.154.226.171 - - [13/Apr/2024:14:10:43 +0000] "GET /public/uploads/events/event2.jpg HTTP/1.1" 200 81411 "http://edu.richinei.com/" "Mozilla/5.0 (Windows NT 10.0; Win64; x64) AppleWebKit/537.36 (KHTML, like Gecko) Chrome/117.0.5938.132 Safari/537.36"
65.154.226.171 - - [13/Apr/2024:14:10:43 +0000] "GET /public/uploads/events/event3.jpg HTTP/1.1" 200 72031 "http://edu.richinei.com/" "Mozilla/5.0 (Windows NT 10.0; Win64; x64) AppleWebKit/537.36 (KHTML, like Gecko) Chrome/117.0.5938.132 Safari/537.36"
65.154.226.171 - - [13/Apr/2024:14:10:43 +0000] "GET /public/uploads/events/event4.jpg HTTP/1.1" 200 59386 "http://edu.richinei.com/" "Mozilla/5.0 (Windows NT 10.0; Win64; x64) AppleWebKit/537.36 (KHTML, like Gecko) Chrome/117.0.5938.132 Safari/537.36"
65.154.226.171 - - [13/Apr/2024:14:10:44 +0000] "GET /public/backEnd/vendors/js/popper.js HTTP/1.1" 200 6906 "http://edu.richinei.com/" "Mozilla/5.0 (Windows NT 10.0; Win64; x64) AppleWebKit/537.36 (KHTML, like Gecko) Chrome/117.0.5938.132 Safari/537.36"
65.154.226.171 - - [13/Apr/2024:14:10:43 +0000] "GET /public/backEnd/vendors/js/jquery-ui.js HTTP/1.1" 200 125168 "http://edu.richinei.com/" "Mozilla/5.0 (Windows NT 10.0; Win64; x64) AppleWebKit/537.36 (KHTML, like Gecko) Chrome/117.0.5938.132 Safari/537.36"
159.203.96.42 - - [13/Apr/2024:14:10:43 +0000] "GET /telescope/requests HTTP/1.1" 404 11078 "-" "Go-http-client/1.1"
65.154.226.171 - - [13/Apr/2024:14:10:44 +0000] "GET /public/backEnd/vendors/js/bootstrap.min.js HTTP/1.1" 200 14054 "http://edu.richinei.com/" "Mozilla/5.0 (Windows NT 10.0; Win64; x64) AppleWebKit/537.36 (KHTML, like Gecko) Chrome/117.0.5938.132 Safari/537.36"
34.118.12.148 - - [13/Apr/2024:14:10:43 +0000] "GET / HTTP/1.1" 200 3952 "-" "Mozilla/5.0 (X11; Linux x86_64) AppleWebKit/537.36 (KHTML, like Gecko) HeadlessChrome/92.0.4515.159 Safari/537.36"
65.154.226.171 - - [13/Apr/2024:14:10:44 +0000] "GET /public/backEnd/vendors/js/nice-select.min.js HTTP/1.1" 200 2250 "http://edu.richinei.com/" "Mozilla/5.0 (Windows NT 10.0; Win64; x64) AppleWebKit/537.36 (KHTML, like Gecko) Chrome/117.0.5938.132 Safari/537.36"
65.154.226.171 - - [13/Apr/2024:14:10:44 +0000] "GET /public/backEnd/vendors/js/jquery.magnific-popup.min.js HTTP/1.1" 200 7346 "http://edu.richinei.com/" "Mozilla/5.0 (Windows NT 10.0; Win64; x64) AppleWebKit/537.36 (KHTML, like Gecko) Chrome/117.0.5938.132 Safari/537.36"
65.154.226.171 - - [13/Apr/2024:14:10:44 +0000] "GET /public/backEnd/vendors/js/morris.min.js HTTP/1.1" 200 10022 "http://edu.richinei.com/" "Mozilla/5.0 (Windows NT 10.0; Win64; x64) AppleWebKit/537.36 (KHTML, like Gecko) Chrome/117.0.5938.132 Safari/537.36"
65.154.226.171 - - [13/Apr/2024:14:10:44 +0000] "GET /public/backEnd/vendors/js/raphael-min.js HTTP/1.1" 200 31338 "http://edu.richinei.com/" "Mozilla/5.0 (Windows NT 10.0; Win64; x64) AppleWebKit/537.36 (KHTML, like Gecko) Chrome/117.0.5938.132 Safari/537.36"
65.154.226.171 - - [13/Apr/2024:14:10:44 +0000] "GET /public/backEnd/vendors/js/owl.carousel.min.js HTTP/1.1" 200 10926 "http://edu.richinei.com/" "Mozilla/5.0 (Windows NT 10.0; Win64; x64) AppleWebKit/537.36 (KHTML, like Gecko) Chrome/117.0.5938.132 Safari/537.36"
65.154.226.171 - - [13/Apr/2024:14:10:44 +0000] "GET /public/backEnd/vendors/js/moment.min.js HTTP/1.1" 200 16804 "http://edu.richinei.com/" "Mozilla/5.0 (Windows NT 10.0; Win64; x64) AppleWebKit/537.36 (KHTML, like Gecko) Chrome/117.0.5938.132 Safari/537.36"
159.203.96.42 - - [13/Apr/2024:14:10:44 +0000] "GET /?rest_route=/wp/v2/users/ HTTP/1.1" 200 3947 "-" "Go-http-client/1.1"
65.154.226.171 - - [13/Apr/2024:14:10:44 +0000] "GET /public/backEnd/vendors/js/print/bootstrap-datetimepicker.min.js HTTP/1.1" 200 9494 "http://edu.richinei.com/" "Mozilla/5.0 (Windows NT 10.0; Win64; x64) AppleWebKit/537.36 (KHTML, like Gecko) Chrome/117.0.5938.132 Safari/537.36"
65.154.226.171 - - [13/Apr/2024:14:10:44 +0000] "GET /public/backEnd/vendors/js/bootstrap-datepicker.min.js HTTP/1.1" 200 12062 "http://edu.richinei.com/" "Mozilla/5.0 (Windows NT 10.0; Win64; x64) AppleWebKit/537.36 (KHTML, like Gecko) Chrome/117.0.5938.132 Safari/537.36"
65.154.226.171 - - [13/Apr/2024:14:10:44 +0000] "GET /public/backEnd/js/main.js HTTP/1.1" 200 6013 "http://edu.richinei.com/" "Mozilla/5.0 (Windows NT 10.0; Win64; x64) AppleWebKit/537.36 (KHTML, like Gecko) Chrome/117.0.5938.132 Safari/537.36"
65.154.226.171 - - [13/Apr/2024:14:10:44 +0000] "GET /public/backEnd/js/custom.js HTTP/1.1" 200 23034 "http://edu.richinei.com/" "Mozilla/5.0 (Windows NT 10.0; Win64; x64) AppleWebKit/537.36 (KHTML, like Gecko) Chrome/117.0.5938.132 Safari/537.36"
34.118.12.148 - - [13/Apr/2024:14:10:45 +0000] "GET /public/backEnd/vendors/css/bootstrap.css HTTP/1.1" 200 23339 "http://edu.richinei.com/" "Mozilla/5.0 (X11; Linux x86_64) AppleWebKit/537.36 (KHTML, like Gecko) HeadlessChrome/92.0.4515.159 Safari/537.36"
65.154.226.171 - - [13/Apr/2024:14:10:45 +0000] "GET /public/backEnd/js/developer.js HTTP/1.1" 200 13239 "http://edu.richinei.com/" "Mozilla/5.0 (Windows NT 10.0; Win64; x64) AppleWebKit/537.36 (KHTML, like Gecko) Chrome/117.0.5938.132 Safari/537.36"
34.118.12.148 - - [13/Apr/2024:14:10:45 +0000] "GET /public/backEnd/vendors/css/jquery-ui.css HTTP/1.1" 200 8395 "http://edu.richinei.com/" "Mozilla/5.0 (X11; Linux x86_64) AppleWebKit/537.36 (KHTML, like Gecko) HeadlessChrome/92.0.4515.159 Safari/537.36"
34.118.12.148 - - [13/Apr/2024:14:10:45 +0000] "GET /public/backEnd/vendors/css/bootstrap-datepicker.min.css HTTP/1.1" 200 2459 "http://edu.richinei.com/" "Mozilla/5.0 (X11; Linux x86_64) AppleWebKit/537.36 (KHTML, like Gecko) HeadlessChrome/92.0.4515.159 Safari/537.36"
34.118.12.148 - - [13/Apr/2024:14:10:45 +0000] "GET /public/backEnd/vendors/css/bootstrap-datetimepicker.min.css HTTP/1.1" 200 1383 "http://edu.richinei.com/" "Mozilla/5.0 (X11; Linux x86_64) AppleWebKit/537.36 (KHTML, like Gecko) HeadlessChrome/92.0.4515.159 Safari/537.36"
34.118.12.148 - - [13/Apr/2024:14:10:45 +0000] "GET /public/backEnd/vendors/css/themify-icons.css HTTP/1.1" 200 2984 "http://edu.richinei.com/" "Mozilla/5.0 (X11; Linux x86_64) AppleWebKit/537.36 (KHTML, like Gecko) HeadlessChrome/92.0.4515.159 Safari/537.36"
34.118.12.148 - - [13/Apr/2024:14:10:45 +0000] "GET /public/backEnd/vendors/css/font-awesome.min.css HTTP/1.1" 200 6247 "http://edu.richinei.com/" "Mozilla/5.0 (X11; Linux x86_64) AppleWebKit/537.36 (KHTML, like Gecko) HeadlessChrome/92.0.4515.159 Safari/537.36"
69.4.234.94 - - [13/Apr/2024:14:10:45 +0000] "GET / HTTP/1.1" 200 3946 "-" "Mozilla/5.0 (Windows NT 10.0; Win64; x64) AppleWebKit/537.36 (KHTML, like Gecko) Chrome/110.0.0.0 Safari/537.36"
34.118.12.148 - - [13/Apr/2024:14:10:46 +0000] "GET /public/backEnd/vendors/css/nice-select.css HTTP/1.1" 200 1503 "http://edu.richinei.com/" "Mozilla/5.0 (X11; Linux x86_64) AppleWebKit/537.36 (KHTML, like Gecko) HeadlessChrome/92.0.4515.159 Safari/537.36"
34.118.12.148 - - [13/Apr/2024:14:10:46 +0000] "GET /public/backEnd/vendors/css/magnific-popup.css HTTP/1.1" 200 1816 "http://edu.richinei.com/" "Mozilla/5.0 (X11; Linux x86_64) AppleWebKit/537.36 (KHTML, like Gecko) HeadlessChrome/92.0.4515.159 Safari/537.36"
34.118.12.148 - - [13/Apr/2024:14:10:46 +0000] "GET /public/backEnd/vendors/css/fastselect.min.css HTTP/1.1" 200 1134 "http://edu.richinei.com/" "Mozilla/5.0 (X11; Linux x86_64) AppleWebKit/537.36 (KHTML, like Gecko) HeadlessChrome/92.0.4515.159 Safari/537.36"
34.118.12.148 - - [13/Apr/2024:14:10:46 +0000] "GET /public/backEnd/vendors/css/owl.carousel.min.css HTTP/1.1" 200 912 "http://edu.richinei.com/" "Mozilla/5.0 (X11; Linux x86_64) AppleWebKit/537.36 (KHTML, like Gecko) HeadlessChrome/92.0.4515.159 Safari/537.36"
34.118.12.148 - - [13/Apr/2024:14:10:46 +0000] "GET /public/backEnd/vendors/css/fullcalendar.min.css HTTP/1.1" 200 3694 "http://edu.richinei.com/" "Mozilla/5.0 (X11; Linux x86_64) AppleWebKit/537.36 (KHTML, like Gecko) HeadlessChrome/92.0.4515.159 Safari/537.36"
34.118.12.148 - - [13/Apr/2024:14:10:46 +0000] "GET /public/backEnd/css/style.css HTTP/1.1" 200 21756 "http://edu.richinei.com/" "Mozilla/5.0 (X11; Linux x86_64) AppleWebKit/537.36 (KHTML, like Gecko) HeadlessChrome/92.0.4515.159 Safari/537.36"
34.118.12.148 - - [13/Apr/2024:14:10:46 +0000] "GET /public/backEnd/vendors/css/fullcalendar.print.css HTTP/1.1" 200 1802 "http://edu.richinei.com/" "Mozilla/5.0 (X11; Linux x86_64) AppleWebKit/537.36 (KHTML, like Gecko) HeadlessChrome/92.0.4515.159 Safari/537.36"
69.4.234.94 - - [13/Apr/2024:14:10:46 +0000] "GET /favicon.ico HTTP/1.1" 404 11078 "-" "Mozilla/5.0 (Windows NT 10.0; Win64; x64) AppleWebKit/537.36 (KHTML, like Gecko) Chrome/110.0.0.0 Safari/537.36"
34.118.12.148 - - [13/Apr/2024:14:10:46 +0000] "GET /public/frontend/css/infix.css HTTP/1.1" 200 747 "http://edu.richinei.com/" "Mozilla/5.0 (X11; Linux x86_64) AppleWebKit/537.36 (KHTML, like Gecko) HeadlessChrome/92.0.4515.159 Safari/537.36"
34.118.12.148 - - [13/Apr/2024:14:10:46 +0000] "GET /public/frontend/css/new_style.css HTTP/1.1" 200 92 "http://edu.richinei.com/" "Mozilla/5.0 (X11; Linux x86_64) AppleWebKit/537.36 (KHTML, like Gecko) HeadlessChrome/92.0.4515.159 Safari/537.36"
34.118.12.148 - - [13/Apr/2024:14:10:46 +0000] "GET /public/backEnd/vendors/js/jquery-3.2.1.min.js HTTP/1.1" 200 30138 "http://edu.richinei.com/" "Mozilla/5.0 (X11; Linux x86_64) AppleWebKit/537.36 (KHTML, like Gecko) HeadlessChrome/92.0.4515.159 Safari/537.36"
69.4.234.94 - - [13/Apr/2024:14:10:47 +0000] "GET /public/uploads/settings/9da728d8a4419f47c78574fece9915b4.png HTTP/1.1" 200 127748 "-" "Mozilla/5.0 (Windows NT 10.0; Win64; x64) AppleWebKit/537.36 (KHTML, like Gecko) Chrome/110.0.0.0 Safari/537.36"
65.154.226.166 - - [13/Apr/2024:14:10:47 +0000] "GET / HTTP/1.1" 200 3950 "-" "Mozilla/5.0 (Windows NT 10.0) AppleWebKit/537.36 (KHTML, like Gecko) Chrome/106.0.0.0 Safari/537.36"
65.154.226.171 - - [13/Apr/2024:14:10:48 +0000] "GET /public/backEnd/fonts/fontawesome-webfont.woff2?v=4.5.0 HTTP/1.1" 200 71896 "http://edu.richinei.com/public/backEnd/vendors/css/font-awesome.min.css" "Mozilla/5.0 (Windows NT 10.0; Win64; x64) AppleWebKit/537.36 (KHTML, like Gecko) Chrome/117.0.5938.132 Safari/537.36"
65.154.226.171 - - [13/Apr/2024:14:10:48 +0000] "GET /public/backEnd/img/client/testimonial-bg.jpg HTTP/1.1" 200 473246 "http://edu.richinei.com/public/backEnd/css/style.css" "Mozilla/5.0 (Windows NT 10.0; Win64; x64) AppleWebKit/537.36 (KHTML, like Gecko) Chrome/117.0.5938.132 Safari/537.36"
34.118.12.148 - - [13/Apr/2024:14:10:48 +0000] "GET /public/backEnd/vendors/js/jquery-ui.js HTTP/1.1" 200 125168 "http://edu.richinei.com/" "Mozilla/5.0 (X11; Linux x86_64) AppleWebKit/537.36 (KHTML, like Gecko) HeadlessChrome/92.0.4515.159 Safari/537.36"
34.118.12.148 - - [13/Apr/2024:14:10:48 +0000] "GET /public/backEnd/vendors/js/popper.js HTTP/1.1" 200 6906 "http://edu.richinei.com/" "Mozilla/5.0 (X11; Linux x86_64) AppleWebKit/537.36 (KHTML, like Gecko) HeadlessChrome/92.0.4515.159 Safari/537.36"
65.154.226.171 - - [13/Apr/2024:14:10:49 +0000] "GET /public/backEnd/img/client/prev.png HTTP/1.1" 200 899 "http://edu.richinei.com/" "Mozilla/5.0 (Windows NT 10.0; Win64; x64) AppleWebKit/537.36 (KHTML, like Gecko) Chrome/117.0.5938.132 Safari/537.36"
65.154.226.171 - - [13/Apr/2024:14:10:49 +0000] "GET /public/backEnd/img/client/next.png HTTP/1.1" 200 885 "http://edu.richinei.com/" "Mozilla/5.0 (Windows NT 10.0; Win64; x64) AppleWebKit/537.36 (KHTML, like Gecko) Chrome/117.0.5938.132 Safari/537.36"
34.118.12.148 - - [13/Apr/2024:14:10:49 +0000] "GET /public/backEnd/vendors/js/bootstrap.min.js HTTP/1.1" 200 14054 "http://edu.richinei.com/" "Mozilla/5.0 (X11; Linux x86_64) AppleWebKit/537.36 (KHTML, like Gecko) HeadlessChrome/92.0.4515.159 Safari/537.36"
34.118.12.148 - - [13/Apr/2024:14:10:49 +0000] "GET /public/backEnd/vendors/js/nice-select.min.js HTTP/1.1" 200 2250 "http://edu.richinei.com/" "Mozilla/5.0 (X11; Linux x86_64) AppleWebKit/537.36 (KHTML, like Gecko) HeadlessChrome/92.0.4515.159 Safari/537.36"
34.118.12.148 - - [13/Apr/2024:14:10:49 +0000] "GET /public/backEnd/vendors/js/jquery.magnific-popup.min.js HTTP/1.1" 200 7346 "http://edu.richinei.com/" "Mozilla/5.0 (X11; Linux x86_64) AppleWebKit/537.36 (KHTML, like Gecko) HeadlessChrome/92.0.4515.159 Safari/537.36"
34.118.12.148 - - [13/Apr/2024:14:10:49 +0000] "GET /public/backEnd/vendors/js/morris.min.js HTTP/1.1" 200 10022 "http://edu.richinei.com/" "Mozilla/5.0 (X11; Linux x86_64) AppleWebKit/537.36 (KHTML, like Gecko) HeadlessChrome/92.0.4515.159 Safari/537.36"
34.118.12.148 - - [13/Apr/2024:14:10:49 +0000] "GET /public/backEnd/vendors/js/raphael-min.js HTTP/1.1" 200 31338 "http://edu.richinei.com/" "Mozilla/5.0 (X11; Linux x86_64) AppleWebKit/537.36 (KHTML, like Gecko) HeadlessChrome/92.0.4515.159 Safari/537.36"
34.118.12.148 - - [13/Apr/2024:14:10:50 +0000] "GET /public/backEnd/fonts/themify.woff?-fvbane HTTP/1.1" 200 56108 "http://edu.richinei.com/public/backEnd/vendors/css/themify-icons.css" "Mozilla/5.0 (X11; Linux x86_64) AppleWebKit/537.36 (KHTML, like Gecko) HeadlessChrome/92.0.4515.159 Safari/537.36"
34.118.12.148 - - [13/Apr/2024:14:10:50 +0000] "GET /public/backEnd/fonts/fontawesome-webfont.woff2?v=4.5.0 HTTP/1.1" 200 71896 "http://edu.richinei.com/public/backEnd/vendors/css/font-awesome.min.css" "Mozilla/5.0 (X11; Linux x86_64) AppleWebKit/537.36 (KHTML, like Gecko) HeadlessChrome/92.0.4515.159 Safari/537.36"
34.118.12.148 - - [13/Apr/2024:14:10:50 +0000] "GET /public/uploads/settings/d104eb144208b278c21f87e66cfe38f4.png HTTP/1.1" 200 127748 "http://edu.richinei.com/" "Mozilla/5.0 (X11; Linux x86_64) AppleWebKit/537.36 (KHTML, like Gecko) HeadlessChrome/92.0.4515.159 Safari/537.36"
34.118.12.148 - - [13/Apr/2024:14:10:50 +0000] "GET /public/backEnd/vendors/js/owl.carousel.min.js HTTP/1.1" 200 10926 "http://edu.richinei.com/" "Mozilla/5.0 (X11; Linux x86_64) AppleWebKit/537.36 (KHTML, like Gecko) HeadlessChrome/92.0.4515.159 Safari/537.36"
34.118.12.148 - - [13/Apr/2024:14:10:50 +0000] "GET /public/backEnd/img/client/home-banner1.jpg HTTP/1.1" 200 534493 "http://edu.richinei.com/" "Mozilla/5.0 (X11; Linux x86_64) AppleWebKit/537.36 (KHTML, like Gecko) HeadlessChrome/92.0.4515.159 Safari/537.36"
34.118.12.148 - - [13/Apr/2024:14:10:50 +0000] "GET /public/backEnd/vendors/js/moment.min.js HTTP/1.1" 200 16804 "http://edu.richinei.com/" "Mozilla/5.0 (X11; Linux x86_64) AppleWebKit/537.36 (KHTML, like Gecko) HeadlessChrome/92.0.4515.159 Safari/537.36"
65.154.226.171 - - [13/Apr/2024:14:10:48 +0000] "GET /public/backEnd/img/client/home-banner1.jpg HTTP/1.1" 200 534493 "http://edu.richinei.com/" "Mozilla/5.0 (Windows NT 10.0; Win64; x64) AppleWebKit/537.36 (KHTML, like Gecko) Chrome/117.0.5938.132 Safari/537.36"
34.118.12.148 - - [13/Apr/2024:14:10:51 +0000] "GET /public/backEnd/vendors/js/print/bootstrap-datetimepicker.min.js HTTP/1.1" 200 9494 "http://edu.richinei.com/" "Mozilla/5.0 (X11; Linux x86_64) AppleWebKit/537.36 (KHTML, like Gecko) HeadlessChrome/92.0.4515.159 Safari/537.36"
34.118.12.148 - - [13/Apr/2024:14:10:51 +0000] "GET /public/backEnd/vendors/js/bootstrap-datepicker.min.js HTTP/1.1" 200 12062 "http://edu.richinei.com/" "Mozilla/5.0 (X11; Linux x86_64) AppleWebKit/537.36 (KHTML, like Gecko) HeadlessChrome/92.0.4515.159 Safari/537.36"
34.118.12.148 - - [13/Apr/2024:14:10:51 +0000] "GET /public/backEnd/js/main.js HTTP/1.1" 200 6013 "http://edu.richinei.com/" "Mozilla/5.0 (X11; Linux x86_64) AppleWebKit/537.36 (KHTML, like Gecko) HeadlessChrome/92.0.4515.159 Safari/537.36"
34.118.12.148 - - [13/Apr/2024:14:10:51 +0000] "GET /public/backEnd/js/custom.js HTTP/1.1" 200 23034 "http://edu.richinei.com/" "Mozilla/5.0 (X11; Linux x86_64) AppleWebKit/537.36 (KHTML, like Gecko) HeadlessChrome/92.0.4515.159 Safari/537.36"
34.118.12.148 - - [13/Apr/2024:14:10:51 +0000] "GET /public/backEnd/js/developer.js HTTP/1.1" 200 13239 "http://edu.richinei.com/" "Mozilla/5.0 (X11; Linux x86_64) AppleWebKit/537.36 (KHTML, like Gecko) HeadlessChrome/92.0.4515.159 Safari/537.36"
34.118.12.148 - - [13/Apr/2024:14:10:52 +0000] "GET /public/uploads/events/event1.jpg HTTP/1.1" 200 75471 "http://edu.richinei.com/" "Mozilla/5.0 (X11; Linux x86_64) AppleWebKit/537.36 (KHTML, like Gecko) HeadlessChrome/92.0.4515.159 Safari/537.36"
34.118.12.148 - - [13/Apr/2024:14:10:52 +0000] "GET /public/uploads/events/event2.jpg HTTP/1.1" 200 81411 "http://edu.richinei.com/" "Mozilla/5.0 (X11; Linux x86_64) AppleWebKit/537.36 (KHTML, like Gecko) HeadlessChrome/92.0.4515.159 Safari/537.36"
34.118.12.148 - - [13/Apr/2024:14:10:52 +0000] "GET /public/uploads/events/event3.jpg HTTP/1.1" 200 72031 "http://edu.richinei.com/" "Mozilla/5.0 (X11; Linux x86_64) AppleWebKit/537.36 (KHTML, like Gecko) HeadlessChrome/92.0.4515.159 Safari/537.36"
34.118.12.148 - - [13/Apr/2024:14:10:52 +0000] "GET /public/uploads/events/event4.jpg HTTP/1.1" 200 59386 "http://edu.richinei.com/" "Mozilla/5.0 (X11; Linux x86_64) AppleWebKit/537.36 (KHTML, like Gecko) HeadlessChrome/92.0.4515.159 Safari/537.36"
34.118.12.148 - - [13/Apr/2024:14:10:52 +0000] "GET /public/backEnd/img/client/testimonial-bg.jpg HTTP/1.1" 200 473246 "http://edu.richinei.com/public/backEnd/css/style.css" "Mozilla/5.0 (X11; Linux x86_64) AppleWebKit/537.36 (KHTML, like Gecko) HeadlessChrome/92.0.4515.159 Safari/537.36"
34.118.12.148 - - [13/Apr/2024:14:10:52 +0000] "GET /public/backEnd/img/client/prev.png HTTP/1.1" 200 899 "http://edu.richinei.com/" "Mozilla/5.0 (X11; Linux x86_64) AppleWebKit/537.36 (KHTML, like Gecko) HeadlessChrome/92.0.4515.159 Safari/537.36"
34.118.12.148 - - [13/Apr/2024:14:10:53 +0000] "GET /public/backEnd/img/client/next.png HTTP/1.1" 200 885 "http://edu.richinei.com/" "Mozilla/5.0 (X11; Linux x86_64) AppleWebKit/537.36 (KHTML, like Gecko) HeadlessChrome/92.0.4515.159 Safari/537.36"
205.169.39.72 - - [13/Apr/2024:14:10:53 +0000] "GET / HTTP/1.1" 200 3950 "-" "Mozilla/5.0 (Windows NT 6.1; Win64; x64) AppleWebKit/537.36 (KHTML, like Gecko) Chrome/83.0.4103.61 Safari/537.36"
205.169.39.72 - - [13/Apr/2024:14:10:54 +0000] "GET /public/backEnd/vendors/js/jquery-3.2.1.min.js HTTP/1.1" 200 30138 "http://edu.richinei.com/" "Mozilla/5.0 (Windows NT 6.1; Win64; x64) AppleWebKit/537.36 (KHTML, like Gecko) Chrome/83.0.4103.61 Safari/537.36"
205.169.39.72 - - [13/Apr/2024:14:10:54 +0000] "GET /public/backEnd/vendors/js/jquery-ui.js HTTP/1.1" 200 125168 "http://edu.richinei.com/" "Mozilla/5.0 (Windows NT 6.1; Win64; x64) AppleWebKit/537.36 (KHTML, like Gecko) Chrome/83.0.4103.61 Safari/537.36"
205.169.39.72 - - [13/Apr/2024:14:10:56 +0000] "GET /public/backEnd/vendors/js/popper.js HTTP/1.1" 200 6906 "http://edu.richinei.com/" "Mozilla/5.0 (Windows NT 6.1; Win64; x64) AppleWebKit/537.36 (KHTML, like Gecko) Chrome/83.0.4103.61 Safari/537.36"
205.169.39.72 - - [13/Apr/2024:14:10:56 +0000] "GET /public/backEnd/vendors/js/bootstrap.min.js HTTP/1.1" 200 14054 "http://edu.richinei.com/" "Mozilla/5.0 (Windows NT 6.1; Win64; x64) AppleWebKit/537.36 (KHTML, like Gecko) Chrome/83.0.4103.61 Safari/537.36"
205.169.39.72 - - [13/Apr/2024:14:10:56 +0000] "GET /public/backEnd/vendors/js/nice-select.min.js HTTP/1.1" 200 2250 "http://edu.richinei.com/" "Mozilla/5.0 (Windows NT 6.1; Win64; x64) AppleWebKit/537.36 (KHTML, like Gecko) Chrome/83.0.4103.61 Safari/537.36"
205.169.39.72 - - [13/Apr/2024:14:10:56 +0000] "GET /public/backEnd/vendors/js/jquery.magnific-popup.min.js HTTP/1.1" 200 7346 "http://edu.richinei.com/" "Mozilla/5.0 (Windows NT 6.1; Win64; x64) AppleWebKit/537.36 (KHTML, like Gecko) Chrome/83.0.4103.61 Safari/537.36"
205.169.39.72 - - [13/Apr/2024:14:10:56 +0000] "GET /public/backEnd/vendors/js/raphael-min.js HTTP/1.1" 200 31338 "http://edu.richinei.com/" "Mozilla/5.0 (Windows NT 6.1; Win64; x64) AppleWebKit/537.36 (KHTML, like Gecko) Chrome/83.0.4103.61 Safari/537.36"
195.211.77.140 - - [13/Apr/2024:14:10:56 +0000] "HEAD / HTTP/1.1" 200 - "-" "Mozilla/5.0 (Windows NT 10.0; Win64; x64) AppleWebKit/537.36 (KHTML, like Gecko) Chrome/108.0.0.0 Safari/537.36"
205.169.39.72 - - [13/Apr/2024:14:10:56 +0000] "GET /public/backEnd/vendors/js/morris.min.js HTTP/1.1" 200 10022 "http://edu.richinei.com/" "Mozilla/5.0 (Windows NT 6.1; Win64; x64) AppleWebKit/537.36 (KHTML, like Gecko) Chrome/83.0.4103.61 Safari/537.36"
205.169.39.72 - - [13/Apr/2024:14:10:56 +0000] "GET /public/backEnd/vendors/js/owl.carousel.min.js HTTP/1.1" 200 10926 "http://edu.richinei.com/" "Mozilla/5.0 (Windows NT 6.1; Win64; x64) AppleWebKit/537.36 (KHTML, like Gecko) Chrome/83.0.4103.61 Safari/537.36"
205.169.39.72 - - [13/Apr/2024:14:10:56 +0000] "GET /public/backEnd/vendors/js/moment.min.js HTTP/1.1" 200 16804 "http://edu.richinei.com/" "Mozilla/5.0 (Windows NT 6.1; Win64; x64) AppleWebKit/537.36 (KHTML, like Gecko) Chrome/83.0.4103.61 Safari/537.36"
65.154.226.171 - - [13/Apr/2024:14:10:57 +0000] "GET /public/backEnd/vendors/css/fullcalendar.min.css HTTP/1.1" 200 3694 "-" "Mozilla/5.0 (Windows NT 10.0) AppleWebKit/537.36 (KHTML, like Gecko) Chrome/106.0.0.0 Safari/537.36"
65.154.226.171 - - [13/Apr/2024:14:10:57 +0000] "GET /public/backEnd/css/style.css HTTP/1.1" 200 21756 "-" "Mozilla/5.0 (Windows NT 10.0) AppleWebKit/537.36 (KHTML, like Gecko) Chrome/106.0.0.0 Safari/537.36"
205.169.39.72 - - [13/Apr/2024:14:10:57 +0000] "GET /public/backEnd/vendors/js/print/bootstrap-datetimepicker.min.js HTTP/1.1" 200 9494 "http://edu.richinei.com/" "Mozilla/5.0 (Windows NT 6.1; Win64; x64) AppleWebKit/537.36 (KHTML, like Gecko) Chrome/83.0.4103.61 Safari/537.36"
205.169.39.72 - - [13/Apr/2024:14:10:57 +0000] "GET /public/backEnd/vendors/js/bootstrap-datepicker.min.js HTTP/1.1" 200 12062 "http://edu.richinei.com/" "Mozilla/5.0 (Windows NT 6.1; Win64; x64) AppleWebKit/537.36 (KHTML, like Gecko) Chrome/83.0.4103.61 Safari/537.36"
205.169.39.72 - - [13/Apr/2024:14:10:57 +0000] "GET /public/backEnd/js/main.js HTTP/1.1" 200 6013 "http://edu.richinei.com/" "Mozilla/5.0 (Windows NT 6.1; Win64; x64) AppleWebKit/537.36 (KHTML, like Gecko) Chrome/83.0.4103.61 Safari/537.36"
205.169.39.72 - - [13/Apr/2024:14:10:58 +0000] "GET /public/backEnd/js/custom.js HTTP/1.1" 200 23034 "http://edu.richinei.com/" "Mozilla/5.0 (Windows NT 6.1; Win64; x64) AppleWebKit/537.36 (KHTML, like Gecko) Chrome/83.0.4103.61 Safari/537.36"
205.169.39.72 - - [13/Apr/2024:14:10:58 +0000] "GET /public/backEnd/js/developer.js HTTP/1.1" 200 13239 "http://edu.richinei.com/" "Mozilla/5.0 (Windows NT 6.1; Win64; x64) AppleWebKit/537.36 (KHTML, like Gecko) Chrome/83.0.4103.61 Safari/537.36"
65.154.226.166 - - [13/Apr/2024:14:10:59 +0000] "GET /public/backEnd/vendors/css/themify-icons.css HTTP/1.1" 200 2984 "-" "Mozilla/5.0 (Windows NT 10.0) AppleWebKit/537.36 (KHTML, like Gecko) Chrome/106.0.0.0 Safari/537.36"
65.154.226.171 - - [13/Apr/2024:14:10:59 +0000] "GET /public/backEnd/vendors/css/bootstrap-datetimepicker.min.css HTTP/1.1" 200 1383 "-" "Mozilla/5.0 (Windows NT 10.0) AppleWebKit/537.36 (KHTML, like Gecko) Chrome/106.0.0.0 Safari/537.36"
205.169.39.72 - - [13/Apr/2024:14:11:01 +0000] "GET / HTTP/1.1" 200 3953 "-" "Mozilla/5.0 (Windows NT 10.0; Win64; x64) AppleWebKit/537.36 (KHTML, like Gecko) Chrome/79.0.3945.79 Safari/537.36"
205.169.39.72 - - [13/Apr/2024:14:11:02 +0000] "GET /public/backEnd/vendors/css/bootstrap.css HTTP/1.1" 200 23339 "http://edu.richinei.com/" "Mozilla/5.0 (Windows NT 10.0; Win64; x64) AppleWebKit/537.36 (KHTML, like Gecko) Chrome/79.0.3945.79 Safari/537.36"
205.169.39.72 - - [13/Apr/2024:14:11:02 +0000] "GET /public/backEnd/vendors/css/bootstrap-datepicker.min.css HTTP/1.1" 200 2459 "http://edu.richinei.com/" "Mozilla/5.0 (Windows NT 10.0; Win64; x64) AppleWebKit/537.36 (KHTML, like Gecko) Chrome/79.0.3945.79 Safari/537.36"
205.169.39.72 - - [13/Apr/2024:14:11:02 +0000] "GET /public/backEnd/vendors/css/bootstrap-datetimepicker.min.css HTTP/1.1" 200 1383 "http://edu.richinei.com/" "Mozilla/5.0 (Windows NT 10.0; Win64; x64) AppleWebKit/537.36 (KHTML, like Gecko) Chrome/79.0.3945.79 Safari/537.36"
205.169.39.72 - - [13/Apr/2024:14:11:02 +0000] "GET /public/backEnd/vendors/css/themify-icons.css HTTP/1.1" 200 2984 "http://edu.richinei.com/" "Mozilla/5.0 (Windows NT 10.0; Win64; x64) AppleWebKit/537.36 (KHTML, like Gecko) Chrome/79.0.3945.79 Safari/537.36"
205.169.39.72 - - [13/Apr/2024:14:11:02 +0000] "GET /public/backEnd/vendors/css/font-awesome.min.css HTTP/1.1" 200 6247 "http://edu.richinei.com/" "Mozilla/5.0 (Windows NT 10.0; Win64; x64) AppleWebKit/537.36 (KHTML, like Gecko) Chrome/79.0.3945.79 Safari/537.36"
205.169.39.72 - - [13/Apr/2024:14:11:02 +0000] "GET /public/backEnd/vendors/css/jquery-ui.css HTTP/1.1" 200 8395 "http://edu.richinei.com/" "Mozilla/5.0 (Windows NT 10.0; Win64; x64) AppleWebKit/537.36 (KHTML, like Gecko) Chrome/79.0.3945.79 Safari/537.36"
205.169.39.72 - - [13/Apr/2024:14:11:02 +0000] "GET /public/backEnd/vendors/css/nice-select.css HTTP/1.1" 200 1503 "http://edu.richinei.com/" "Mozilla/5.0 (Windows NT 10.0; Win64; x64) AppleWebKit/537.36 (KHTML, like Gecko) Chrome/79.0.3945.79 Safari/537.36"
205.169.39.72 - - [13/Apr/2024:14:11:02 +0000] "GET /public/backEnd/vendors/css/magnific-popup.css HTTP/1.1" 200 1816 "http://edu.richinei.com/" "Mozilla/5.0 (Windows NT 10.0; Win64; x64) AppleWebKit/537.36 (KHTML, like Gecko) Chrome/79.0.3945.79 Safari/537.36"
205.169.39.72 - - [13/Apr/2024:14:11:02 +0000] "GET /public/backEnd/vendors/css/fastselect.min.css HTTP/1.1" 200 1134 "http://edu.richinei.com/" "Mozilla/5.0 (Windows NT 10.0; Win64; x64) AppleWebKit/537.36 (KHTML, like Gecko) Chrome/79.0.3945.79 Safari/537.36"
205.169.39.72 - - [13/Apr/2024:14:11:02 +0000] "GET /public/backEnd/vendors/css/fullcalendar.min.css HTTP/1.1" 200 3694 "http://edu.richinei.com/" "Mozilla/5.0 (Windows NT 10.0; Win64; x64) AppleWebKit/537.36 (KHTML, like Gecko) Chrome/79.0.3945.79 Safari/537.36"
205.169.39.72 - - [13/Apr/2024:14:11:02 +0000] "GET /public/backEnd/vendors/css/owl.carousel.min.css HTTP/1.1" 200 912 "http://edu.richinei.com/" "Mozilla/5.0 (Windows NT 10.0; Win64; x64) AppleWebKit/537.36 (KHTML, like Gecko) Chrome/79.0.3945.79 Safari/537.36"
205.169.39.72 - - [13/Apr/2024:14:11:02 +0000] "GET /public/backEnd/css/style.css HTTP/1.1" 200 21756 "http://edu.richinei.com/" "Mozilla/5.0 (Windows NT 10.0; Win64; x64) AppleWebKit/537.36 (KHTML, like Gecko) Chrome/79.0.3945.79 Safari/537.36"
205.169.39.72 - - [13/Apr/2024:14:11:02 +0000] "GET /public/frontend/css/new_style.css HTTP/1.1" 200 92 "http://edu.richinei.com/" "Mozilla/5.0 (Windows NT 10.0; Win64; x64) AppleWebKit/537.36 (KHTML, like Gecko) Chrome/79.0.3945.79 Safari/537.36"
205.169.39.72 - - [13/Apr/2024:14:11:02 +0000] "GET /public/frontend/css/infix.css HTTP/1.1" 200 747 "http://edu.richinei.com/" "Mozilla/5.0 (Windows NT 10.0; Win64; x64) AppleWebKit/537.36 (KHTML, like Gecko) Chrome/79.0.3945.79 Safari/537.36"
205.169.39.72 - - [13/Apr/2024:14:11:02 +0000] "GET /public/backEnd/vendors/css/fullcalendar.print.css HTTP/1.1" 200 1802 "http://edu.richinei.com/" "Mozilla/5.0 (Windows NT 10.0; Win64; x64) AppleWebKit/537.36 (KHTML, like Gecko) Chrome/79.0.3945.79 Safari/537.36"
205.169.39.72 - - [13/Apr/2024:14:11:02 +0000] "GET /public/backEnd/vendors/js/jquery-3.2.1.min.js HTTP/1.1" 200 30138 "http://edu.richinei.com/" "Mozilla/5.0 (Windows NT 10.0; Win64; x64) AppleWebKit/537.36 (KHTML, like Gecko) Chrome/79.0.3945.79 Safari/537.36"
205.169.39.72 - - [13/Apr/2024:14:11:02 +0000] "GET /public/backEnd/vendors/js/jquery-ui.js HTTP/1.1" 200 125168 "http://edu.richinei.com/" "Mozilla/5.0 (Windows NT 10.0; Win64; x64) AppleWebKit/537.36 (KHTML, like Gecko) Chrome/79.0.3945.79 Safari/537.36"
205.169.39.72 - - [13/Apr/2024:14:11:03 +0000] "GET /public/backEnd/vendors/js/popper.js HTTP/1.1" 200 6906 "http://edu.richinei.com/" "Mozilla/5.0 (Windows NT 10.0; Win64; x64) AppleWebKit/537.36 (KHTML, like Gecko) Chrome/79.0.3945.79 Safari/537.36"
