197.210.55.195 - - [18/Feb/2024:17:33:16 +0000] "GET /public/js/registration_custom.js HTTP/1.1" 200 1811 "https://edu.richinei.com/admin-dashboard" "Mozilla/5.0 (Linux; Android 10; K) AppleWebKit/537.36 (KHTML, like Gecko) Chrome/121.0.0.0 Mobile Safari/537.36"
197.210.54.56 - - [18/Feb/2024:17:33:16 +0000] "GET /public/backEnd/vendors/js/daterangepicker.min.js HTTP/1.1" 200 7318 "https://edu.richinei.com/admin-dashboard" "Mozilla/5.0 (Linux; Android 10; K) AppleWebKit/537.36 (KHTML, like Gecko) Chrome/121.0.0.0 Mobile Safari/537.36"
197.210.55.84 - - [18/Feb/2024:17:33:16 +0000] "GET /public/backEnd/vendors/editor/summernote-bs4.js HTTP/1.1" 200 59500 "https://edu.richinei.com/admin-dashboard" "Mozilla/5.0 (Linux; Android 10; K) AppleWebKit/537.36 (KHTML, like Gecko) Chrome/121.0.0.0 Mobile Safari/537.36"
197.210.54.56 - - [18/Feb/2024:17:33:16 +0000] "GET /public/backEnd/multiselect/js/jquery.multiselect.js HTTP/1.1" 200 7734 "https://edu.richinei.com/admin-dashboard" "Mozilla/5.0 (Linux; Android 10; K) AppleWebKit/537.36 (KHTML, like Gecko) Chrome/121.0.0.0 Mobile Safari/537.36"
197.210.55.195 - - [18/Feb/2024:17:33:16 +0000] "GET /Modules/Wallet/Resources/assets/js/wallet.js HTTP/1.1" 200 1143 "https://edu.richinei.com/admin-dashboard" "Mozilla/5.0 (Linux; Android 10; K) AppleWebKit/537.36 (KHTML, like Gecko) Chrome/121.0.0.0 Mobile Safari/537.36"
197.210.55.84 - - [18/Feb/2024:17:33:16 +0000] "GET /public/backEnd/js/search.js HTTP/1.1" 200 482 "https://edu.richinei.com/admin-dashboard" "Mozilla/5.0 (Linux; Android 10; K) AppleWebKit/537.36 (KHTML, like Gecko) Chrome/121.0.0.0 Mobile Safari/537.36"
197.210.227.89 - - [18/Feb/2024:17:33:16 +0000] "GET /public/chat/js/custom.js HTTP/1.1" 200 695 "https://edu.richinei.com/admin-dashboard" "Mozilla/5.0 (Linux; Android 10; K) AppleWebKit/537.36 (KHTML, like Gecko) Chrome/121.0.0.0 Mobile Safari/537.36"
197.210.54.56 - - [18/Feb/2024:17:33:16 +0000] "GET /public/js/app.js HTTP/1.1" 200 291600 "https://edu.richinei.com/admin-dashboard" "Mozilla/5.0 (Linux; Android 10; K) AppleWebKit/537.36 (KHTML, like Gecko) Chrome/121.0.0.0 Mobile Safari/537.36"
203.161.54.34 - - [18/Feb/2024:17:33:19 +0000] "GET /public/uploads/settings/d104eb144208b278c21f87e66cfe38f4.png HTTP/1.0" 200 127748 "-" "-"
197.210.54.56 - - [18/Feb/2024:17:33:18 +0000] "GET /admin-dashboard HTTP/1.1" 200 428450 "https://edu.richinei.com/login" "Mozilla/5.0 (Linux; Android 10; K) AppleWebKit/537.36 (KHTML, like Gecko) Chrome/121.0.0.0 Mobile Safari/537.36"
197.210.54.56 - - [18/Feb/2024:17:33:22 +0000] "GET /public/backEnd/js/vfs_fonts.js HTTP/1.1" 200 3516298 "https://edu.richinei.com/admin-dashboard" "Mozilla/5.0 (Linux; Android 10; K) AppleWebKit/537.36 (KHTML, like Gecko) Chrome/121.0.0.0 Mobile Safari/537.36"
197.210.54.56 - - [18/Feb/2024:17:33:27 +0000] "GET /public/chat/audio/notification.mp3 HTTP/1.1" 206 151908 "https://edu.richinei.com/admin-dashboard" "Mozilla/5.0 (Linux; Android 10; K) AppleWebKit/537.36 (KHTML, like Gecko) Chrome/121.0.0.0 Mobile Safari/537.36"
203.161.54.34 - - [18/Feb/2024:17:33:52 +0000] "GET /public/uploads/settings/d104eb144208b278c21f87e66cfe38f4.png HTTP/1.0" 200 127748 "-" "-"
197.210.55.195 - - [18/Feb/2024:17:33:51 +0000] "GET /visitor HTTP/1.1" 200 426700 "https://edu.richinei.com/admin-dashboard" "Mozilla/5.0 (Linux; Android 10; K) AppleWebKit/537.36 (KHTML, like Gecko) Chrome/121.0.0.0 Mobile Safari/537.36"
197.210.55.195 - - [18/Feb/2024:17:33:57 +0000] "POST /broadcasting/auth HTTP/1.1" 200 96 "https://edu.richinei.com/visitor" "Mozilla/5.0 (Linux; Android 10; K) AppleWebKit/537.36 (KHTML, like Gecko) Chrome/121.0.0.0 Mobile Safari/537.36"
197.210.227.158 - - [18/Feb/2024:17:33:13 +0000] "GET /public/backEnd/js/vfs_fonts.js HTTP/1.1" 200 1724458 "https://edu.richinei.com/admin-dashboard" "Mozilla/5.0 (Linux; Android 10; K) AppleWebKit/537.36 (KHTML, like Gecko) Chrome/121.0.0.0 Mobile Safari/537.36"
197.210.79.130 - - [18/Feb/2024:18:15:13 +0000] "POST /broadcasting/auth HTTP/1.1" 200 96 "https://edu.richinei.com/visitor" "Mozilla/5.0 (Linux; Android 10; K) AppleWebKit/537.36 (KHTML, like Gecko) Chrome/121.0.0.0 Mobile Safari/537.36"
188.166.28.4 - - [18/Feb/2024:18:57:37 +0000] "GET / HTTP/1.1" 200 3689 "-" "Mozilla/5.0 (X11; Linux x86_64) AppleWebKit/537.36 (KHTML, like Gecko) Chrome/108.0.0.0 Safari/537.36"
188.166.28.4 - - [18/Feb/2024:18:57:38 +0000] "GET / HTTP/1.1" 200 3685 "-" "Mozilla/5.0 (X11; Linux x86_64) AppleWebKit/537.36 (KHTML, like Gecko) Chrome/108.0.0.0 Safari/537.36"
197.210.85.27 - - [18/Feb/2024:19:41:22 +0000] "GET / HTTP/1.1" 200 3686 "-" "Mozilla/5.0 (Linux; Android 10; K) AppleWebKit/537.36 (KHTML, like Gecko) Chrome/121.0.0.0 Mobile Safari/537.36"
197.210.84.59 - - [18/Feb/2024:19:41:30 +0000] "GET / HTTP/1.1" 200 3686 "https://edu.richinei.com/" "Mozilla/5.0 (Linux; Android 10; K) AppleWebKit/537.36 (KHTML, like Gecko) Chrome/121.0.0.0 Mobile Safari/537.36"
197.210.78.160 - - [18/Feb/2024:19:41:31 +0000] "GET / HTTP/1.1" 200 3686 "https://edu.richinei.com/" "Mozilla/5.0 (Linux; Android 10; K) AppleWebKit/537.36 (KHTML, like Gecko) Chrome/121.0.0.0 Mobile Safari/537.36"
197.210.85.27 - - [18/Feb/2024:19:41:36 +0000] "GET /contact HTTP/1.1" 200 4158 "https://edu.richinei.com/" "Mozilla/5.0 (Linux; Android 10; K) AppleWebKit/537.36 (KHTML, like Gecko) Chrome/121.0.0.0 Mobile Safari/537.36"
197.210.85.27 - - [18/Feb/2024:19:41:37 +0000] "GET /public/backEnd/vendors/js/gmap3.min.js HTTP/1.1" 200 3806 "https://edu.richinei.com/contact" "Mozilla/5.0 (Linux; Android 10; K) AppleWebKit/537.36 (KHTML, like Gecko) Chrome/121.0.0.0 Mobile Safari/537.36"
197.210.84.59 - - [18/Feb/2024:19:41:37 +0000] "GET /img/client/common-banner1.jpg HTTP/1.1" 404 11086 "https://edu.richinei.com/contact" "Mozilla/5.0 (Linux; Android 10; K) AppleWebKit/537.36 (KHTML, like Gecko) Chrome/121.0.0.0 Mobile Safari/537.36"
197.210.78.160 - - [18/Feb/2024:19:41:54 +0000] "GET /contact HTTP/1.1" 200 4158 "https://edu.richinei.com/contact" "Mozilla/5.0 (Linux; Android 10; K) AppleWebKit/537.36 (KHTML, like Gecko) Chrome/121.0.0.0 Mobile Safari/537.36"
197.210.78.160 - - [18/Feb/2024:19:41:56 +0000] "GET /img/client/common-banner1.jpg HTTP/1.1" 404 11086 "https://edu.richinei.com/contact" "Mozilla/5.0 (Linux; Android 10; K) AppleWebKit/537.36 (KHTML, like Gecko) Chrome/121.0.0.0 Mobile Safari/537.36"
197.210.84.59 - - [18/Feb/2024:19:43:26 +0000] "GET /img/client/common-banner1.jpg HTTP/1.1" 404 11086 "https://edu.richinei.com/contact" "Mozilla/5.0 (Linux; Android 10; K) AppleWebKit/537.36 (KHTML, like Gecko) Chrome/121.0.0.0 Mobile Safari/537.36"
102.90.57.55 - - [19/Feb/2024:13:07:39 +0000] "GET /img/client/common-banner1.jpg HTTP/1.1" 404 11086 "https://edu.richinei.com/contact" "Mozilla/5.0 (Linux; Android 10; K) AppleWebKit/537.36 (KHTML, like Gecko) Chrome/121.0.0.0 Mobile Safari/537.36"
188.165.87.103 - - [19/Feb/2024:13:28:32 +0000] "GET / HTTP/1.1" 200 32805 "-" "Mozilla/5.0 (X11; Ubuntu; Linux x86_64; rv:109.0) Gecko/20100101 Firefox/115.0"
188.165.87.102 - - [19/Feb/2024:13:29:15 +0000] "GET / HTTP/1.1" 200 32759 "-" "Mozilla/5.0 (X11; Ubuntu; Linux x86_64; rv:109.0) Gecko/20100101 Firefox/115.0"
197.210.85.219 - - [19/Feb/2024:15:06:36 +0000] "GET / HTTP/1.1" 200 3684 "-" "Mozilla/5.0 (Windows NT 6.3; Win64; x64) AppleWebKit/537.36 (KHTML, like Gecko) Chrome/105.0.0.0 Safari/537.36"
197.210.78.105 - - [19/Feb/2024:15:06:36 +0000] "GET / HTTP/1.1" 200 3683 "-" "Mozilla/5.0 (Windows NT 6.3; Win64; x64) AppleWebKit/537.36 (KHTML, like Gecko) Chrome/105.0.0.0 Safari/537.36"
197.210.79.216 - - [19/Feb/2024:15:06:39 +0000] "GET /public/backEnd/vendors/css/bootstrap.css HTTP/1.1" 200 23339 "http://edu.richinei.com/" "Mozilla/5.0 (Windows NT 6.3; Win64; x64) AppleWebKit/537.36 (KHTML, like Gecko) Chrome/105.0.0.0 Safari/537.36"
197.210.79.216 - - [19/Feb/2024:15:06:39 +0000] "GET /public/backEnd/vendors/css/themify-icons.css HTTP/1.1" 200 2984 "http://edu.richinei.com/" "Mozilla/5.0 (Windows NT 6.3; Win64; x64) AppleWebKit/537.36 (KHTML, like Gecko) Chrome/105.0.0.0 Safari/537.36"
197.210.85.219 - - [19/Feb/2024:15:06:40 +0000] "GET /public/backEnd/vendors/css/bootstrap-datepicker.min.css HTTP/1.1" 200 2459 "http://edu.richinei.com/" "Mozilla/5.0 (Windows NT 6.3; Win64; x64) AppleWebKit/537.36 (KHTML, like Gecko) Chrome/105.0.0.0 Safari/537.36"
197.210.84.224 - - [19/Feb/2024:15:06:40 +0000] "GET /public/backEnd/vendors/css/bootstrap-datetimepicker.min.css HTTP/1.1" 200 1383 "http://edu.richinei.com/" "Mozilla/5.0 (Windows NT 6.3; Win64; x64) AppleWebKit/537.36 (KHTML, like Gecko) Chrome/105.0.0.0 Safari/537.36"
197.210.85.219 - - [19/Feb/2024:15:06:40 +0000] "GET /public/backEnd/vendors/css/font-awesome.min.css HTTP/1.1" 200 6247 "http://edu.richinei.com/" "Mozilla/5.0 (Windows NT 6.3; Win64; x64) AppleWebKit/537.36 (KHTML, like Gecko) Chrome/105.0.0.0 Safari/537.36"
197.210.79.216 - - [19/Feb/2024:15:06:41 +0000] "GET /public/backEnd/vendors/css/nice-select.css HTTP/1.1" 200 1503 "http://edu.richinei.com/" "Mozilla/5.0 (Windows NT 6.3; Win64; x64) AppleWebKit/537.36 (KHTML, like Gecko) Chrome/105.0.0.0 Safari/537.36"
197.210.85.219 - - [19/Feb/2024:15:06:41 +0000] "GET /public/backEnd/vendors/css/magnific-popup.css HTTP/1.1" 200 1816 "http://edu.richinei.com/" "Mozilla/5.0 (Windows NT 6.3; Win64; x64) AppleWebKit/537.36 (KHTML, like Gecko) Chrome/105.0.0.0 Safari/537.36"
197.210.79.216 - - [19/Feb/2024:15:06:41 +0000] "GET /public/backEnd/vendors/css/jquery-ui.css HTTP/1.1" 200 8395 "http://edu.richinei.com/" "Mozilla/5.0 (Windows NT 6.3; Win64; x64) AppleWebKit/537.36 (KHTML, like Gecko) Chrome/105.0.0.0 Safari/537.36"
197.210.79.216 - - [19/Feb/2024:15:06:41 +0000] "GET /public/backEnd/vendors/css/fastselect.min.css HTTP/1.1" 200 1134 "http://edu.richinei.com/" "Mozilla/5.0 (Windows NT 6.3; Win64; x64) AppleWebKit/537.36 (KHTML, like Gecko) Chrome/105.0.0.0 Safari/537.36"
197.210.84.224 - - [19/Feb/2024:15:06:41 +0000] "GET /public/backEnd/vendors/css/owl.carousel.min.css HTTP/1.1" 200 912 "http://edu.richinei.com/" "Mozilla/5.0 (Windows NT 6.3; Win64; x64) AppleWebKit/537.36 (KHTML, like Gecko) Chrome/105.0.0.0 Safari/537.36"
197.210.79.216 - - [19/Feb/2024:15:06:42 +0000] "GET /public/backEnd/vendors/css/fullcalendar.min.css HTTP/1.1" 200 3694 "http://edu.richinei.com/" "Mozilla/5.0 (Windows NT 6.3; Win64; x64) AppleWebKit/537.36 (KHTML, like Gecko) Chrome/105.0.0.0 Safari/537.36"
197.210.79.216 - - [19/Feb/2024:15:06:42 +0000] "GET /public/backEnd/vendors/css/fullcalendar.print.css HTTP/1.1" 200 1802 "http://edu.richinei.com/" "Mozilla/5.0 (Windows NT 6.3; Win64; x64) AppleWebKit/537.36 (KHTML, like Gecko) Chrome/105.0.0.0 Safari/537.36"
197.210.85.219 - - [19/Feb/2024:15:06:42 +0000] "GET /public/backEnd/css/style.css HTTP/1.1" 200 21756 "http://edu.richinei.com/" "Mozilla/5.0 (Windows NT 6.3; Win64; x64) AppleWebKit/537.36 (KHTML, like Gecko) Chrome/105.0.0.0 Safari/537.36"
197.210.79.216 - - [19/Feb/2024:15:06:42 +0000] "GET /public/frontend/css/new_style.css HTTP/1.1" 200 92 "http://edu.richinei.com/" "Mozilla/5.0 (Windows NT 6.3; Win64; x64) AppleWebKit/537.36 (KHTML, like Gecko) Chrome/105.0.0.0 Safari/537.36"
197.210.79.216 - - [19/Feb/2024:15:06:42 +0000] "GET /public/backEnd/vendors/js/jquery-3.2.1.min.js HTTP/1.1" 200 30138 "http://edu.richinei.com/" "Mozilla/5.0 (Windows NT 6.3; Win64; x64) AppleWebKit/537.36 (KHTML, like Gecko) Chrome/105.0.0.0 Safari/537.36"
197.210.84.224 - - [19/Feb/2024:15:06:42 +0000] "GET /public/frontend/css/infix.css HTTP/1.1" 200 747 "http://edu.richinei.com/" "Mozilla/5.0 (Windows NT 6.3; Win64; x64) AppleWebKit/537.36 (KHTML, like Gecko) Chrome/105.0.0.0 Safari/537.36"
197.210.85.219 - - [19/Feb/2024:15:06:43 +0000] "GET /public/backEnd/vendors/js/jquery-ui.js HTTP/1.1" 200 125168 "http://edu.richinei.com/" "Mozilla/5.0 (Windows NT 6.3; Win64; x64) AppleWebKit/537.36 (KHTML, like Gecko) Chrome/105.0.0.0 Safari/537.36"
197.210.84.224 - - [19/Feb/2024:15:06:44 +0000] "GET /public/backEnd/vendors/js/bootstrap.min.js HTTP/1.1" 200 14054 "http://edu.richinei.com/" "Mozilla/5.0 (Windows NT 6.3; Win64; x64) AppleWebKit/537.36 (KHTML, like Gecko) Chrome/105.0.0.0 Safari/537.36"
197.210.79.216 - - [19/Feb/2024:15:06:44 +0000] "GET /public/backEnd/vendors/js/jquery.magnific-popup.min.js HTTP/1.1" 200 7346 "http://edu.richinei.com/" "Mozilla/5.0 (Windows NT 6.3; Win64; x64) AppleWebKit/537.36 (KHTML, like Gecko) Chrome/105.0.0.0 Safari/537.36"
197.210.79.216 - - [19/Feb/2024:15:06:44 +0000] "GET /public/backEnd/vendors/js/popper.js HTTP/1.1" 200 6906 "http://edu.richinei.com/" "Mozilla/5.0 (Windows NT 6.3; Win64; x64) AppleWebKit/537.36 (KHTML, like Gecko) Chrome/105.0.0.0 Safari/537.36"
197.210.79.216 - - [19/Feb/2024:15:06:44 +0000] "GET /public/backEnd/vendors/js/nice-select.min.js HTTP/1.1" 200 2250 "http://edu.richinei.com/" "Mozilla/5.0 (Windows NT 6.3; Win64; x64) AppleWebKit/537.36 (KHTML, like Gecko) Chrome/105.0.0.0 Safari/537.36"
197.210.85.219 - - [19/Feb/2024:15:06:44 +0000] "GET /public/backEnd/vendors/js/raphael-min.js HTTP/1.1" 200 31338 "http://edu.richinei.com/" "Mozilla/5.0 (Windows NT 6.3; Win64; x64) AppleWebKit/537.36 (KHTML, like Gecko) Chrome/105.0.0.0 Safari/537.36"
197.210.79.216 - - [19/Feb/2024:15:06:47 +0000] "GET /public/backEnd/fonts/fontawesome-webfont.woff2?v=4.5.0 HTTP/1.1" 200 71896 "http://edu.richinei.com/public/backEnd/vendors/css/font-awesome.min.css" "Mozilla/5.0 (Windows NT 6.3; Win64; x64) AppleWebKit/537.36 (KHTML, like Gecko) Chrome/105.0.0.0 Safari/537.36"
197.210.85.219 - - [19/Feb/2024:15:06:47 +0000] "GET /public/backEnd/vendors/js/owl.carousel.min.js HTTP/1.1" 200 10926 "http://edu.richinei.com/" "Mozilla/5.0 (Windows NT 6.3; Win64; x64) AppleWebKit/537.36 (KHTML, like Gecko) Chrome/105.0.0.0 Safari/537.36"
197.210.85.219 - - [19/Feb/2024:15:06:47 +0000] "GET /public/backEnd/vendors/js/morris.min.js HTTP/1.1" 200 10022 "http://edu.richinei.com/" "Mozilla/5.0 (Windows NT 6.3; Win64; x64) AppleWebKit/537.36 (KHTML, like Gecko) Chrome/105.0.0.0 Safari/537.36"
197.210.79.216 - - [19/Feb/2024:15:06:47 +0000] "GET /public/backEnd/vendors/js/moment.min.js HTTP/1.1" 200 16804 "http://edu.richinei.com/" "Mozilla/5.0 (Windows NT 6.3; Win64; x64) AppleWebKit/537.36 (KHTML, like Gecko) Chrome/105.0.0.0 Safari/537.36"
197.210.79.216 - - [19/Feb/2024:15:06:47 +0000] "GET /public/uploads/settings/d104eb144208b278c21f87e66cfe38f4.png HTTP/1.1" 200 127748 "http://edu.richinei.com/" "Mozilla/5.0 (Windows NT 6.3; Win64; x64) AppleWebKit/537.36 (KHTML, like Gecko) Chrome/105.0.0.0 Safari/537.36"
197.210.84.224 - - [19/Feb/2024:15:06:47 +0000] "GET /public/backEnd/img/client/home-banner1.jpg HTTP/1.1" 200 534493 "http://edu.richinei.com/" "Mozilla/5.0 (Windows NT 6.3; Win64; x64) AppleWebKit/537.36 (KHTML, like Gecko) Chrome/105.0.0.0 Safari/537.36"
197.210.79.216 - - [19/Feb/2024:15:06:50 +0000] "GET /public/backEnd/vendors/js/print/bootstrap-datetimepicker.min.js HTTP/1.1" 200 9494 "http://edu.richinei.com/" "Mozilla/5.0 (Windows NT 6.3; Win64; x64) AppleWebKit/537.36 (KHTML, like Gecko) Chrome/105.0.0.0 Safari/537.36"
197.210.85.219 - - [19/Feb/2024:15:06:51 +0000] "GET /public/backEnd/vendors/js/bootstrap-datepicker.min.js HTTP/1.1" 200 12062 "http://edu.richinei.com/" "Mozilla/5.0 (Windows NT 6.3; Win64; x64) AppleWebKit/537.36 (KHTML, like Gecko) Chrome/105.0.0.0 Safari/537.36"
197.210.85.219 - - [19/Feb/2024:15:06:51 +0000] "GET /public/backEnd/js/custom.js HTTP/1.1" 200 23034 "http://edu.richinei.com/" "Mozilla/5.0 (Windows NT 6.3; Win64; x64) AppleWebKit/537.36 (KHTML, like Gecko) Chrome/105.0.0.0 Safari/537.36"
197.210.84.224 - - [19/Feb/2024:15:06:51 +0000] "GET /public/backEnd/js/developer.js HTTP/1.1" 200 13239 "http://edu.richinei.com/" "Mozilla/5.0 (Windows NT 6.3; Win64; x64) AppleWebKit/537.36 (KHTML, like Gecko) Chrome/105.0.0.0 Safari/537.36"
197.210.79.216 - - [19/Feb/2024:15:06:51 +0000] "GET /public/backEnd/js/main.js HTTP/1.1" 200 6013 "http://edu.richinei.com/" "Mozilla/5.0 (Windows NT 6.3; Win64; x64) AppleWebKit/537.36 (KHTML, like Gecko) Chrome/105.0.0.0 Safari/537.36"
197.210.79.216 - - [19/Feb/2024:15:06:52 +0000] "GET /public/uploads/events/event1.jpg HTTP/1.1" 200 75471 "http://edu.richinei.com/" "Mozilla/5.0 (Windows NT 6.3; Win64; x64) AppleWebKit/537.36 (KHTML, like Gecko) Chrome/105.0.0.0 Safari/537.36"
197.210.79.216 - - [19/Feb/2024:15:06:52 +0000] "GET /public/uploads/events/event2.jpg HTTP/1.1" 200 81411 "http://edu.richinei.com/" "Mozilla/5.0 (Windows NT 6.3; Win64; x64) AppleWebKit/537.36 (KHTML, like Gecko) Chrome/105.0.0.0 Safari/537.36"
197.210.85.219 - - [19/Feb/2024:15:06:52 +0000] "GET /public/uploads/events/event3.jpg HTTP/1.1" 200 72031 "http://edu.richinei.com/" "Mozilla/5.0 (Windows NT 6.3; Win64; x64) AppleWebKit/537.36 (KHTML, like Gecko) Chrome/105.0.0.0 Safari/537.36"
197.210.79.216 - - [19/Feb/2024:15:06:52 +0000] "GET /public/uploads/events/event4.jpg HTTP/1.1" 200 59386 "http://edu.richinei.com/" "Mozilla/5.0 (Windows NT 6.3; Win64; x64) AppleWebKit/537.36 (KHTML, like Gecko) Chrome/105.0.0.0 Safari/537.36"
197.210.84.224 - - [19/Feb/2024:15:06:52 +0000] "GET /public/backEnd/img/client/prev.png HTTP/1.1" 200 899 "http://edu.richinei.com/" "Mozilla/5.0 (Windows NT 6.3; Win64; x64) AppleWebKit/537.36 (KHTML, like Gecko) Chrome/105.0.0.0 Safari/537.36"
197.210.79.216 - - [19/Feb/2024:15:06:54 +0000] "GET /public/backEnd/img/client/next.png HTTP/1.1" 200 885 "http://edu.richinei.com/" "Mozilla/5.0 (Windows NT 6.3; Win64; x64) AppleWebKit/537.36 (KHTML, like Gecko) Chrome/105.0.0.0 Safari/537.36"
197.210.85.219 - - [19/Feb/2024:15:06:52 +0000] "GET /public/backEnd/img/client/testimonial-bg.jpg HTTP/1.1" 200 473246 "http://edu.richinei.com/public/backEnd/css/style.css" "Mozilla/5.0 (Windows NT 6.3; Win64; x64) AppleWebKit/537.36 (KHTML, like Gecko) Chrome/105.0.0.0 Safari/537.36"
197.210.85.219 - - [19/Feb/2024:15:06:55 +0000] "GET /public/uploads/settings/9da728d8a4419f47c78574fece9915b4.png HTTP/1.1" 200 127748 "http://edu.richinei.com/" "Mozilla/5.0 (Windows NT 6.3; Win64; x64) AppleWebKit/537.36 (KHTML, like Gecko) Chrome/105.0.0.0 Safari/537.36"
197.210.85.219 - - [19/Feb/2024:15:06:59 +0000] "GET /login HTTP/1.1" 200 2182 "http://edu.richinei.com/" "Mozilla/5.0 (Windows NT 6.3; Win64; x64) AppleWebKit/537.36 (KHTML, like Gecko) Chrome/105.0.0.0 Safari/537.36"
197.210.79.216 - - [19/Feb/2024:15:07:00 +0000] "GET /public/backEnd/vendors/js/select2/select2.css HTTP/1.1" 200 2967 "http://edu.richinei.com/login" "Mozilla/5.0 (Windows NT 6.3; Win64; x64) AppleWebKit/537.36 (KHTML, like Gecko) Chrome/105.0.0.0 Safari/537.36"
197.210.85.219 - - [19/Feb/2024:15:07:00 +0000] "GET /public/backEnd/vendors/css/toastr.min.css HTTP/1.1" 200 3032 "http://edu.richinei.com/login" "Mozilla/5.0 (Windows NT 6.3; Win64; x64) AppleWebKit/537.36 (KHTML, like Gecko) Chrome/105.0.0.0 Safari/537.36"
197.210.78.105 - - [19/Feb/2024:15:07:01 +0000] "GET /public/backEnd/js/login.js HTTP/1.1" 200 572 "http://edu.richinei.com/login" "Mozilla/5.0 (Windows NT 6.3; Win64; x64) AppleWebKit/537.36 (KHTML, like Gecko) Chrome/105.0.0.0 Safari/537.36"
197.210.84.224 - - [19/Feb/2024:15:07:01 +0000] "GET /public/uploads/settings/d104eb144208b278c21f87e66cfe38f4.png HTTP/1.1" 304 - "http://edu.richinei.com/login" "Mozilla/5.0 (Windows NT 6.3; Win64; x64) AppleWebKit/537.36 (KHTML, like Gecko) Chrome/105.0.0.0 Safari/537.36"
197.210.79.216 - - [19/Feb/2024:15:07:01 +0000] "GET /public/backEnd/vendors/js/toastr.min.js HTTP/1.1" 200 2161 "http://edu.richinei.com/login" "Mozilla/5.0 (Windows NT 6.3; Win64; x64) AppleWebKit/537.36 (KHTML, like Gecko) Chrome/105.0.0.0 Safari/537.36"
197.210.85.219 - - [19/Feb/2024:15:07:01 +0000] "GET /public/backEnd/img/login-bg.png HTTP/1.1" 200 129835 "http://edu.richinei.com/login" "Mozilla/5.0 (Windows NT 6.3; Win64; x64) AppleWebKit/537.36 (KHTML, like Gecko) Chrome/105.0.0.0 Safari/537.36"
197.210.84.224 - - [19/Feb/2024:15:07:01 +0000] "GET /public/backEnd/fonts/themify.woff?-fvbane HTTP/1.1" 200 56108 "http://edu.richinei.com/public/backEnd/vendors/css/themify-icons.css" "Mozilla/5.0 (Windows NT 6.3; Win64; x64) AppleWebKit/537.36 (KHTML, like Gecko) Chrome/105.0.0.0 Safari/537.36"
197.210.84.157 - - [19/Feb/2024:15:07:33 +0000] "POST /login HTTP/1.1" 302 362 "http://edu.richinei.com/login" "Mozilla/5.0 (Windows NT 6.3; Win64; x64) AppleWebKit/537.36 (KHTML, like Gecko) Chrome/105.0.0.0 Safari/537.36"
197.210.84.157 - - [19/Feb/2024:15:07:35 +0000] "GET /login HTTP/1.1" 200 2271 "http://edu.richinei.com/login" "Mozilla/5.0 (Windows NT 6.3; Win64; x64) AppleWebKit/537.36 (KHTML, like Gecko) Chrome/105.0.0.0 Safari/537.36"
197.210.85.219 - - [19/Feb/2024:15:07:36 +0000] "GET /public/uploads/settings/d104eb144208b278c21f87e66cfe38f4.png HTTP/1.1" 304 - "http://edu.richinei.com/login" "Mozilla/5.0 (Windows NT 6.3; Win64; x64) AppleWebKit/537.36 (KHTML, like Gecko) Chrome/105.0.0.0 Safari/537.36"
197.210.79.216 - - [19/Feb/2024:15:08:13 +0000] "POST /login HTTP/1.1" 302 362 "http://edu.richinei.com/login" "Mozilla/5.0 (Windows NT 6.3; Win64; x64) AppleWebKit/537.36 (KHTML, like Gecko) Chrome/105.0.0.0 Safari/537.36"
197.210.84.224 - - [19/Feb/2024:15:08:17 +0000] "GET /login HTTP/1.1" 200 2270 "http://edu.richinei.com/login" "Mozilla/5.0 (Windows NT 6.3; Win64; x64) AppleWebKit/537.36 (KHTML, like Gecko) Chrome/105.0.0.0 Safari/537.36"
197.210.79.9 - - [19/Feb/2024:15:08:35 +0000] "GET /public/uploads/settings/d104eb144208b278c21f87e66cfe38f4.png HTTP/1.1" 304 - "http://edu.richinei.com/login" "Mozilla/5.0 (Windows NT 6.3; Win64; x64) AppleWebKit/537.36 (KHTML, like Gecko) Chrome/105.0.0.0 Safari/537.36"
51.254.49.101 - - [19/Feb/2024:15:44:05 +0000] "GET / HTTP/1.1" 200 32805 "-" "Mozilla/5.0 (X11; Ubuntu; Linux x86_64; rv:109.0) Gecko/20100101 Firefox/115.0"
197.210.85.225 - - [19/Feb/2024:15:52:25 +0000] "GET / HTTP/1.1" 200 3684 "-" "Mozilla/5.0 (Linux; Android 10; K) AppleWebKit/537.36 (KHTML, like Gecko) Chrome/121.0.0.0 Mobile Safari/537.36"
197.210.85.225 - - [19/Feb/2024:15:52:27 +0000] "GET /public/uploads/settings/d104eb144208b278c21f87e66cfe38f4.png HTTP/1.1" 304 - "https://edu.richinei.com/" "Mozilla/5.0 (Linux; Android 10; K) AppleWebKit/537.36 (KHTML, like Gecko) Chrome/121.0.0.0 Mobile Safari/537.36"
197.210.85.225 - - [19/Feb/2024:15:52:29 +0000] "GET /login HTTP/1.1" 200 2185 "https://edu.richinei.com/" "Mozilla/5.0 (Linux; Android 10; K) AppleWebKit/537.36 (KHTML, like Gecko) Chrome/121.0.0.0 Mobile Safari/537.36"
197.210.85.225 - - [19/Feb/2024:15:52:34 +0000] "POST /login HTTP/1.1" 302 390 "https://edu.richinei.com/login" "Mozilla/5.0 (Linux; Android 10; K) AppleWebKit/537.36 (KHTML, like Gecko) Chrome/121.0.0.0 Mobile Safari/537.36"
197.210.79.153 - - [19/Feb/2024:15:52:35 +0000] "POST /login HTTP/1.1" 302 366 "https://edu.richinei.com/login" "Mozilla/5.0 (Linux; Android 10; K) AppleWebKit/537.36 (KHTML, like Gecko) Chrome/121.0.0.0 Mobile Safari/537.36"
197.210.79.153 - - [19/Feb/2024:15:52:35 +0000] "GET /login HTTP/1.1" 200 2183 "https://edu.richinei.com/login" "Mozilla/5.0 (Linux; Android 10; K) AppleWebKit/537.36 (KHTML, like Gecko) Chrome/121.0.0.0 Mobile Safari/537.36"
197.210.79.153 - - [19/Feb/2024:15:52:40 +0000] "POST /login HTTP/1.1" 302 390 "https://edu.richinei.com/login" "Mozilla/5.0 (Linux; Android 10; K) AppleWebKit/537.36 (KHTML, like Gecko) Chrome/121.0.0.0 Mobile Safari/537.36"
197.210.79.153 - - [19/Feb/2024:15:52:41 +0000] "GET /after-login HTTP/1.1" 302 406 "https://edu.richinei.com/login" "Mozilla/5.0 (Linux; Android 10; K) AppleWebKit/537.36 (KHTML, like Gecko) Chrome/121.0.0.0 Mobile Safari/537.36"
197.210.84.125 - - [19/Feb/2024:15:52:41 +0000] "POST /login HTTP/1.1" 302 366 "https://edu.richinei.com/login" "Mozilla/5.0 (Linux; Android 10; K) AppleWebKit/537.36 (KHTML, like Gecko) Chrome/121.0.0.0 Mobile Safari/537.36"
197.210.84.125 - - [19/Feb/2024:15:52:42 +0000] "GET /login HTTP/1.1" 302 362 "https://edu.richinei.com/login" "Mozilla/5.0 (Linux; Android 10; K) AppleWebKit/537.36 (KHTML, like Gecko) Chrome/121.0.0.0 Mobile Safari/537.36"
197.210.84.125 - - [19/Feb/2024:15:52:43 +0000] "GET /home HTTP/1.1" 200 3688 "https://edu.richinei.com/login" "Mozilla/5.0 (Linux; Android 10; K) AppleWebKit/537.36 (KHTML, like Gecko) Chrome/121.0.0.0 Mobile Safari/537.36"
197.210.85.61 - - [19/Feb/2024:15:53:02 +0000] "GET / HTTP/1.1" 200 3688 "https://edu.richinei.com/home" "Mozilla/5.0 (Linux; Android 10; K) AppleWebKit/537.36 (KHTML, like Gecko) Chrome/121.0.0.0 Mobile Safari/537.36"
197.210.85.61 - - [19/Feb/2024:15:53:07 +0000] "GET /course HTTP/1.1" 200 3388 "https://edu.richinei.com/" "Mozilla/5.0 (Linux; Android 10; K) AppleWebKit/537.36 (KHTML, like Gecko) Chrome/121.0.0.0 Mobile Safari/537.36"
197.210.85.61 - - [19/Feb/2024:15:53:08 +0000] "GET /public/uploads/about_page/about.jpg HTTP/1.1" 404 11085 "https://edu.richinei.com/course" "Mozilla/5.0 (Linux; Android 10; K) AppleWebKit/537.36 (KHTML, like Gecko) Chrome/121.0.0.0 Mobile Safari/537.36"
203.161.54.34 - - [19/Feb/2024:15:53:12 +0000] "GET /public/uploads/settings/d104eb144208b278c21f87e66cfe38f4.png HTTP/1.0" 200 127748 "-" "-"
197.210.85.61 - - [19/Feb/2024:15:53:11 +0000] "GET /admin-dashboard HTTP/1.1" 200 428456 "https://edu.richinei.com/course" "Mozilla/5.0 (Linux; Android 10; K) AppleWebKit/537.36 (KHTML, like Gecko) Chrome/121.0.0.0 Mobile Safari/537.36"
203.161.54.34 - - [19/Feb/2024:15:53:26 +0000] "GET /public/uploads/settings/d104eb144208b278c21f87e66cfe38f4.png HTTP/1.0" 200 127748 "-" "-"
197.210.85.61 - - [19/Feb/2024:15:53:25 +0000] "GET /section HTTP/1.1" 200 426068 "https://edu.richinei.com/admin-dashboard" "Mozilla/5.0 (Linux; Android 10; K) AppleWebKit/537.36 (KHTML, like Gecko) Chrome/121.0.0.0 Mobile Safari/537.36"
197.210.85.61 - - [19/Feb/2024:15:53:33 +0000] "POST /broadcasting/auth HTTP/1.1" 200 96 "https://edu.richinei.com/section" "Mozilla/5.0 (Linux; Android 10; K) AppleWebKit/537.36 (KHTML, like Gecko) Chrome/121.0.0.0 Mobile Safari/537.36"
197.210.85.61 - - [19/Feb/2024:15:53:43 +0000] "POST /logout HTTP/1.1" 302 366 "https://edu.richinei.com/section" "Mozilla/5.0 (Linux; Android 10; K) AppleWebKit/537.36 (KHTML, like Gecko) Chrome/121.0.0.0 Mobile Safari/537.36"
197.210.85.61 - - [19/Feb/2024:15:53:44 +0000] "GET /login HTTP/1.1" 200 2184 "https://edu.richinei.com/section" "Mozilla/5.0 (Linux; Android 10; K) AppleWebKit/537.36 (KHTML, like Gecko) Chrome/121.0.0.0 Mobile Safari/537.36"
197.210.85.213 - - [19/Feb/2024:16:19:58 +0000] "GET / HTTP/1.1" 200 3684 "-" "Mozilla/5.0 (Windows NT 10.0; Win64; x64) AppleWebKit/537.36 (KHTML, like Gecko) Chrome/121.0.0.0 Safari/537.36"
197.210.85.213 - - [19/Feb/2024:16:19:59 +0000] "GET /public/backEnd/vendors/css/owl.carousel.min.css HTTP/1.1" 200 912 "https://edu.richinei.com/" "Mozilla/5.0 (Windows NT 10.0; Win64; x64) AppleWebKit/537.36 (KHTML, like Gecko) Chrome/121.0.0.0 Safari/537.36"
197.210.85.62 - - [19/Feb/2024:16:19:59 +0000] "GET /public/frontend/css/infix.css HTTP/1.1" 200 747 "https://edu.richinei.com/" "Mozilla/5.0 (Windows NT 10.0; Win64; x64) AppleWebKit/537.36 (KHTML, like Gecko) Chrome/121.0.0.0 Safari/537.36"
197.210.78.213 - - [19/Feb/2024:16:19:59 +0000] "GET /public/backEnd/vendors/css/fullcalendar.print.css HTTP/1.1" 200 1802 "https://edu.richinei.com/" "Mozilla/5.0 (Windows NT 10.0; Win64; x64) AppleWebKit/537.36 (KHTML, like Gecko) Chrome/121.0.0.0 Safari/537.36"
197.210.85.213 - - [19/Feb/2024:16:19:59 +0000] "GET /public/frontend/css/new_style.css HTTP/1.1" 200 92 "https://edu.richinei.com/" "Mozilla/5.0 (Windows NT 10.0; Win64; x64) AppleWebKit/537.36 (KHTML, like Gecko) Chrome/121.0.0.0 Safari/537.36"
197.210.78.213 - - [19/Feb/2024:16:19:59 +0000] "GET /public/uploads/settings/d104eb144208b278c21f87e66cfe38f4.png HTTP/1.1" 304 - "https://edu.richinei.com/" "Mozilla/5.0 (Windows NT 10.0; Win64; x64) AppleWebKit/537.36 (KHTML, like Gecko) Chrome/121.0.0.0 Safari/537.36"
197.210.85.62 - - [19/Feb/2024:16:19:59 +0000] "GET /public/uploads/events/event1.jpg HTTP/1.1" 200 75471 "https://edu.richinei.com/" "Mozilla/5.0 (Windows NT 10.0; Win64; x64) AppleWebKit/537.36 (KHTML, like Gecko) Chrome/121.0.0.0 Safari/537.36"
197.210.84.59 - - [19/Feb/2024:16:20:00 +0000] "GET /public/backEnd/vendors/js/owl.carousel.min.js HTTP/1.1" 200 10926 "https://edu.richinei.com/" "Mozilla/5.0 (Windows NT 10.0; Win64; x64) AppleWebKit/537.36 (KHTML, like Gecko) Chrome/121.0.0.0 Safari/537.36"
197.210.78.86 - - [19/Feb/2024:16:20:00 +0000] "GET /public/uploads/events/event2.jpg HTTP/1.1" 200 81411 "https://edu.richinei.com/" "Mozilla/5.0 (Windows NT 10.0; Win64; x64) AppleWebKit/537.36 (KHTML, like Gecko) Chrome/121.0.0.0 Safari/537.36"
197.210.85.62 - - [19/Feb/2024:16:20:00 +0000] "GET /public/backEnd/vendors/js/print/bootstrap-datetimepicker.min.js HTTP/1.1" 200 9494 "https://edu.richinei.com/" "Mozilla/5.0 (Windows NT 10.0; Win64; x64) AppleWebKit/537.36 (KHTML, like Gecko) Chrome/121.0.0.0 Safari/537.36"
197.210.85.213 - - [19/Feb/2024:16:20:00 +0000] "GET /public/uploads/events/event3.jpg HTTP/1.1" 200 72031 "https://edu.richinei.com/" "Mozilla/5.0 (Windows NT 10.0; Win64; x64) AppleWebKit/537.36 (KHTML, like Gecko) Chrome/121.0.0.0 Safari/537.36"
197.210.78.213 - - [19/Feb/2024:16:20:00 +0000] "GET /public/uploads/events/event4.jpg HTTP/1.1" 200 59386 "https://edu.richinei.com/" "Mozilla/5.0 (Windows NT 10.0; Win64; x64) AppleWebKit/537.36 (KHTML, like Gecko) Chrome/121.0.0.0 Safari/537.36"
197.210.78.213 - - [19/Feb/2024:16:20:01 +0000] "GET /public/backEnd/img/client/prev.png HTTP/1.1" 200 899 "https://edu.richinei.com/" "Mozilla/5.0 (Windows NT 10.0; Win64; x64) AppleWebKit/537.36 (KHTML, like Gecko) Chrome/121.0.0.0 Safari/537.36"
197.210.85.213 - - [19/Feb/2024:16:20:01 +0000] "GET /public/backEnd/img/client/next.png HTTP/1.1" 200 885 "https://edu.richinei.com/" "Mozilla/5.0 (Windows NT 10.0; Win64; x64) AppleWebKit/537.36 (KHTML, like Gecko) Chrome/121.0.0.0 Safari/537.36"
197.210.79.144 - - [19/Feb/2024:16:20:00 +0000] "GET /public/backEnd/img/client/home-banner1.jpg HTTP/1.1" 200 534493 "https://edu.richinei.com/" "Mozilla/5.0 (Windows NT 10.0; Win64; x64) AppleWebKit/537.36 (KHTML, like Gecko) Chrome/121.0.0.0 Safari/537.36"
197.210.85.213 - - [19/Feb/2024:16:20:02 +0000] "GET /login HTTP/1.1" 200 2185 "https://edu.richinei.com/" "Mozilla/5.0 (Windows NT 10.0; Win64; x64) AppleWebKit/537.36 (KHTML, like Gecko) Chrome/121.0.0.0 Safari/537.36"
197.210.85.62 - - [19/Feb/2024:16:20:01 +0000] "GET /public/backEnd/img/client/testimonial-bg.jpg HTTP/1.1" 200 473246 "https://edu.richinei.com/public/backEnd/css/style.css" "Mozilla/5.0 (Windows NT 10.0; Win64; x64) AppleWebKit/537.36 (KHTML, like Gecko) Chrome/121.0.0.0 Safari/537.36"
197.210.78.86 - - [19/Feb/2024:16:20:06 +0000] "POST /login HTTP/1.1" 302 390 "https://edu.richinei.com/login" "Mozilla/5.0 (Windows NT 10.0; Win64; x64) AppleWebKit/537.36 (KHTML, like Gecko) Chrome/121.0.0.0 Safari/537.36"
197.210.78.86 - - [19/Feb/2024:16:20:07 +0000] "GET /after-login HTTP/1.1" 302 406 "https://edu.richinei.com/login" "Mozilla/5.0 (Windows NT 10.0; Win64; x64) AppleWebKit/537.36 (KHTML, like Gecko) Chrome/121.0.0.0 Safari/537.36"
203.161.54.34 - - [19/Feb/2024:16:20:08 +0000] "GET /public/uploads/settings/d104eb144208b278c21f87e66cfe38f4.png HTTP/1.0" 200 127748 "-" "-"
197.210.78.86 - - [19/Feb/2024:16:20:08 +0000] "GET /admin-dashboard HTTP/1.1" 200 428453 "https://edu.richinei.com/login" "Mozilla/5.0 (Windows NT 10.0; Win64; x64) AppleWebKit/537.36 (KHTML, like Gecko) Chrome/121.0.0.0 Safari/537.36"
197.210.78.86 - - [19/Feb/2024:16:20:13 +0000] "POST /broadcasting/auth HTTP/1.1" 200 96 "https://edu.richinei.com/admin-dashboard" "Mozilla/5.0 (Windows NT 10.0; Win64; x64) AppleWebKit/537.36 (KHTML, like Gecko) Chrome/121.0.0.0 Safari/537.36"
203.161.54.34 - - [19/Feb/2024:16:20:20 +0000] "GET /public/uploads/settings/d104eb144208b278c21f87e66cfe38f4.png HTTP/1.0" 200 127748 "-" "-"
197.210.78.213 - - [19/Feb/2024:16:20:19 +0000] "GET /admin-dashboard HTTP/1.1" 200 428453 "https://edu.richinei.com/admin-dashboard" "Mozilla/5.0 (Windows NT 10.0; Win64; x64) AppleWebKit/537.36 (KHTML, like Gecko) Chrome/121.0.0.0 Safari/537.36"
197.210.78.213 - - [19/Feb/2024:16:20:24 +0000] "POST /broadcasting/auth HTTP/1.1" 200 96 "https://edu.richinei.com/admin-dashboard" "Mozilla/5.0 (Windows NT 10.0; Win64; x64) AppleWebKit/537.36 (KHTML, like Gecko) Chrome/121.0.0.0 Safari/537.36"
102.90.58.79 - - [19/Feb/2024:16:25:34 +0000] "GET /logout HTTP/1.1" 302 366 "-" "Mozilla/5.0 (Windows NT 10.0; Win64; x64) AppleWebKit/537.36 (KHTML, like Gecko) Chrome/121.0.0.0 Safari/537.36"
102.90.57.193 - - [19/Feb/2024:16:25:35 +0000] "GET /login HTTP/1.1" 200 2178 "-" "Mozilla/5.0 (Windows NT 10.0; Win64; x64) AppleWebKit/537.36 (KHTML, like Gecko) Chrome/121.0.0.0 Safari/537.36"
102.90.57.193 - - [19/Feb/2024:16:25:39 +0000] "POST /login HTTP/1.1" 302 390 "https://edu.richinei.com/login" "Mozilla/5.0 (Windows NT 10.0; Win64; x64) AppleWebKit/537.36 (KHTML, like Gecko) Chrome/121.0.0.0 Safari/537.36"
102.90.57.193 - - [19/Feb/2024:16:25:40 +0000] "GET /after-login HTTP/1.1" 302 406 "https://edu.richinei.com/login" "Mozilla/5.0 (Windows NT 10.0; Win64; x64) AppleWebKit/537.36 (KHTML, like Gecko) Chrome/121.0.0.0 Safari/537.36"
203.161.54.34 - - [19/Feb/2024:16:25:41 +0000] "GET /public/uploads/settings/d104eb144208b278c21f87e66cfe38f4.png HTTP/1.0" 200 127748 "-" "-"
102.90.57.193 - - [19/Feb/2024:16:25:40 +0000] "GET /admin-dashboard HTTP/1.1" 200 428454 "https://edu.richinei.com/login" "Mozilla/5.0 (Windows NT 10.0; Win64; x64) AppleWebKit/537.36 (KHTML, like Gecko) Chrome/121.0.0.0 Safari/537.36"
102.90.57.193 - - [19/Feb/2024:16:25:45 +0000] "POST /broadcasting/auth HTTP/1.1" 200 96 "https://edu.richinei.com/admin-dashboard" "Mozilla/5.0 (Windows NT 10.0; Win64; x64) AppleWebKit/537.36 (KHTML, like Gecko) Chrome/121.0.0.0 Safari/537.36"
203.161.54.34 - - [19/Feb/2024:16:25:54 +0000] "GET /public/uploads/settings/d104eb144208b278c21f87e66cfe38f4.png HTTP/1.0" 200 127748 "-" "-"
102.90.57.247 - - [19/Feb/2024:16:25:54 +0000] "GET /admin-dashboard HTTP/1.1" 200 153834 "https://edu.richinei.com/admin-dashboard" "Mozilla/5.0 (Windows NT 10.0; Win64; x64) AppleWebKit/537.36 (KHTML, like Gecko) Chrome/121.0.0.0 Safari/537.36"
203.161.54.34 - - [19/Feb/2024:16:25:55 +0000] "GET /public/uploads/settings/d104eb144208b278c21f87e66cfe38f4.png HTTP/1.0" 200 127748 "-" "-"
102.90.57.193 - - [19/Feb/2024:16:25:54 +0000] "GET /admin-dashboard HTTP/1.1" 200 428454 "https://edu.richinei.com/admin-dashboard" "Mozilla/5.0 (Windows NT 10.0; Win64; x64) AppleWebKit/537.36 (KHTML, like Gecko) Chrome/121.0.0.0 Safari/537.36"
102.90.57.193 - - [19/Feb/2024:16:25:59 +0000] "POST /broadcasting/auth HTTP/1.1" 200 96 "https://edu.richinei.com/admin-dashboard" "Mozilla/5.0 (Windows NT 10.0; Win64; x64) AppleWebKit/537.36 (KHTML, like Gecko) Chrome/121.0.0.0 Safari/537.36"
203.161.54.34 - - [19/Feb/2024:16:29:33 +0000] "GET /public/uploads/settings/d104eb144208b278c21f87e66cfe38f4.png HTTP/1.0" 200 127748 "-" "-"
102.90.58.79 - - [19/Feb/2024:16:29:32 +0000] "GET /admission-query HTTP/1.1" 200 427432 "https://edu.richinei.com/admin-dashboard" "Mozilla/5.0 (Windows NT 10.0; Win64; x64) AppleWebKit/537.36 (KHTML, like Gecko) Chrome/121.0.0.0 Safari/537.36"
203.161.54.34 - - [19/Feb/2024:16:33:05 +0000] "GET /public/uploads/settings/d104eb144208b278c21f87e66cfe38f4.png HTTP/1.0" 200 127748 "-" "-"
102.90.58.47 - - [19/Feb/2024:16:33:04 +0000] "GET /visitor HTTP/1.1" 200 426701 "https://edu.richinei.com/admission-query" "Mozilla/5.0 (Windows NT 10.0; Win64; x64) AppleWebKit/537.36 (KHTML, like Gecko) Chrome/121.0.0.0 Safari/537.36"
102.90.58.254 - - [19/Feb/2024:16:33:21 +0000] "POST /broadcasting/auth HTTP/1.1" 200 96 "https://edu.richinei.com/visitor" "Mozilla/5.0 (Windows NT 10.0; Win64; x64) AppleWebKit/537.36 (KHTML, like Gecko) Chrome/121.0.0.0 Safari/537.36"
102.90.57.193 - - [19/Feb/2024:16:33:34 +0000] "POST /logout HTTP/1.1" 302 366 "https://edu.richinei.com/visitor" "Mozilla/5.0 (Windows NT 10.0; Win64; x64) AppleWebKit/537.36 (KHTML, like Gecko) Chrome/121.0.0.0 Safari/537.36"
102.90.57.193 - - [19/Feb/2024:16:33:35 +0000] "GET /login HTTP/1.1" 200 2184 "https://edu.richinei.com/visitor" "Mozilla/5.0 (Windows NT 10.0; Win64; x64) AppleWebKit/537.36 (KHTML, like Gecko) Chrome/121.0.0.0 Safari/537.36"
102.90.57.193 - - [19/Feb/2024:16:33:50 +0000] "GET /login HTTP/1.1" 200 2184 "-" "Mozilla/5.0 (Windows NT 10.0; Win64; x64) AppleWebKit/537.36 (KHTML, like Gecko) Chrome/121.0.0.0 Safari/537.36"
102.90.57.193 - - [19/Feb/2024:16:33:51 +0000] "GET /public/uploads/settings/9da728d8a4419f47c78574fece9915b4.png HTTP/1.1" 200 127748 "https://edu.richinei.com/login" "Mozilla/5.0 (Windows NT 10.0; Win64; x64) AppleWebKit/537.36 (KHTML, like Gecko) Chrome/121.0.0.0 Safari/537.36"
102.90.57.247 - - [19/Feb/2024:16:35:10 +0000] "POST /login HTTP/1.1" 302 390 "https://edu.richinei.com/login" "Mozilla/5.0 (Windows NT 10.0; Win64; x64) AppleWebKit/537.36 (KHTML, like Gecko) Chrome/121.0.0.0 Safari/537.36"
102.90.57.247 - - [19/Feb/2024:16:35:11 +0000] "GET /after-login HTTP/1.1" 302 406 "https://edu.richinei.com/login" "Mozilla/5.0 (Windows NT 10.0; Win64; x64) AppleWebKit/537.36 (KHTML, like Gecko) Chrome/121.0.0.0 Safari/537.36"
203.161.54.34 - - [19/Feb/2024:16:35:12 +0000] "GET /public/uploads/settings/d104eb144208b278c21f87e66cfe38f4.png HTTP/1.0" 200 127748 "-" "-"
102.90.57.247 - - [19/Feb/2024:16:35:12 +0000] "GET /admin-dashboard HTTP/1.1" 200 428453 "https://edu.richinei.com/login" "Mozilla/5.0 (Windows NT 10.0; Win64; x64) AppleWebKit/537.36 (KHTML, like Gecko) Chrome/121.0.0.0 Safari/537.36"
102.90.57.247 - - [19/Feb/2024:16:35:16 +0000] "POST /broadcasting/auth HTTP/1.1" 200 96 "https://edu.richinei.com/admin-dashboard" "Mozilla/5.0 (Windows NT 10.0; Win64; x64) AppleWebKit/537.36 (KHTML, like Gecko) Chrome/121.0.0.0 Safari/537.36"
203.161.54.34 - - [19/Feb/2024:16:37:16 +0000] "GET /public/uploads/settings/d104eb144208b278c21f87e66cfe38f4.png HTTP/1.0" 200 127748 "-" "-"
102.90.57.193 - - [19/Feb/2024:16:37:16 +0000] "GET /admin-dashboard HTTP/1.1" 200 428453 "https://edu.richinei.com/admin-dashboard" "Mozilla/5.0 (Windows NT 10.0; Win64; x64) AppleWebKit/537.36 (KHTML, like Gecko) Chrome/121.0.0.0 Safari/537.36"
102.90.57.193 - - [19/Feb/2024:16:37:22 +0000] "POST /broadcasting/auth HTTP/1.1" 200 96 "https://edu.richinei.com/admin-dashboard" "Mozilla/5.0 (Windows NT 10.0; Win64; x64) AppleWebKit/537.36 (KHTML, like Gecko) Chrome/121.0.0.0 Safari/537.36"
203.161.54.34 - - [19/Feb/2024:16:41:44 +0000] "GET /public/uploads/settings/d104eb144208b278c21f87e66cfe38f4.png HTTP/1.0" 200 127748 "-" "-"
102.90.57.247 - - [19/Feb/2024:16:41:44 +0000] "GET /admission-query HTTP/1.1" 200 427432 "https://edu.richinei.com/admin-dashboard" "Mozilla/5.0 (Windows NT 10.0; Win64; x64) AppleWebKit/537.36 (KHTML, like Gecko) Chrome/121.0.0.0 Safari/537.36"
102.90.57.247 - - [19/Feb/2024:16:41:49 +0000] "POST /broadcasting/auth HTTP/1.1" 200 96 "https://edu.richinei.com/admission-query" "Mozilla/5.0 (Windows NT 10.0; Win64; x64) AppleWebKit/537.36 (KHTML, like Gecko) Chrome/121.0.0.0 Safari/537.36"
203.161.54.34 - - [19/Feb/2024:16:42:01 +0000] "GET /public/uploads/settings/d104eb144208b278c21f87e66cfe38f4.png HTTP/1.0" 200 127748 "-" "-"
102.90.58.204 - - [19/Feb/2024:16:42:00 +0000] "GET /visitor HTTP/1.1" 200 426700 "https://edu.richinei.com/admission-query" "Mozilla/5.0 (Windows NT 10.0; Win64; x64) AppleWebKit/537.36 (KHTML, like Gecko) Chrome/121.0.0.0 Safari/537.36"
203.161.54.34 - - [19/Feb/2024:16:42:12 +0000] "GET /public/uploads/settings/d104eb144208b278c21f87e66cfe38f4.png HTTP/1.0" 200 127748 "-" "-"
102.90.58.47 - - [19/Feb/2024:16:42:12 +0000] "GET /complaint HTTP/1.1" 200 426609 "https://edu.richinei.com/visitor" "Mozilla/5.0 (Windows NT 10.0; Win64; x64) AppleWebKit/537.36 (KHTML, like Gecko) Chrome/121.0.0.0 Safari/537.36"
203.161.54.34 - - [19/Feb/2024:16:42:20 +0000] "GET /public/uploads/settings/d104eb144208b278c21f87e66cfe38f4.png HTTP/1.0" 200 127748 "-" "-"
102.90.58.254 - - [19/Feb/2024:16:42:20 +0000] "GET /postal-dispatch HTTP/1.1" 200 426563 "https://edu.richinei.com/complaint" "Mozilla/5.0 (Windows NT 10.0; Win64; x64) AppleWebKit/537.36 (KHTML, like Gecko) Chrome/121.0.0.0 Safari/537.36"
203.161.54.34 - - [19/Feb/2024:16:42:26 +0000] "GET /public/uploads/settings/d104eb144208b278c21f87e66cfe38f4.png HTTP/1.0" 200 127748 "-" "-"
102.90.58.254 - - [19/Feb/2024:16:42:26 +0000] "GET /phone-call HTTP/1.1" 200 426647 "https://edu.richinei.com/postal-dispatch" "Mozilla/5.0 (Windows NT 10.0; Win64; x64) AppleWebKit/537.36 (KHTML, like Gecko) Chrome/121.0.0.0 Safari/537.36"
102.90.58.254 - - [19/Feb/2024:16:42:34 +0000] "POST /broadcasting/auth HTTP/1.1" 200 96 "https://edu.richinei.com/phone-call" "Mozilla/5.0 (Windows NT 10.0; Win64; x64) AppleWebKit/537.36 (KHTML, like Gecko) Chrome/121.0.0.0 Safari/537.36"
203.161.54.34 - - [19/Feb/2024:16:42:45 +0000] "GET /public/uploads/settings/d104eb144208b278c21f87e66cfe38f4.png HTTP/1.0" 200 127748 "-" "-"
102.90.58.204 - - [19/Feb/2024:16:42:46 +0000] "GET /Modules/RolePermission/public/css/style.css HTTP/1.1" 200 21276 "https://edu.richinei.com/setup-admin" "Mozilla/5.0 (Windows NT 10.0; Win64; x64) AppleWebKit/537.36 (KHTML, like Gecko) Chrome/121.0.0.0 Safari/537.36"
102.90.58.204 - - [19/Feb/2024:16:42:45 +0000] "GET /setup-admin HTTP/1.1" 200 427364 "https://edu.richinei.com/phone-call" "Mozilla/5.0 (Windows NT 10.0; Win64; x64) AppleWebKit/537.36 (KHTML, like Gecko) Chrome/121.0.0.0 Safari/537.36"
102.90.58.254 - - [19/Feb/2024:16:42:54 +0000] "POST /broadcasting/auth HTTP/1.1" 200 96 "https://edu.richinei.com/setup-admin" "Mozilla/5.0 (Windows NT 10.0; Win64; x64) AppleWebKit/537.36 (KHTML, like Gecko) Chrome/121.0.0.0 Safari/537.36"
203.161.54.34 - - [19/Feb/2024:16:43:02 +0000] "GET /public/uploads/settings/d104eb144208b278c21f87e66cfe38f4.png HTTP/1.0" 200 127748 "-" "-"
102.90.58.18 - - [19/Feb/2024:16:43:02 +0000] "GET /student-certificate HTTP/1.1" 200 427869 "https://edu.richinei.com/setup-admin" "Mozilla/5.0 (Windows NT 10.0; Win64; x64) AppleWebKit/537.36 (KHTML, like Gecko) Chrome/121.0.0.0 Safari/537.36"
102.90.58.18 - - [19/Feb/2024:16:43:06 +0000] "GET /public/uploads/certificate/c.jpg HTTP/1.1" 200 213636 "https://edu.richinei.com/student-certificate" "Mozilla/5.0 (Windows NT 10.0; Win64; x64) AppleWebKit/537.36 (KHTML, like Gecko) Chrome/121.0.0.0 Safari/537.36"
203.161.54.34 - - [19/Feb/2024:16:43:23 +0000] "GET /public/uploads/settings/d104eb144208b278c21f87e66cfe38f4.png HTTP/1.0" 200 127748 "-" "-"
102.90.58.86 - - [19/Feb/2024:16:43:22 +0000] "GET /generate-certificate HTTP/1.1" 200 426087 "https://edu.richinei.com/student-certificate" "Mozilla/5.0 (Windows NT 10.0; Win64; x64) AppleWebKit/537.36 (KHTML, like Gecko) Chrome/121.0.0.0 Safari/537.36"
102.90.58.86 - - [19/Feb/2024:16:43:26 +0000] "GET /public/backEnd/img/demo_wait.gif HTTP/1.1" 200 60185 "https://edu.richinei.com/generate-certificate" "Mozilla/5.0 (Windows NT 10.0; Win64; x64) AppleWebKit/537.36 (KHTML, like Gecko) Chrome/121.0.0.0 Safari/537.36"
203.161.54.34 - - [19/Feb/2024:16:44:27 +0000] "GET /public/uploads/settings/d104eb144208b278c21f87e66cfe38f4.png HTTP/1.0" 200 127748 "-" "-"
102.90.58.18 - - [19/Feb/2024:16:44:27 +0000] "GET /generate-id-card HTTP/1.1" 200 426674 "https://edu.richinei.com/generate-certificate" "Mozilla/5.0 (Windows NT 10.0; Win64; x64) AppleWebKit/537.36 (KHTML, like Gecko) Chrome/121.0.0.0 Safari/537.36"
102.90.58.18 - - [19/Feb/2024:16:44:31 +0000] "POST /broadcasting/auth HTTP/1.1" 200 96 "https://edu.richinei.com/generate-id-card" "Mozilla/5.0 (Windows NT 10.0; Win64; x64) AppleWebKit/537.36 (KHTML, like Gecko) Chrome/121.0.0.0 Safari/537.36"
102.90.57.247 - - [19/Feb/2024:16:45:58 +0000] "GET /home HTTP/1.1" 200 3686 "https://edu.richinei.com/generate-id-card" "Mozilla/5.0 (Windows NT 10.0; Win64; x64) AppleWebKit/537.36 (KHTML, like Gecko) Chrome/121.0.0.0 Safari/537.36"
198.235.24.158 - - [20/Feb/2024:13:24:44 +0000] "GET / HTTP/1.1" 200 32759 "-" "Expanse, a Palo Alto Networks company, searches across the global IPv4 space multiple times per day to identify customers' presences on the Internet. If you would like to be excluded from our scans, please send IP addresses/domains to: scaninfo@paloaltonetworks.com"
198.235.24.116 - - [20/Feb/2024:14:33:55 +0000] "GET / HTTP/1.1" 200 32805 "-" "Expanse, a Palo Alto Networks company, searches across the global IPv4 space multiple times per day to identify customers' presences on the Internet. If you would like to be excluded from our scans, please send IP addresses/domains to: scaninfo@paloaltonetworks.com"
54.177.180.81 - - [20/Feb/2024:15:57:23 +0000] "GET / HTTP/1.1" 200 3687 "-" "Mozilla/5.0 (X11; Linux x86_64) AppleWebKit/537.21 (KHTML, like Gecko) konqueror/4.14.10 Safari/537.21"
54.177.180.81 - - [20/Feb/2024:15:57:18 +0000] "GET / HTTP/1.1" 200 3682 "-" "Mozilla/5.0 (X11; Linux i686) AppleWebKit/537.36 (KHTML, like Gecko) Chrome/39.0.2166.2 Safari/537.36"
199.45.154.51 - - [20/Feb/2024:22:09:31 +0000] "GET / HTTP/1.1" 200 3688 "-" "Mozilla/5.0 (compatible; CensysInspect/1.1; +https://about.censys.io/)"
199.45.155.19 - - [21/Feb/2024:02:07:57 +0000] "GET / HTTP/1.1" 200 3683 "-" "Mozilla/5.0 (compatible; CensysInspect/1.1; +https://about.censys.io/)"
199.45.155.19 - - [21/Feb/2024:02:08:00 +0000] "GET /public/uploads/settings/9da728d8a4419f47c78574fece9915b4.png HTTP/1.1" 200 127748 "-" "Mozilla/5.0 (compatible; CensysInspect/1.1; +https://about.censys.io/)"
199.45.155.19 - - [21/Feb/2024:02:08:03 +0000] "GET /favicon.ico HTTP/1.1" 404 11078 "-" "Mozilla/5.0 (compatible; CensysInspect/1.1; +https://about.censys.io/)"
199.45.155.48 - - [21/Feb/2024:23:50:21 +0000] "GET / HTTP/1.1" 200 3689 "-" "Mozilla/5.0 (compatible; CensysInspect/1.1; +https://about.censys.io/)"
199.45.155.48 - - [21/Feb/2024:23:50:35 +0000] "GET /public/uploads/settings/9da728d8a4419f47c78574fece9915b4.png HTTP/1.1" 200 127748 "-" "Mozilla/5.0 (compatible; CensysInspect/1.1; +https://about.censys.io/)"
199.45.155.48 - - [21/Feb/2024:23:50:37 +0000] "GET /favicon.ico HTTP/1.1" 404 11070 "-" "Mozilla/5.0 (compatible; CensysInspect/1.1; +https://about.censys.io/)"
199.45.154.64 - - [22/Feb/2024:00:53:45 +0000] "GET / HTTP/1.1" 200 3683 "-" "Mozilla/5.0 (compatible; CensysInspect/1.1; +https://about.censys.io/)"
199.45.154.64 - - [22/Feb/2024:00:53:50 +0000] "GET /public/uploads/settings/9da728d8a4419f47c78574fece9915b4.png HTTP/1.1" 200 127748 "-" "Mozilla/5.0 (compatible; CensysInspect/1.1; +https://about.censys.io/)"
199.45.154.64 - - [22/Feb/2024:00:53:55 +0000] "GET /favicon.ico HTTP/1.1" 404 11078 "-" "Mozilla/5.0 (compatible; CensysInspect/1.1; +https://about.censys.io/)"
135.148.100.196 - - [23/Feb/2024:04:27:01 +0000] "GET / HTTP/1.1" 200 32805 "-" "-"
205.210.31.177 - - [23/Feb/2024:06:44:32 +0000] "GET / HTTP/1.1" 200 32805 "-" "Expanse, a Palo Alto Networks company, searches across the global IPv4 space multiple times per day to identify customers' presences on the Internet. If you would like to be excluded from our scans, please send IP addresses/domains to: scaninfo@paloaltonetworks.com"
135.148.100.196 - - [23/Feb/2024:09:35:01 +0000] "GET / HTTP/1.1" 200 32989 "-" "-"
38.22.104.100 - - [24/Feb/2024:05:00:09 +0000] "GET / HTTP/1.1" 200 3689 "-" "Mozilla/5.0 (X11; Linux x86_64) AppleWebKit/537.36 (KHTML, like Gecko) Chrome/46.0.2490.86 Safari/537.36"
38.22.104.100 - - [24/Feb/2024:05:00:04 +0000] "GET / HTTP/1.1" 200 3683 "-" "Mozilla/5.0 (iPhone; CPU iPhone OS 11_2_2 like Mac OS X) AppleWebKit/604.4.7 (KHTML, like Gecko) Version/11.0 Mobile/15C202 Safari/604.1"
205.210.31.145 - - [26/Feb/2024:00:24:52 +0000] "GET / HTTP/1.1" 200 32805 "-" "-"
205.210.31.186 - - [26/Feb/2024:02:36:22 +0000] "GET / HTTP/1.1" 200 32759 "-" "-"
51.15.66.158 - - [26/Feb/2024:12:55:01 +0000] "GET / HTTP/1.1" 200 3683 "-" "Mozilla/5.0 (Windows NT 10.0; Win64; x64) AppleWebKit/537.36 (KHTML, like Gecko) Chrome/79.0.3945.130 Safari/537.36"
165.232.105.48 - - [26/Feb/2024:16:28:15 +0000] "GET / HTTP/1.1" 200 3682 "-" "Mozilla/5.0 (X11; Linux x86_64) AppleWebKit/537.36 (KHTML, like Gecko) Chrome/108.0.0.0 Safari/537.36"
165.232.105.48 - - [26/Feb/2024:16:28:12 +0000] "GET / HTTP/1.1" 200 3689 "-" "Mozilla/5.0 (X11; Linux x86_64) AppleWebKit/537.36 (KHTML, like Gecko) Chrome/108.0.0.0 Safari/537.36"
198.235.24.243 - - [27/Feb/2024:00:46:53 +0000] "GET / HTTP/1.1" 200 32759 "-" "Expanse, a Palo Alto Networks company, searches across the global IPv4 space multiple times per day to identify customers' presences on the Internet. If you would like to be excluded from our scans, please send IP addresses/domains to: scaninfo@paloaltonetworks.com"
198.235.24.81 - - [27/Feb/2024:15:31:54 +0000] "GET / HTTP/1.1" 200 32805 "-" "Expanse, a Palo Alto Networks company, searches across the global IPv4 space multiple times per day to identify customers' presences on the Internet. If you would like to be excluded from our scans, please send IP addresses/domains to: scaninfo@paloaltonetworks.com"
205.210.31.159 - - [28/Feb/2024:14:21:52 +0000] "GET / HTTP/1.1" 200 32805 "-" "Expanse, a Palo Alto Networks company, searches across the global IPv4 space multiple times per day to identify customers' presences on the Internet. If you would like to be excluded from our scans, please send IP addresses/domains to: scaninfo@paloaltonetworks.com"
187.187.226.124 - - [29/Feb/2024:03:36:47 +0000] "GET /wp-json/?rest_route=/wp/v2/users/ HTTP/1.1" 301 264 "-" "Mozilla/5.0 (Windows NT 10.0; Win64; x64) AppleWebKit/537.36 (KHTML, like Gecko) Chrome/90.0.4430.72 Safari/537.36 Edg/90.0.818.42"
