141.0.12.138 - - [11/Apr/2024:15:49:16 +0000] "GET /public/backEnd/js/editStaff.js HTTP/1.1" 200 1370 "https://edu.richinei.com/edit-staff/2" "Mozilla/5.0 (Linux; U; Android 14; SM-A245F Build/UP1A.231005.007; wv) AppleWebKit/537.36 (KHTML, like Gecko) Version/4.0 Chrome/123.0.6312.42 Mobile Safari/537.36 OPR/79.0.2254.70805"
141.0.12.138 - - [11/Apr/2024:15:49:16 +0000] "POST /broadcasting/auth HTTP/1.1" 200 96 "https://edu.richinei.com/edit-staff/2" "Mozilla/5.0 (Linux; U; Android 14; SM-A245F Build/UP1A.231005.007; wv) AppleWebKit/537.36 (KHTML, like Gecko) Version/4.0 Chrome/123.0.6312.42 Mobile Safari/537.36 OPR/79.0.2254.70805"
141.0.12.138 - - [11/Apr/2024:15:49:28 +0000] "POST /broadcasting/auth HTTP/1.1" 200 96 "https://edu.richinei.com/staff-directory" "Mozilla/5.0 (Linux; U; Android 14; SM-A245F Build/UP1A.231005.007; wv) AppleWebKit/537.36 (KHTML, like Gecko) Version/4.0 Chrome/123.0.6312.42 Mobile Safari/537.36 OPR/79.0.2254.70805"
203.161.54.34 - - [11/Apr/2024:15:49:58 +0000] "GET /public/uploads/settings/d104eb144208b278c21f87e66cfe38f4.png HTTP/1.0" 200 127748 "-" "-"
141.0.12.138 - - [11/Apr/2024:15:49:57 +0000] "GET /edit-staff/2 HTTP/1.1" 200 427484 "https://edu.richinei.com/staff-directory" "Mozilla/5.0 (Linux; U; Android 14; SM-A245F Build/UP1A.231005.007; wv) AppleWebKit/537.36 (KHTML, like Gecko) Version/4.0 Chrome/123.0.6312.42 Mobile Safari/537.36 OPR/79.0.2254.70805"
141.0.12.138 - - [11/Apr/2024:15:50:04 +0000] "POST /broadcasting/auth HTTP/1.1" 200 96 "https://edu.richinei.com/edit-staff/2" "Mozilla/5.0 (Linux; U; Android 14; SM-A245F Build/UP1A.231005.007; wv) AppleWebKit/537.36 (KHTML, like Gecko) Version/4.0 Chrome/123.0.6312.42 Mobile Safari/537.36 OPR/79.0.2254.70805"
141.0.12.138 - - [11/Apr/2024:15:50:37 +0000] "POST /broadcasting/auth HTTP/1.1" 200 96 "https://edu.richinei.com/edit-staff/2" "Mozilla/5.0 (Linux; U; Android 14; SM-A245F Build/UP1A.231005.007; wv) AppleWebKit/537.36 (KHTML, like Gecko) Version/4.0 Chrome/123.0.6312.42 Mobile Safari/537.36 OPR/79.0.2254.70805"
141.0.12.138 - - [11/Apr/2024:15:51:01 +0000] "POST /broadcasting/auth HTTP/1.1" 200 96 "https://edu.richinei.com/staff-directory" "Mozilla/5.0 (Linux; U; Android 14; SM-A245F Build/UP1A.231005.007; wv) AppleWebKit/537.36 (KHTML, like Gecko) Version/4.0 Chrome/123.0.6312.42 Mobile Safari/537.36 OPR/79.0.2254.70805"
141.0.12.138 - - [11/Apr/2024:15:51:35 +0000] "POST /broadcasting/auth HTTP/1.1" 200 96 "https://edu.richinei.com/staff-directory" "Mozilla/5.0 (Linux; U; Android 14; SM-A245F Build/UP1A.231005.007; wv) AppleWebKit/537.36 (KHTML, like Gecko) Version/4.0 Chrome/123.0.6312.42 Mobile Safari/537.36 OPR/79.0.2254.70805"
203.161.54.34 - - [11/Apr/2024:15:51:54 +0000] "GET /public/uploads/settings/d104eb144208b278c21f87e66cfe38f4.png HTTP/1.0" 200 127748 "-" "-"
141.0.12.138 - - [11/Apr/2024:15:51:53 +0000] "GET /staff-directory HTTP/1.1" 200 427203 "https://edu.richinei.com/admin-dashboard" "Mozilla/5.0 (Linux; U; Android 14; SM-A245F Build/UP1A.231005.007; wv) AppleWebKit/537.36 (KHTML, like Gecko) Version/4.0 Chrome/123.0.6312.42 Mobile Safari/537.36 OPR/79.0.2254.70805"
141.0.12.138 - - [11/Apr/2024:15:52:02 +0000] "POST /broadcasting/auth HTTP/1.1" 200 96 "https://edu.richinei.com/staff-directory" "Mozilla/5.0 (Linux; U; Android 14; SM-A245F Build/UP1A.231005.007; wv) AppleWebKit/537.36 (KHTML, like Gecko) Version/4.0 Chrome/123.0.6312.42 Mobile Safari/537.36 OPR/79.0.2254.70805"
203.161.54.34 - - [11/Apr/2024:15:52:25 +0000] "GET /public/uploads/settings/d104eb144208b278c21f87e66cfe38f4.png HTTP/1.0" 200 127748 "-" "-"
141.0.12.138 - - [11/Apr/2024:15:52:24 +0000] "GET /staff-directory HTTP/1.1" 200 427203 "https://edu.richinei.com/admin-dashboard" "Mozilla/5.0 (Linux; U; Android 14; SM-A245F Build/UP1A.231005.007; wv) AppleWebKit/537.36 (KHTML, like Gecko) Version/4.0 Chrome/123.0.6312.42 Mobile Safari/537.36 OPR/79.0.2254.70805"
141.0.12.138 - - [11/Apr/2024:15:52:34 +0000] "POST /broadcasting/auth HTTP/1.1" 200 96 "https://edu.richinei.com/staff-directory" "Mozilla/5.0 (Linux; U; Android 14; SM-A245F Build/UP1A.231005.007; wv) AppleWebKit/537.36 (KHTML, like Gecko) Version/4.0 Chrome/123.0.6312.42 Mobile Safari/537.36 OPR/79.0.2254.70805"
203.161.54.34 - - [11/Apr/2024:15:52:41 +0000] "GET /public/uploads/settings/d104eb144208b278c21f87e66cfe38f4.png HTTP/1.0" 200 127748 "-" "-"
141.0.12.138 - - [11/Apr/2024:15:52:40 +0000] "GET /admin-dashboard HTTP/1.1" 200 428431 "https://edu.richinei.com/staff-directory" "Mozilla/5.0 (Linux; U; Android 14; SM-A245F Build/UP1A.231005.007; wv) AppleWebKit/537.36 (KHTML, like Gecko) Version/4.0 Chrome/123.0.6312.42 Mobile Safari/537.36 OPR/79.0.2254.70805"
141.0.12.138 - - [11/Apr/2024:15:52:49 +0000] "POST /broadcasting/auth HTTP/1.1" 200 96 "https://edu.richinei.com/admin-dashboard" "Mozilla/5.0 (Linux; U; Android 14; SM-A245F Build/UP1A.231005.007; wv) AppleWebKit/537.36 (KHTML, like Gecko) Version/4.0 Chrome/123.0.6312.42 Mobile Safari/537.36 OPR/79.0.2254.70805"
203.161.54.34 - - [11/Apr/2024:15:53:06 +0000] "GET /public/uploads/settings/d104eb144208b278c21f87e66cfe38f4.png HTTP/1.0" 200 127748 "-" "-"
141.0.12.138 - - [11/Apr/2024:15:53:05 +0000] "GET /add-notice HTTP/1.1" 200 426514 "https://edu.richinei.com/admin-dashboard" "Mozilla/5.0 (Linux; U; Android 14; SM-A245F Build/UP1A.231005.007; wv) AppleWebKit/537.36 (KHTML, like Gecko) Version/4.0 Chrome/123.0.6312.42 Mobile Safari/537.36 OPR/79.0.2254.70805"
141.0.12.138 - - [11/Apr/2024:15:53:17 +0000] "POST /broadcasting/auth HTTP/1.1" 200 96 "https://edu.richinei.com/add-notice" "Mozilla/5.0 (Linux; U; Android 14; SM-A245F Build/UP1A.231005.007; wv) AppleWebKit/537.36 (KHTML, like Gecko) Version/4.0 Chrome/123.0.6312.42 Mobile Safari/537.36 OPR/79.0.2254.70805"
141.0.12.138 - - [11/Apr/2024:15:53:46 +0000] "POST /save-notice-data HTTP/1.1" 302 390 "https://edu.richinei.com/add-notice" "Mozilla/5.0 (Linux; U; Android 14; SM-A245F Build/UP1A.231005.007; wv) AppleWebKit/537.36 (KHTML, like Gecko) Version/4.0 Chrome/123.0.6312.42 Mobile Safari/537.36 OPR/79.0.2254.70805"
203.161.54.34 - - [11/Apr/2024:15:53:48 +0000] "GET /public/uploads/settings/d104eb144208b278c21f87e66cfe38f4.png HTTP/1.0" 200 127748 "-" "-"
141.0.12.138 - - [11/Apr/2024:15:53:47 +0000] "GET /notice-list HTTP/1.1" 200 426406 "https://edu.richinei.com/add-notice" "Mozilla/5.0 (Linux; U; Android 14; SM-A245F Build/UP1A.231005.007; wv) AppleWebKit/537.36 (KHTML, like Gecko) Version/4.0 Chrome/123.0.6312.42 Mobile Safari/537.36 OPR/79.0.2254.70805"
141.0.12.138 - - [11/Apr/2024:15:53:56 +0000] "POST /broadcasting/auth HTTP/1.1" 200 96 "https://edu.richinei.com/notice-list" "Mozilla/5.0 (Linux; U; Android 14; SM-A245F Build/UP1A.231005.007; wv) AppleWebKit/537.36 (KHTML, like Gecko) Version/4.0 Chrome/123.0.6312.42 Mobile Safari/537.36 OPR/79.0.2254.70805"
141.0.12.138 - - [11/Apr/2024:15:54:31 +0000] "POST /broadcasting/auth HTTP/1.1" 200 96 "https://edu.richinei.com/notice-list" "Mozilla/5.0 (Linux; U; Android 14; SM-A245F Build/UP1A.231005.007; wv) AppleWebKit/537.36 (KHTML, like Gecko) Version/4.0 Chrome/123.0.6312.42 Mobile Safari/537.36 OPR/79.0.2254.70805"
203.161.54.34 - - [11/Apr/2024:15:54:43 +0000] "GET /public/uploads/settings/d104eb144208b278c21f87e66cfe38f4.png HTTP/1.0" 200 127748 "-" "-"
141.0.12.138 - - [11/Apr/2024:15:54:43 +0000] "GET /dashboard HTTP/1.1" 200 428426 "https://edu.richinei.com/notice-list" "Mozilla/5.0 (Linux; U; Android 14; SM-A245F Build/UP1A.231005.007; wv) AppleWebKit/537.36 (KHTML, like Gecko) Version/4.0 Chrome/123.0.6312.42 Mobile Safari/537.36 OPR/79.0.2254.70805"
141.0.12.138 - - [11/Apr/2024:15:54:54 +0000] "POST /broadcasting/auth HTTP/1.1" 200 96 "https://edu.richinei.com/dashboard" "Mozilla/5.0 (Linux; U; Android 14; SM-A245F Build/UP1A.231005.007; wv) AppleWebKit/537.36 (KHTML, like Gecko) Version/4.0 Chrome/123.0.6312.42 Mobile Safari/537.36 OPR/79.0.2254.70805"
141.0.12.138 - - [11/Apr/2024:15:55:28 +0000] "POST /broadcasting/auth HTTP/1.1" 200 96 "https://edu.richinei.com/dashboard" "Mozilla/5.0 (Linux; U; Android 14; SM-A245F Build/UP1A.231005.007; wv) AppleWebKit/537.36 (KHTML, like Gecko) Version/4.0 Chrome/123.0.6312.42 Mobile Safari/537.36 OPR/79.0.2254.70805"
203.161.54.34 - - [11/Apr/2024:15:55:46 +0000] "GET /public/uploads/settings/d104eb144208b278c21f87e66cfe38f4.png HTTP/1.0" 200 127748 "-" "-"
141.0.13.124 - - [11/Apr/2024:15:55:46 +0000] "GET /view-staff/2 HTTP/1.1" 200 429175 "https://edu.richinei.com/dashboard" "Mozilla/5.0 (Linux; U; Android 14; SM-A245F Build/UP1A.231005.007; wv) AppleWebKit/537.36 (KHTML, like Gecko) Version/4.0 Chrome/123.0.6312.42 Mobile Safari/537.36 OPR/79.0.2254.70805"
141.0.12.238 - - [11/Apr/2024:15:55:49 +0000] "GET /public/backEnd/img/student/student-details-bg.png HTTP/1.1" 200 16238 "https://edu.richinei.com/public/backEnd/css/style.css" "Mozilla/5.0 (Linux; U; Android 14; SM-A245F Build/UP1A.231005.007; wv) AppleWebKit/537.36 (KHTML, like Gecko) Version/4.0 Chrome/123.0.6312.42 Mobile Safari/537.36 OPR/79.0.2254.70805"
141.0.12.238 - - [11/Apr/2024:15:55:51 +0000] "POST /broadcasting/auth HTTP/1.1" 200 96 "https://edu.richinei.com/view-staff/2" "Mozilla/5.0 (Linux; U; Android 14; SM-A245F Build/UP1A.231005.007; wv) AppleWebKit/537.36 (KHTML, like Gecko) Version/4.0 Chrome/123.0.6312.42 Mobile Safari/537.36 OPR/79.0.2254.70805"
141.0.12.238 - - [11/Apr/2024:15:56:24 +0000] "POST /broadcasting/auth HTTP/1.1" 200 96 "https://edu.richinei.com/view-staff/2" "Mozilla/5.0 (Linux; U; Android 14; SM-A245F Build/UP1A.231005.007; wv) AppleWebKit/537.36 (KHTML, like Gecko) Version/4.0 Chrome/123.0.6312.42 Mobile Safari/537.36 OPR/79.0.2254.70805"
141.0.12.238 - - [11/Apr/2024:15:56:27 +0000] "POST /logout HTTP/1.1" 302 366 "https://edu.richinei.com/view-staff/2" "Mozilla/5.0 (Linux; U; Android 14; SM-A245F Build/UP1A.231005.007; wv) AppleWebKit/537.36 (KHTML, like Gecko) Version/4.0 Chrome/123.0.6312.42 Mobile Safari/537.36 OPR/79.0.2254.70805"
141.0.12.238 - - [11/Apr/2024:15:56:29 +0000] "GET /login HTTP/1.1" 200 2181 "https://edu.richinei.com/view-staff/2" "Mozilla/5.0 (Linux; U; Android 14; SM-A245F Build/UP1A.231005.007; wv) AppleWebKit/537.36 (KHTML, like Gecko) Version/4.0 Chrome/123.0.6312.42 Mobile Safari/537.36 OPR/79.0.2254.70805"
141.0.12.238 - - [11/Apr/2024:15:56:30 +0000] "GET /public/backEnd/vendors/css/nice-select.css HTTP/1.1" 200 1503 "https://edu.richinei.com/login" "Mozilla/5.0 (Linux; U; Android 14; SM-A245F Build/UP1A.231005.007; wv) AppleWebKit/537.36 (KHTML, like Gecko) Version/4.0 Chrome/123.0.6312.42 Mobile Safari/537.36 OPR/79.0.2254.70805"
141.0.12.238 - - [11/Apr/2024:15:56:30 +0000] "GET /public/backEnd/vendors/js/select2/select2.css HTTP/1.1" 200 2967 "https://edu.richinei.com/login" "Mozilla/5.0 (Linux; U; Android 14; SM-A245F Build/UP1A.231005.007; wv) AppleWebKit/537.36 (KHTML, like Gecko) Version/4.0 Chrome/123.0.6312.42 Mobile Safari/537.36 OPR/79.0.2254.70805"
141.0.12.238 - - [11/Apr/2024:15:56:30 +0000] "GET /public/backEnd/vendors/css/themify-icons.css HTTP/1.1" 200 2984 "https://edu.richinei.com/login" "Mozilla/5.0 (Linux; U; Android 14; SM-A245F Build/UP1A.231005.007; wv) AppleWebKit/537.36 (KHTML, like Gecko) Version/4.0 Chrome/123.0.6312.42 Mobile Safari/537.36 OPR/79.0.2254.70805"
141.0.12.238 - - [11/Apr/2024:15:56:30 +0000] "GET /public/backEnd/vendors/css/toastr.min.css HTTP/1.1" 200 3032 "https://edu.richinei.com/login" "Mozilla/5.0 (Linux; U; Android 14; SM-A245F Build/UP1A.231005.007; wv) AppleWebKit/537.36 (KHTML, like Gecko) Version/4.0 Chrome/123.0.6312.42 Mobile Safari/537.36 OPR/79.0.2254.70805"
141.0.12.238 - - [11/Apr/2024:15:56:30 +0000] "GET /public/backEnd/css/style.css HTTP/1.1" 200 21756 "https://edu.richinei.com/login" "Mozilla/5.0 (Linux; U; Android 14; SM-A245F Build/UP1A.231005.007; wv) AppleWebKit/537.36 (KHTML, like Gecko) Version/4.0 Chrome/123.0.6312.42 Mobile Safari/537.36 OPR/79.0.2254.70805"
141.0.12.238 - - [11/Apr/2024:15:56:30 +0000] "GET /public/backEnd/vendors/css/bootstrap.css HTTP/1.1" 200 23339 "https://edu.richinei.com/login" "Mozilla/5.0 (Linux; U; Android 14; SM-A245F Build/UP1A.231005.007; wv) AppleWebKit/537.36 (KHTML, like Gecko) Version/4.0 Chrome/123.0.6312.42 Mobile Safari/537.36 OPR/79.0.2254.70805"
141.0.12.238 - - [11/Apr/2024:15:56:30 +0000] "GET /public/backEnd/vendors/js/select2/select2.png HTTP/1.1" 200 654 "https://edu.richinei.com/public/backEnd/vendors/js/select2/select2.css" "Mozilla/5.0 (Linux; U; Android 14; SM-A245F Build/UP1A.231005.007; wv) AppleWebKit/537.36 (KHTML, like Gecko) Version/4.0 Chrome/123.0.6312.42 Mobile Safari/537.36 OPR/79.0.2254.70805"
141.0.12.238 - - [11/Apr/2024:15:56:30 +0000] "GET /public/uploads/settings/d104eb144208b278c21f87e66cfe38f4.png HTTP/1.1" 200 127748 "https://edu.richinei.com/login" "Mozilla/5.0 (Linux; U; Android 14; SM-A245F Build/UP1A.231005.007; wv) AppleWebKit/537.36 (KHTML, like Gecko) Version/4.0 Chrome/123.0.6312.42 Mobile Safari/537.36 OPR/79.0.2254.70805"
141.0.12.238 - - [11/Apr/2024:15:56:30 +0000] "GET /public/backEnd/img/summery-bg3.png HTTP/1.1" 200 1503 "https://edu.richinei.com/public/backEnd/css/style.css" "Mozilla/5.0 (Linux; U; Android 14; SM-A245F Build/UP1A.231005.007; wv) AppleWebKit/537.36 (KHTML, like Gecko) Version/4.0 Chrome/123.0.6312.42 Mobile Safari/537.36 OPR/79.0.2254.70805"
141.0.12.238 - - [11/Apr/2024:15:56:30 +0000] "GET /public/backEnd/img/summery-bg2.png HTTP/1.1" 200 1574 "https://edu.richinei.com/public/backEnd/css/style.css" "Mozilla/5.0 (Linux; U; Android 14; SM-A245F Build/UP1A.231005.007; wv) AppleWebKit/537.36 (KHTML, like Gecko) Version/4.0 Chrome/123.0.6312.42 Mobile Safari/537.36 OPR/79.0.2254.70805"
141.0.12.238 - - [11/Apr/2024:15:56:30 +0000] "GET /public/backEnd/fonts/themify.woff?-fvbane HTTP/1.1" 200 56108 "https://edu.richinei.com/public/backEnd/vendors/css/themify-icons.css" "Mozilla/5.0 (Linux; U; Android 14; SM-A245F Build/UP1A.231005.007; wv) AppleWebKit/537.36 (KHTML, like Gecko) Version/4.0 Chrome/123.0.6312.42 Mobile Safari/537.36 OPR/79.0.2254.70805"
141.0.12.238 - - [11/Apr/2024:15:56:30 +0000] "GET /public/backEnd/fonts/themify.eot?-fvbane HTTP/1.1" 200 41082 "https://edu.richinei.com/public/backEnd/vendors/css/themify-icons.css" "Mozilla/5.0 (Linux; U; Android 14; SM-A245F Build/UP1A.231005.007; wv) AppleWebKit/537.36 (KHTML, like Gecko) Version/4.0 Chrome/123.0.6312.42 Mobile Safari/537.36 OPR/79.0.2254.70805"
141.0.12.238 - - [11/Apr/2024:15:56:30 +0000] "GET /public/backEnd/fonts/themify.eot? HTTP/1.1" 200 41082 "https://edu.richinei.com/public/backEnd/vendors/css/themify-icons.css" "Mozilla/5.0 (Linux; U; Android 14; SM-A245F Build/UP1A.231005.007; wv) AppleWebKit/537.36 (KHTML, like Gecko) Version/4.0 Chrome/123.0.6312.42 Mobile Safari/537.36 OPR/79.0.2254.70805"
141.0.12.238 - - [11/Apr/2024:15:56:30 +0000] "GET /public/backEnd/img/modal-header-bg.png HTTP/1.1" 200 13389 "https://edu.richinei.com/public/backEnd/css/style.css" "Mozilla/5.0 (Linux; U; Android 14; SM-A245F Build/UP1A.231005.007; wv) AppleWebKit/537.36 (KHTML, like Gecko) Version/4.0 Chrome/123.0.6312.42 Mobile Safari/537.36 OPR/79.0.2254.70805"
141.0.12.238 - - [11/Apr/2024:15:56:30 +0000] "GET /public/backEnd/fonts/themify.ttf?-fvbane HTTP/1.1" 200 41006 "https://edu.richinei.com/public/backEnd/vendors/css/themify-icons.css" "Mozilla/5.0 (Linux; U; Android 14; SM-A245F Build/UP1A.231005.007; wv) AppleWebKit/537.36 (KHTML, like Gecko) Version/4.0 Chrome/123.0.6312.42 Mobile Safari/537.36 OPR/79.0.2254.70805"
141.0.12.238 - - [11/Apr/2024:15:56:30 +0000] "GET /public/backEnd/fonts/themify.svg?-fvbane HTTP/1.1" 200 73575 "https://edu.richinei.com/public/backEnd/vendors/css/themify-icons.css" "Mozilla/5.0 (Linux; U; Android 14; SM-A245F Build/UP1A.231005.007; wv) AppleWebKit/537.36 (KHTML, like Gecko) Version/4.0 Chrome/123.0.6312.42 Mobile Safari/537.36 OPR/79.0.2254.70805"
141.0.12.238 - - [11/Apr/2024:15:56:30 +0000] "GET /public/backEnd/img/student/student-details-bg.png HTTP/1.1" 200 16238 "https://edu.richinei.com/public/backEnd/css/style.css" "Mozilla/5.0 (Linux; U; Android 14; SM-A245F Build/UP1A.231005.007; wv) AppleWebKit/537.36 (KHTML, like Gecko) Version/4.0 Chrome/123.0.6312.42 Mobile Safari/537.36 OPR/79.0.2254.70805"
141.0.12.238 - - [11/Apr/2024:15:56:30 +0000] "GET /public/backEnd/img/body-bg.jpg HTTP/1.1" 200 173248 "https://edu.richinei.com/public/backEnd/css/style.css" "Mozilla/5.0 (Linux; U; Android 14; SM-A245F Build/UP1A.231005.007; wv) AppleWebKit/537.36 (KHTML, like Gecko) Version/4.0 Chrome/123.0.6312.42 Mobile Safari/537.36 OPR/79.0.2254.70805"
141.0.12.238 - - [11/Apr/2024:15:56:30 +0000] "GET /public/backEnd/img/login-bg.jpg HTTP/1.1" 200 129835 "https://edu.richinei.com/public/backEnd/css/style.css" "Mozilla/5.0 (Linux; U; Android 14; SM-A245F Build/UP1A.231005.007; wv) AppleWebKit/537.36 (KHTML, like Gecko) Version/4.0 Chrome/123.0.6312.42 Mobile Safari/537.36 OPR/79.0.2254.70805"
141.0.12.238 - - [11/Apr/2024:15:56:30 +0000] "GET /public/backEnd/vendors/js/select2/select2x2.png HTTP/1.1" 404 11124 "https://edu.richinei.com/public/backEnd/vendors/js/select2/select2.css" "Mozilla/5.0 (Linux; U; Android 14; SM-A245F Build/UP1A.231005.007; wv) AppleWebKit/537.36 (KHTML, like Gecko) Version/4.0 Chrome/123.0.6312.42 Mobile Safari/537.36 OPR/79.0.2254.70805"
141.0.12.238 - - [11/Apr/2024:15:56:30 +0000] "GET /public/backEnd/vendors/js/select2/spinner.gif HTTP/1.1" 404 11124 "https://edu.richinei.com/public/backEnd/vendors/js/select2/select2.css" "Mozilla/5.0 (Linux; U; Android 14; SM-A245F Build/UP1A.231005.007; wv) AppleWebKit/537.36 (KHTML, like Gecko) Version/4.0 Chrome/123.0.6312.42 Mobile Safari/537.36 OPR/79.0.2254.70805"
141.0.12.238 - - [11/Apr/2024:15:56:49 +0000] "GET / HTTP/1.1" 200 3915 "-" "Mozilla/5.0 (Linux; U; Android 14; SM-A245F Build/UP1A.231005.007; wv) AppleWebKit/537.36 (KHTML, like Gecko) Version/4.0 Chrome/123.0.6312.42 Mobile Safari/537.36 OPR/79.0.2254.70805"
141.0.12.238 - - [11/Apr/2024:15:56:50 +0000] "GET /public/backEnd/vendors/css/bootstrap.css HTTP/1.1" 200 23339 "https://edu.richinei.com/" "Mozilla/5.0 (Linux; U; Android 14; SM-A245F Build/UP1A.231005.007; wv) AppleWebKit/537.36 (KHTML, like Gecko) Version/4.0 Chrome/123.0.6312.42 Mobile Safari/537.36 OPR/79.0.2254.70805"
141.0.12.238 - - [11/Apr/2024:15:56:50 +0000] "GET /public/backEnd/vendors/css/bootstrap-datetimepicker.min.css HTTP/1.1" 200 1383 "https://edu.richinei.com/" "Mozilla/5.0 (Linux; U; Android 14; SM-A245F Build/UP1A.231005.007; wv) AppleWebKit/537.36 (KHTML, like Gecko) Version/4.0 Chrome/123.0.6312.42 Mobile Safari/537.36 OPR/79.0.2254.70805"
141.0.12.238 - - [11/Apr/2024:15:56:50 +0000] "GET /public/backEnd/vendors/css/jquery-ui.css HTTP/1.1" 200 8395 "https://edu.richinei.com/" "Mozilla/5.0 (Linux; U; Android 14; SM-A245F Build/UP1A.231005.007; wv) AppleWebKit/537.36 (KHTML, like Gecko) Version/4.0 Chrome/123.0.6312.42 Mobile Safari/537.36 OPR/79.0.2254.70805"
141.0.12.238 - - [11/Apr/2024:15:56:50 +0000] "GET /public/backEnd/vendors/css/themify-icons.css HTTP/1.1" 200 2984 "https://edu.richinei.com/" "Mozilla/5.0 (Linux; U; Android 14; SM-A245F Build/UP1A.231005.007; wv) AppleWebKit/537.36 (KHTML, like Gecko) Version/4.0 Chrome/123.0.6312.42 Mobile Safari/537.36 OPR/79.0.2254.70805"
141.0.12.238 - - [11/Apr/2024:15:56:50 +0000] "GET /public/backEnd/vendors/css/bootstrap-datepicker.min.css HTTP/1.1" 200 2459 "https://edu.richinei.com/" "Mozilla/5.0 (Linux; U; Android 14; SM-A245F Build/UP1A.231005.007; wv) AppleWebKit/537.36 (KHTML, like Gecko) Version/4.0 Chrome/123.0.6312.42 Mobile Safari/537.36 OPR/79.0.2254.70805"
141.0.12.238 - - [11/Apr/2024:15:56:50 +0000] "GET /public/backEnd/vendors/css/fullcalendar.min.css HTTP/1.1" 200 3694 "https://edu.richinei.com/" "Mozilla/5.0 (Linux; U; Android 14; SM-A245F Build/UP1A.231005.007; wv) AppleWebKit/537.36 (KHTML, like Gecko) Version/4.0 Chrome/123.0.6312.42 Mobile Safari/537.36 OPR/79.0.2254.70805"
141.0.12.238 - - [11/Apr/2024:15:56:50 +0000] "GET /public/frontend/css/new_style.css HTTP/1.1" 200 92 "https://edu.richinei.com/" "Mozilla/5.0 (Linux; U; Android 14; SM-A245F Build/UP1A.231005.007; wv) AppleWebKit/537.36 (KHTML, like Gecko) Version/4.0 Chrome/123.0.6312.42 Mobile Safari/537.36 OPR/79.0.2254.70805"
141.0.12.238 - - [11/Apr/2024:15:56:50 +0000] "GET /public/backEnd/vendors/css/font-awesome.min.css HTTP/1.1" 200 6247 "https://edu.richinei.com/" "Mozilla/5.0 (Linux; U; Android 14; SM-A245F Build/UP1A.231005.007; wv) AppleWebKit/537.36 (KHTML, like Gecko) Version/4.0 Chrome/123.0.6312.42 Mobile Safari/537.36 OPR/79.0.2254.70805"
141.0.12.238 - - [11/Apr/2024:15:56:50 +0000] "GET /public/backEnd/vendors/css/owl.carousel.min.css HTTP/1.1" 200 912 "https://edu.richinei.com/" "Mozilla/5.0 (Linux; U; Android 14; SM-A245F Build/UP1A.231005.007; wv) AppleWebKit/537.36 (KHTML, like Gecko) Version/4.0 Chrome/123.0.6312.42 Mobile Safari/537.36 OPR/79.0.2254.70805"
141.0.12.238 - - [11/Apr/2024:15:56:50 +0000] "GET /public/uploads/events/event1.jpg HTTP/1.1" 200 75471 "https://edu.richinei.com/" "Mozilla/5.0 (Linux; U; Android 14; SM-A245F Build/UP1A.231005.007; wv) AppleWebKit/537.36 (KHTML, like Gecko) Version/4.0 Chrome/123.0.6312.42 Mobile Safari/537.36 OPR/79.0.2254.70805"
141.0.12.238 - - [11/Apr/2024:15:56:50 +0000] "GET /public/backEnd/vendors/css/magnific-popup.css HTTP/1.1" 200 1816 "https://edu.richinei.com/" "Mozilla/5.0 (Linux; U; Android 14; SM-A245F Build/UP1A.231005.007; wv) AppleWebKit/537.36 (KHTML, like Gecko) Version/4.0 Chrome/123.0.6312.42 Mobile Safari/537.36 OPR/79.0.2254.70805"
141.0.12.238 - - [11/Apr/2024:15:56:50 +0000] "GET /public/frontend/css/infix.css HTTP/1.1" 200 747 "https://edu.richinei.com/" "Mozilla/5.0 (Linux; U; Android 14; SM-A245F Build/UP1A.231005.007; wv) AppleWebKit/537.36 (KHTML, like Gecko) Version/4.0 Chrome/123.0.6312.42 Mobile Safari/537.36 OPR/79.0.2254.70805"
141.0.12.238 - - [11/Apr/2024:15:56:50 +0000] "GET /public/uploads/events/event2.jpg HTTP/1.1" 200 81411 "https://edu.richinei.com/" "Mozilla/5.0 (Linux; U; Android 14; SM-A245F Build/UP1A.231005.007; wv) AppleWebKit/537.36 (KHTML, like Gecko) Version/4.0 Chrome/123.0.6312.42 Mobile Safari/537.36 OPR/79.0.2254.70805"
141.0.12.238 - - [11/Apr/2024:15:56:50 +0000] "GET /public/uploads/events/event4.jpg HTTP/1.1" 200 59386 "https://edu.richinei.com/" "Mozilla/5.0 (Linux; U; Android 14; SM-A245F Build/UP1A.231005.007; wv) AppleWebKit/537.36 (KHTML, like Gecko) Version/4.0 Chrome/123.0.6312.42 Mobile Safari/537.36 OPR/79.0.2254.70805"
141.0.12.238 - - [11/Apr/2024:15:56:50 +0000] "GET /public/backEnd/vendors/css/nice-select.css HTTP/1.1" 200 1503 "https://edu.richinei.com/" "Mozilla/5.0 (Linux; U; Android 14; SM-A245F Build/UP1A.231005.007; wv) AppleWebKit/537.36 (KHTML, like Gecko) Version/4.0 Chrome/123.0.6312.42 Mobile Safari/537.36 OPR/79.0.2254.70805"
141.0.12.238 - - [11/Apr/2024:15:56:50 +0000] "GET /public/backEnd/vendors/css/fullcalendar.print.css HTTP/1.1" 200 1802 "https://edu.richinei.com/" "Mozilla/5.0 (Linux; U; Android 14; SM-A245F Build/UP1A.231005.007; wv) AppleWebKit/537.36 (KHTML, like Gecko) Version/4.0 Chrome/123.0.6312.42 Mobile Safari/537.36 OPR/79.0.2254.70805"
141.0.12.238 - - [11/Apr/2024:15:56:50 +0000] "GET /public/backEnd/vendors/css/fastselect.min.css HTTP/1.1" 200 1134 "https://edu.richinei.com/" "Mozilla/5.0 (Linux; U; Android 14; SM-A245F Build/UP1A.231005.007; wv) AppleWebKit/537.36 (KHTML, like Gecko) Version/4.0 Chrome/123.0.6312.42 Mobile Safari/537.36 OPR/79.0.2254.70805"
141.0.12.238 - - [11/Apr/2024:15:56:50 +0000] "GET /public/uploads/events/event3.jpg HTTP/1.1" 200 72031 "https://edu.richinei.com/" "Mozilla/5.0 (Linux; U; Android 14; SM-A245F Build/UP1A.231005.007; wv) AppleWebKit/537.36 (KHTML, like Gecko) Version/4.0 Chrome/123.0.6312.42 Mobile Safari/537.36 OPR/79.0.2254.70805"
141.0.12.238 - - [11/Apr/2024:15:56:50 +0000] "GET /public/backEnd/css/style.css HTTP/1.1" 200 21756 "https://edu.richinei.com/" "Mozilla/5.0 (Linux; U; Android 14; SM-A245F Build/UP1A.231005.007; wv) AppleWebKit/537.36 (KHTML, like Gecko) Version/4.0 Chrome/123.0.6312.42 Mobile Safari/537.36 OPR/79.0.2254.70805"
141.0.12.238 - - [11/Apr/2024:15:56:50 +0000] "GET /public/uploads/settings/d104eb144208b278c21f87e66cfe38f4.png HTTP/1.1" 200 127748 "https://edu.richinei.com/" "Mozilla/5.0 (Linux; U; Android 14; SM-A245F Build/UP1A.231005.007; wv) AppleWebKit/537.36 (KHTML, like Gecko) Version/4.0 Chrome/123.0.6312.42 Mobile Safari/537.36 OPR/79.0.2254.70805"
141.0.12.238 - - [11/Apr/2024:15:56:50 +0000] "GET /public/backEnd/vendors/css/images/ui-icons_555555_256x240.png HTTP/1.1" 200 3274 "https://edu.richinei.com/public/backEnd/vendors/css/jquery-ui.css" "Mozilla/5.0 (Linux; U; Android 14; SM-A245F Build/UP1A.231005.007; wv) AppleWebKit/537.36 (KHTML, like Gecko) Version/4.0 Chrome/123.0.6312.42 Mobile Safari/537.36 OPR/79.0.2254.70805"
141.0.12.238 - - [11/Apr/2024:15:56:50 +0000] "GET /public/backEnd/fonts/fontawesome-webfont.eot? HTTP/1.1" 200 76490 "https://edu.richinei.com/public/backEnd/vendors/css/font-awesome.min.css" "Mozilla/5.0 (Linux; U; Android 14; SM-A245F Build/UP1A.231005.007; wv) AppleWebKit/537.36 (KHTML, like Gecko) Version/4.0 Chrome/123.0.6312.42 Mobile Safari/537.36 OPR/79.0.2254.70805"
141.0.12.238 - - [11/Apr/2024:15:56:50 +0000] "GET /public/backEnd/fonts/themify.woff?-fvbane HTTP/1.1" 200 56108 "https://edu.richinei.com/public/backEnd/vendors/css/themify-icons.css" "Mozilla/5.0 (Linux; U; Android 14; SM-A245F Build/UP1A.231005.007; wv) AppleWebKit/537.36 (KHTML, like Gecko) Version/4.0 Chrome/123.0.6312.42 Mobile Safari/537.36 OPR/79.0.2254.70805"
141.0.12.238 - - [11/Apr/2024:15:56:50 +0000] "GET /public/backEnd/img/summery-bg3.png HTTP/1.1" 200 1503 "https://edu.richinei.com/public/backEnd/css/style.css" "Mozilla/5.0 (Linux; U; Android 14; SM-A245F Build/UP1A.231005.007; wv) AppleWebKit/537.36 (KHTML, like Gecko) Version/4.0 Chrome/123.0.6312.42 Mobile Safari/537.36 OPR/79.0.2254.70805"
141.0.12.238 - - [11/Apr/2024:15:56:50 +0000] "GET /public/backEnd/vendors/css/images/ui-icons_444444_256x240.png HTTP/1.1" 200 3266 "https://edu.richinei.com/public/backEnd/vendors/css/jquery-ui.css" "Mozilla/5.0 (Linux; U; Android 14; SM-A245F Build/UP1A.231005.007; wv) AppleWebKit/537.36 (KHTML, like Gecko) Version/4.0 Chrome/123.0.6312.42 Mobile Safari/537.36 OPR/79.0.2254.70805"
141.0.12.238 - - [11/Apr/2024:15:56:50 +0000] "GET /public/backEnd/fonts/themify.ttf?-fvbane HTTP/1.1" 200 41006 "https://edu.richinei.com/public/backEnd/vendors/css/themify-icons.css" "Mozilla/5.0 (Linux; U; Android 14; SM-A245F Build/UP1A.231005.007; wv) AppleWebKit/537.36 (KHTML, like Gecko) Version/4.0 Chrome/123.0.6312.42 Mobile Safari/537.36 OPR/79.0.2254.70805"
141.0.12.238 - - [11/Apr/2024:15:56:50 +0000] "GET /public/backEnd/fonts/fontawesome-webfont.woff?v=4.5.0 HTTP/1.1" 200 90412 "https://edu.richinei.com/public/backEnd/vendors/css/font-awesome.min.css" "Mozilla/5.0 (Linux; U; Android 14; SM-A245F Build/UP1A.231005.007; wv) AppleWebKit/537.36 (KHTML, like Gecko) Version/4.0 Chrome/123.0.6312.42 Mobile Safari/537.36 OPR/79.0.2254.70805"
141.0.12.238 - - [11/Apr/2024:15:56:50 +0000] "GET /public/backEnd/fonts/themify.eot? HTTP/1.1" 200 41082 "https://edu.richinei.com/public/backEnd/vendors/css/themify-icons.css" "Mozilla/5.0 (Linux; U; Android 14; SM-A245F Build/UP1A.231005.007; wv) AppleWebKit/537.36 (KHTML, like Gecko) Version/4.0 Chrome/123.0.6312.42 Mobile Safari/537.36 OPR/79.0.2254.70805"
141.0.12.238 - - [11/Apr/2024:15:56:50 +0000] "GET /public/backEnd/fonts/fontawesome-webfont.woff2?v=4.5.0 HTTP/1.1" 200 71896 "https://edu.richinei.com/public/backEnd/vendors/css/font-awesome.min.css" "Mozilla/5.0 (Linux; U; Android 14; SM-A245F Build/UP1A.231005.007; wv) AppleWebKit/537.36 (KHTML, like Gecko) Version/4.0 Chrome/123.0.6312.42 Mobile Safari/537.36 OPR/79.0.2254.70805"
141.0.12.238 - - [11/Apr/2024:15:56:50 +0000] "GET /public/backEnd/img/modal-header-bg.png HTTP/1.1" 200 13389 "https://edu.richinei.com/public/backEnd/css/style.css" "Mozilla/5.0 (Linux; U; Android 14; SM-A245F Build/UP1A.231005.007; wv) AppleWebKit/537.36 (KHTML, like Gecko) Version/4.0 Chrome/123.0.6312.42 Mobile Safari/537.36 OPR/79.0.2254.70805"
141.0.12.238 - - [11/Apr/2024:15:56:50 +0000] "GET /public/backEnd/fonts/themify.eot?-fvbane HTTP/1.1" 200 41082 "https://edu.richinei.com/public/backEnd/vendors/css/themify-icons.css" "Mozilla/5.0 (Linux; U; Android 14; SM-A245F Build/UP1A.231005.007; wv) AppleWebKit/537.36 (KHTML, like Gecko) Version/4.0 Chrome/123.0.6312.42 Mobile Safari/537.36 OPR/79.0.2254.70805"
141.0.12.238 - - [11/Apr/2024:15:56:50 +0000] "GET /public/backEnd/img/summery-bg2.png HTTP/1.1" 200 1574 "https://edu.richinei.com/public/backEnd/css/style.css" "Mozilla/5.0 (Linux; U; Android 14; SM-A245F Build/UP1A.231005.007; wv) AppleWebKit/537.36 (KHTML, like Gecko) Version/4.0 Chrome/123.0.6312.42 Mobile Safari/537.36 OPR/79.0.2254.70805"
141.0.12.238 - - [11/Apr/2024:15:56:50 +0000] "GET /public/backEnd/fonts/fontawesome-webfont.eot?v=4.5.0 HTTP/1.1" 200 76490 "https://edu.richinei.com/public/backEnd/vendors/css/font-awesome.min.css" "Mozilla/5.0 (Linux; U; Android 14; SM-A245F Build/UP1A.231005.007; wv) AppleWebKit/537.36 (KHTML, like Gecko) Version/4.0 Chrome/123.0.6312.42 Mobile Safari/537.36 OPR/79.0.2254.70805"
141.0.12.238 - - [11/Apr/2024:15:56:50 +0000] "GET /public/backEnd/fonts/fontawesome-webfont.ttf?v=4.5.0 HTTP/1.1" 200 90620 "https://edu.richinei.com/public/backEnd/vendors/css/font-awesome.min.css" "Mozilla/5.0 (Linux; U; Android 14; SM-A245F Build/UP1A.231005.007; wv) AppleWebKit/537.36 (KHTML, like Gecko) Version/4.0 Chrome/123.0.6312.42 Mobile Safari/537.36 OPR/79.0.2254.70805"
141.0.12.238 - - [11/Apr/2024:15:56:50 +0000] "GET /public/backEnd/fonts/themify.svg?-fvbane HTTP/1.1" 200 73575 "https://edu.richinei.com/public/backEnd/vendors/css/themify-icons.css" "Mozilla/5.0 (Linux; U; Android 14; SM-A245F Build/UP1A.231005.007; wv) AppleWebKit/537.36 (KHTML, like Gecko) Version/4.0 Chrome/123.0.6312.42 Mobile Safari/537.36 OPR/79.0.2254.70805"
141.0.12.238 - - [11/Apr/2024:15:56:50 +0000] "GET /public/backEnd/img/student/student-details-bg.png HTTP/1.1" 200 16238 "https://edu.richinei.com/public/backEnd/css/style.css" "Mozilla/5.0 (Linux; U; Android 14; SM-A245F Build/UP1A.231005.007; wv) AppleWebKit/537.36 (KHTML, like Gecko) Version/4.0 Chrome/123.0.6312.42 Mobile Safari/537.36 OPR/79.0.2254.70805"
141.0.12.238 - - [11/Apr/2024:15:56:50 +0000] "GET /public/backEnd/fonts/fontawesome-webfont.svg?v=4.5.0 HTTP/1.1" 200 120034 "https://edu.richinei.com/public/backEnd/vendors/css/font-awesome.min.css" "Mozilla/5.0 (Linux; U; Android 14; SM-A245F Build/UP1A.231005.007; wv) AppleWebKit/537.36 (KHTML, like Gecko) Version/4.0 Chrome/123.0.6312.42 Mobile Safari/537.36 OPR/79.0.2254.70805"
141.0.12.238 - - [11/Apr/2024:15:56:50 +0000] "GET /public/backEnd/img/body-bg.jpg HTTP/1.1" 200 173248 "https://edu.richinei.com/public/backEnd/css/style.css" "Mozilla/5.0 (Linux; U; Android 14; SM-A245F Build/UP1A.231005.007; wv) AppleWebKit/537.36 (KHTML, like Gecko) Version/4.0 Chrome/123.0.6312.42 Mobile Safari/537.36 OPR/79.0.2254.70805"
141.0.12.238 - - [11/Apr/2024:15:56:50 +0000] "GET /public/backEnd/img/login-bg.jpg HTTP/1.1" 200 129835 "https://edu.richinei.com/public/backEnd/css/style.css" "Mozilla/5.0 (Linux; U; Android 14; SM-A245F Build/UP1A.231005.007; wv) AppleWebKit/537.36 (KHTML, like Gecko) Version/4.0 Chrome/123.0.6312.42 Mobile Safari/537.36 OPR/79.0.2254.70805"
141.0.12.238 - - [11/Apr/2024:15:56:50 +0000] "GET /public/backEnd/vendors/css/images/ui-icons_777777_256x240.png HTTP/1.1" 404 11119 "https://edu.richinei.com/public/backEnd/vendors/css/jquery-ui.css" "Mozilla/5.0 (Linux; U; Android 14; SM-A245F Build/UP1A.231005.007; wv) AppleWebKit/537.36 (KHTML, like Gecko) Version/4.0 Chrome/123.0.6312.42 Mobile Safari/537.36 OPR/79.0.2254.70805"
141.0.12.238 - - [11/Apr/2024:15:56:50 +0000] "GET /public/backEnd/vendors/css/images/ui-icons_cc0000_256x240.png HTTP/1.1" 404 11119 "https://edu.richinei.com/public/backEnd/vendors/css/jquery-ui.css" "Mozilla/5.0 (Linux; U; Android 14; SM-A245F Build/UP1A.231005.007; wv) AppleWebKit/537.36 (KHTML, like Gecko) Version/4.0 Chrome/123.0.6312.42 Mobile Safari/537.36 OPR/79.0.2254.70805"
141.0.12.238 - - [11/Apr/2024:15:56:50 +0000] "GET /public/backEnd/vendors/css/images/ui-icons_777620_256x240.png HTTP/1.1" 404 11119 "https://edu.richinei.com/public/backEnd/vendors/css/jquery-ui.css" "Mozilla/5.0 (Linux; U; Android 14; SM-A245F Build/UP1A.231005.007; wv) AppleWebKit/537.36 (KHTML, like Gecko) Version/4.0 Chrome/123.0.6312.42 Mobile Safari/537.36 OPR/79.0.2254.70805"
141.0.12.238 - - [11/Apr/2024:15:56:50 +0000] "GET /public/backEnd/vendors/css/images/ui-icons_ffffff_256x240.png HTTP/1.1" 404 11119 "https://edu.richinei.com/public/backEnd/vendors/css/jquery-ui.css" "Mozilla/5.0 (Linux; U; Android 14; SM-A245F Build/UP1A.231005.007; wv) AppleWebKit/537.36 (KHTML, like Gecko) Version/4.0 Chrome/123.0.6312.42 Mobile Safari/537.36 OPR/79.0.2254.70805"
141.0.12.238 - - [11/Apr/2024:15:56:50 +0000] "GET /public/backEnd/vendors/css/owl.video.play.png HTTP/1.1" 404 11126 "https://edu.richinei.com/public/backEnd/vendors/css/owl.carousel.min.css" "Mozilla/5.0 (Linux; U; Android 14; SM-A245F Build/UP1A.231005.007; wv) AppleWebKit/537.36 (KHTML, like Gecko) Version/4.0 Chrome/123.0.6312.42 Mobile Safari/537.36 OPR/79.0.2254.70805"
141.0.12.238 - - [11/Apr/2024:15:57:28 +0000] "GET /login HTTP/1.1" 200 2181 "https://edu.richinei.com/" "Mozilla/5.0 (Linux; U; Android 14; SM-A245F Build/UP1A.231005.007; wv) AppleWebKit/537.36 (KHTML, like Gecko) Version/4.0 Chrome/123.0.6312.42 Mobile Safari/537.36 OPR/79.0.2254.70805"
141.0.12.238 - - [11/Apr/2024:15:57:29 +0000] "GET /public/backEnd/vendors/css/themify-icons.css HTTP/1.1" 200 2984 "https://edu.richinei.com/login" "Mozilla/5.0 (Linux; U; Android 14; SM-A245F Build/UP1A.231005.007; wv) AppleWebKit/537.36 (KHTML, like Gecko) Version/4.0 Chrome/123.0.6312.42 Mobile Safari/537.36 OPR/79.0.2254.70805"
141.0.12.238 - - [11/Apr/2024:15:57:29 +0000] "GET /public/backEnd/vendors/css/nice-select.css HTTP/1.1" 200 1503 "https://edu.richinei.com/login" "Mozilla/5.0 (Linux; U; Android 14; SM-A245F Build/UP1A.231005.007; wv) AppleWebKit/537.36 (KHTML, like Gecko) Version/4.0 Chrome/123.0.6312.42 Mobile Safari/537.36 OPR/79.0.2254.70805"
141.0.12.238 - - [11/Apr/2024:15:57:29 +0000] "GET /public/backEnd/vendors/js/select2/select2.css HTTP/1.1" 200 2967 "https://edu.richinei.com/login" "Mozilla/5.0 (Linux; U; Android 14; SM-A245F Build/UP1A.231005.007; wv) AppleWebKit/537.36 (KHTML, like Gecko) Version/4.0 Chrome/123.0.6312.42 Mobile Safari/537.36 OPR/79.0.2254.70805"
141.0.12.238 - - [11/Apr/2024:15:57:29 +0000] "GET /public/backEnd/vendors/css/toastr.min.css HTTP/1.1" 200 3032 "https://edu.richinei.com/login" "Mozilla/5.0 (Linux; U; Android 14; SM-A245F Build/UP1A.231005.007; wv) AppleWebKit/537.36 (KHTML, like Gecko) Version/4.0 Chrome/123.0.6312.42 Mobile Safari/537.36 OPR/79.0.2254.70805"
141.0.12.238 - - [11/Apr/2024:15:57:29 +0000] "GET /public/backEnd/css/style.css HTTP/1.1" 200 21756 "https://edu.richinei.com/login" "Mozilla/5.0 (Linux; U; Android 14; SM-A245F Build/UP1A.231005.007; wv) AppleWebKit/537.36 (KHTML, like Gecko) Version/4.0 Chrome/123.0.6312.42 Mobile Safari/537.36 OPR/79.0.2254.70805"
141.0.12.238 - - [11/Apr/2024:15:57:29 +0000] "GET /public/backEnd/vendors/css/bootstrap.css HTTP/1.1" 200 23339 "https://edu.richinei.com/login" "Mozilla/5.0 (Linux; U; Android 14; SM-A245F Build/UP1A.231005.007; wv) AppleWebKit/537.36 (KHTML, like Gecko) Version/4.0 Chrome/123.0.6312.42 Mobile Safari/537.36 OPR/79.0.2254.70805"
141.0.12.238 - - [11/Apr/2024:15:57:29 +0000] "GET /public/uploads/settings/d104eb144208b278c21f87e66cfe38f4.png HTTP/1.1" 200 127748 "https://edu.richinei.com/login" "Mozilla/5.0 (Linux; U; Android 14; SM-A245F Build/UP1A.231005.007; wv) AppleWebKit/537.36 (KHTML, like Gecko) Version/4.0 Chrome/123.0.6312.42 Mobile Safari/537.36 OPR/79.0.2254.70805"
141.0.12.238 - - [11/Apr/2024:15:57:29 +0000] "GET /public/backEnd/fonts/themify.woff?-fvbane HTTP/1.1" 200 56108 "https://edu.richinei.com/public/backEnd/vendors/css/themify-icons.css" "Mozilla/5.0 (Linux; U; Android 14; SM-A245F Build/UP1A.231005.007; wv) AppleWebKit/537.36 (KHTML, like Gecko) Version/4.0 Chrome/123.0.6312.42 Mobile Safari/537.36 OPR/79.0.2254.70805"
141.0.12.238 - - [11/Apr/2024:15:57:29 +0000] "GET /public/backEnd/fonts/themify.eot? HTTP/1.1" 200 41082 "https://edu.richinei.com/public/backEnd/vendors/css/themify-icons.css" "Mozilla/5.0 (Linux; U; Android 14; SM-A245F Build/UP1A.231005.007; wv) AppleWebKit/537.36 (KHTML, like Gecko) Version/4.0 Chrome/123.0.6312.42 Mobile Safari/537.36 OPR/79.0.2254.70805"
141.0.12.238 - - [11/Apr/2024:15:57:29 +0000] "GET /public/backEnd/fonts/themify.eot?-fvbane HTTP/1.1" 200 41082 "https://edu.richinei.com/public/backEnd/vendors/css/themify-icons.css" "Mozilla/5.0 (Linux; U; Android 14; SM-A245F Build/UP1A.231005.007; wv) AppleWebKit/537.36 (KHTML, like Gecko) Version/4.0 Chrome/123.0.6312.42 Mobile Safari/537.36 OPR/79.0.2254.70805"
141.0.12.238 - - [11/Apr/2024:15:57:29 +0000] "GET /public/backEnd/fonts/themify.ttf?-fvbane HTTP/1.1" 200 41006 "https://edu.richinei.com/public/backEnd/vendors/css/themify-icons.css" "Mozilla/5.0 (Linux; U; Android 14; SM-A245F Build/UP1A.231005.007; wv) AppleWebKit/537.36 (KHTML, like Gecko) Version/4.0 Chrome/123.0.6312.42 Mobile Safari/537.36 OPR/79.0.2254.70805"
141.0.12.238 - - [11/Apr/2024:15:57:29 +0000] "GET /public/backEnd/fonts/themify.svg?-fvbane HTTP/1.1" 200 73575 "https://edu.richinei.com/public/backEnd/vendors/css/themify-icons.css" "Mozilla/5.0 (Linux; U; Android 14; SM-A245F Build/UP1A.231005.007; wv) AppleWebKit/537.36 (KHTML, like Gecko) Version/4.0 Chrome/123.0.6312.42 Mobile Safari/537.36 OPR/79.0.2254.70805"
141.0.12.238 - - [11/Apr/2024:15:57:29 +0000] "GET /public/backEnd/img/summery-bg2.png HTTP/1.1" 200 1574 "https://edu.richinei.com/public/backEnd/css/style.css" "Mozilla/5.0 (Linux; U; Android 14; SM-A245F Build/UP1A.231005.007; wv) AppleWebKit/537.36 (KHTML, like Gecko) Version/4.0 Chrome/123.0.6312.42 Mobile Safari/537.36 OPR/79.0.2254.70805"
141.0.12.238 - - [11/Apr/2024:15:57:29 +0000] "GET /public/backEnd/img/modal-header-bg.png HTTP/1.1" 200 13389 "https://edu.richinei.com/public/backEnd/css/style.css" "Mozilla/5.0 (Linux; U; Android 14; SM-A245F Build/UP1A.231005.007; wv) AppleWebKit/537.36 (KHTML, like Gecko) Version/4.0 Chrome/123.0.6312.42 Mobile Safari/537.36 OPR/79.0.2254.70805"
141.0.12.238 - - [11/Apr/2024:15:57:29 +0000] "GET /public/backEnd/vendors/js/select2/select2.png HTTP/1.1" 200 654 "https://edu.richinei.com/public/backEnd/vendors/js/select2/select2.css" "Mozilla/5.0 (Linux; U; Android 14; SM-A245F Build/UP1A.231005.007; wv) AppleWebKit/537.36 (KHTML, like Gecko) Version/4.0 Chrome/123.0.6312.42 Mobile Safari/537.36 OPR/79.0.2254.70805"
141.0.12.238 - - [11/Apr/2024:15:57:29 +0000] "GET /public/backEnd/img/summery-bg3.png HTTP/1.1" 200 1503 "https://edu.richinei.com/public/backEnd/css/style.css" "Mozilla/5.0 (Linux; U; Android 14; SM-A245F Build/UP1A.231005.007; wv) AppleWebKit/537.36 (KHTML, like Gecko) Version/4.0 Chrome/123.0.6312.42 Mobile Safari/537.36 OPR/79.0.2254.70805"
141.0.12.238 - - [11/Apr/2024:15:57:29 +0000] "GET /public/backEnd/img/student/student-details-bg.png HTTP/1.1" 200 16238 "https://edu.richinei.com/public/backEnd/css/style.css" "Mozilla/5.0 (Linux; U; Android 14; SM-A245F Build/UP1A.231005.007; wv) AppleWebKit/537.36 (KHTML, like Gecko) Version/4.0 Chrome/123.0.6312.42 Mobile Safari/537.36 OPR/79.0.2254.70805"
141.0.12.238 - - [11/Apr/2024:15:57:29 +0000] "GET /public/backEnd/img/body-bg.jpg HTTP/1.1" 200 173248 "https://edu.richinei.com/public/backEnd/css/style.css" "Mozilla/5.0 (Linux; U; Android 14; SM-A245F Build/UP1A.231005.007; wv) AppleWebKit/537.36 (KHTML, like Gecko) Version/4.0 Chrome/123.0.6312.42 Mobile Safari/537.36 OPR/79.0.2254.70805"
141.0.12.238 - - [11/Apr/2024:15:57:29 +0000] "GET /public/backEnd/img/login-bg.jpg HTTP/1.1" 200 129835 "https://edu.richinei.com/public/backEnd/css/style.css" "Mozilla/5.0 (Linux; U; Android 14; SM-A245F Build/UP1A.231005.007; wv) AppleWebKit/537.36 (KHTML, like Gecko) Version/4.0 Chrome/123.0.6312.42 Mobile Safari/537.36 OPR/79.0.2254.70805"
141.0.12.238 - - [11/Apr/2024:15:57:29 +0000] "GET /public/backEnd/vendors/js/select2/select2x2.png HTTP/1.1" 404 11124 "https://edu.richinei.com/public/backEnd/vendors/js/select2/select2.css" "Mozilla/5.0 (Linux; U; Android 14; SM-A245F Build/UP1A.231005.007; wv) AppleWebKit/537.36 (KHTML, like Gecko) Version/4.0 Chrome/123.0.6312.42 Mobile Safari/537.36 OPR/79.0.2254.70805"
141.0.12.238 - - [11/Apr/2024:15:57:29 +0000] "GET /public/backEnd/vendors/js/select2/spinner.gif HTTP/1.1" 404 11124 "https://edu.richinei.com/public/backEnd/vendors/js/select2/select2.css" "Mozilla/5.0 (Linux; U; Android 14; SM-A245F Build/UP1A.231005.007; wv) AppleWebKit/537.36 (KHTML, like Gecko) Version/4.0 Chrome/123.0.6312.42 Mobile Safari/537.36 OPR/79.0.2254.70805"
141.0.12.238 - - [11/Apr/2024:15:57:58 +0000] "POST /login HTTP/1.1" 302 366 "https://edu.richinei.com/login" "Mozilla/5.0 (Linux; U; Android 14; SM-A245F Build/UP1A.231005.007; wv) AppleWebKit/537.36 (KHTML, like Gecko) Version/4.0 Chrome/123.0.6312.42 Mobile Safari/537.36 OPR/79.0.2254.70805"
129.205.113.190 - - [11/Apr/2024:15:58:01 +0000] "GET /login HTTP/1.1" 200 2273 "https://edu.richinei.com/login" "Mozilla/5.0 (Linux; U; Android 14; SM-A245F Build/UP1A.231005.007; wv) AppleWebKit/537.36 (KHTML, like Gecko) Version/4.0 Chrome/123.0.6312.42 Mobile Safari/537.36 OPR/79.0.2254.70805"
129.205.113.190 - - [11/Apr/2024:15:58:27 +0000] "POST /login HTTP/1.1" 302 390 "https://edu.richinei.com/login" "Mozilla/5.0 (Linux; U; Android 14; SM-A245F Build/UP1A.231005.007; wv) AppleWebKit/537.36 (KHTML, like Gecko) Version/4.0 Chrome/123.0.6312.42 Mobile Safari/537.36 OPR/79.0.2254.70805"
129.205.113.190 - - [11/Apr/2024:15:58:28 +0000] "GET /after-login HTTP/1.1" 302 406 "https://edu.richinei.com/login" "Mozilla/5.0 (Linux; U; Android 14; SM-A245F Build/UP1A.231005.007; wv) AppleWebKit/537.36 (KHTML, like Gecko) Version/4.0 Chrome/123.0.6312.42 Mobile Safari/537.36 OPR/79.0.2254.70805"
203.161.54.34 - - [11/Apr/2024:15:58:30 +0000] "GET /public/uploads/settings/d104eb144208b278c21f87e66cfe38f4.png HTTP/1.0" 200 127748 "-" "-"
129.205.113.190 - - [11/Apr/2024:15:58:29 +0000] "GET /admin-dashboard HTTP/1.1" 200 428428 "https://edu.richinei.com/login" "Mozilla/5.0 (Linux; U; Android 14; SM-A245F Build/UP1A.231005.007; wv) AppleWebKit/537.36 (KHTML, like Gecko) Version/4.0 Chrome/123.0.6312.42 Mobile Safari/537.36 OPR/79.0.2254.70805"
141.0.12.238 - - [11/Apr/2024:15:59:20 +0000] "POST /broadcasting/auth HTTP/1.1" 200 96 "https://edu.richinei.com/admin-dashboard" "Mozilla/5.0 (Linux; U; Android 14; SM-A245F Build/UP1A.231005.007; wv) AppleWebKit/537.36 (KHTML, like Gecko) Version/4.0 Chrome/123.0.6312.42 Mobile Safari/537.36 OPR/79.0.2254.70805"
203.161.54.34 - - [11/Apr/2024:15:59:38 +0000] "GET /public/uploads/settings/d104eb144208b278c21f87e66cfe38f4.png HTTP/1.0" 200 127748 "-" "-"
141.0.12.238 - - [11/Apr/2024:15:59:37 +0000] "GET /add-notice HTTP/1.1" 200 426513 "https://edu.richinei.com/admin-dashboard" "Mozilla/5.0 (Linux; U; Android 14; SM-A245F Build/UP1A.231005.007; wv) AppleWebKit/537.36 (KHTML, like Gecko) Version/4.0 Chrome/123.0.6312.42 Mobile Safari/537.36 OPR/79.0.2254.70805"
141.0.12.238 - - [11/Apr/2024:16:00:07 +0000] "POST /broadcasting/auth HTTP/1.1" 200 96 "https://edu.richinei.com/add-notice" "Mozilla/5.0 (Linux; U; Android 14; SM-A245F Build/UP1A.231005.007; wv) AppleWebKit/537.36 (KHTML, like Gecko) Version/4.0 Chrome/123.0.6312.42 Mobile Safari/537.36 OPR/79.0.2254.70805"
141.0.12.238 - - [11/Apr/2024:16:00:41 +0000] "POST /broadcasting/auth HTTP/1.1" 200 96 "https://edu.richinei.com/add-notice" "Mozilla/5.0 (Linux; U; Android 14; SM-A245F Build/UP1A.231005.007; wv) AppleWebKit/537.36 (KHTML, like Gecko) Version/4.0 Chrome/123.0.6312.42 Mobile Safari/537.36 OPR/79.0.2254.70805"
141.0.12.238 - - [11/Apr/2024:16:00:59 +0000] "POST /save-notice-data HTTP/1.1" 302 390 "https://edu.richinei.com/add-notice" "Mozilla/5.0 (Linux; U; Android 14; SM-A245F Build/UP1A.231005.007; wv) AppleWebKit/537.36 (KHTML, like Gecko) Version/4.0 Chrome/123.0.6312.42 Mobile Safari/537.36 OPR/79.0.2254.70805"
203.161.54.34 - - [11/Apr/2024:16:01:00 +0000] "GET /public/uploads/settings/d104eb144208b278c21f87e66cfe38f4.png HTTP/1.0" 200 127748 "-" "-"
141.0.12.238 - - [11/Apr/2024:16:01:00 +0000] "GET /notice-list HTTP/1.1" 200 426461 "https://edu.richinei.com/add-notice" "Mozilla/5.0 (Linux; U; Android 14; SM-A245F Build/UP1A.231005.007; wv) AppleWebKit/537.36 (KHTML, like Gecko) Version/4.0 Chrome/123.0.6312.42 Mobile Safari/537.36 OPR/79.0.2254.70805"
141.0.12.238 - - [11/Apr/2024:16:01:11 +0000] "POST /broadcasting/auth HTTP/1.1" 200 96 "https://edu.richinei.com/notice-list" "Mozilla/5.0 (Linux; U; Android 14; SM-A245F Build/UP1A.231005.007; wv) AppleWebKit/537.36 (KHTML, like Gecko) Version/4.0 Chrome/123.0.6312.42 Mobile Safari/537.36 OPR/79.0.2254.70805"
141.0.12.238 - - [11/Apr/2024:16:01:15 +0000] "GET /delete-notice-view/3 HTTP/1.1" 200 249 "https://edu.richinei.com/notice-list" "Mozilla/5.0 (Linux; U; Android 14; SM-A245F Build/UP1A.231005.007; wv) AppleWebKit/537.36 (KHTML, like Gecko) Version/4.0 Chrome/123.0.6312.42 Mobile Safari/537.36 OPR/79.0.2254.70805"
141.0.12.238 - - [11/Apr/2024:16:01:17 +0000] "GET /delete-notice/3 HTTP/1.1" 302 390 "https://edu.richinei.com/notice-list" "Mozilla/5.0 (Linux; U; Android 14; SM-A245F Build/UP1A.231005.007; wv) AppleWebKit/537.36 (KHTML, like Gecko) Version/4.0 Chrome/123.0.6312.42 Mobile Safari/537.36 OPR/79.0.2254.70805"
203.161.54.34 - - [11/Apr/2024:16:01:19 +0000] "GET /public/uploads/settings/d104eb144208b278c21f87e66cfe38f4.png HTTP/1.0" 200 127748 "-" "-"
141.0.12.238 - - [11/Apr/2024:16:01:18 +0000] "GET /notice-list HTTP/1.1" 200 426401 "https://edu.richinei.com/notice-list" "Mozilla/5.0 (Linux; U; Android 14; SM-A245F Build/UP1A.231005.007; wv) AppleWebKit/537.36 (KHTML, like Gecko) Version/4.0 Chrome/123.0.6312.42 Mobile Safari/537.36 OPR/79.0.2254.70805"
141.0.12.238 - - [11/Apr/2024:16:01:27 +0000] "POST /broadcasting/auth HTTP/1.1" 200 96 "https://edu.richinei.com/notice-list" "Mozilla/5.0 (Linux; U; Android 14; SM-A245F Build/UP1A.231005.007; wv) AppleWebKit/537.36 (KHTML, like Gecko) Version/4.0 Chrome/123.0.6312.42 Mobile Safari/537.36 OPR/79.0.2254.70805"
141.0.12.238 - - [11/Apr/2024:16:02:03 +0000] "POST /broadcasting/auth HTTP/1.1" 200 96 "https://edu.richinei.com/notice-list" "Mozilla/5.0 (Linux; U; Android 14; SM-A245F Build/UP1A.231005.007; wv) AppleWebKit/537.36 (KHTML, like Gecko) Version/4.0 Chrome/123.0.6312.42 Mobile Safari/537.36 OPR/79.0.2254.70805"
141.0.12.238 - - [11/Apr/2024:16:02:10 +0000] "GET /delete-notice-view/4 HTTP/1.1" 200 248 "https://edu.richinei.com/notice-list" "Mozilla/5.0 (Linux; U; Android 14; SM-A245F Build/UP1A.231005.007; wv) AppleWebKit/537.36 (KHTML, like Gecko) Version/4.0 Chrome/123.0.6312.42 Mobile Safari/537.36 OPR/79.0.2254.70805"
141.0.12.238 - - [11/Apr/2024:16:02:12 +0000] "GET /delete-notice/4 HTTP/1.1" 302 390 "https://edu.richinei.com/notice-list" "Mozilla/5.0 (Linux; U; Android 14; SM-A245F Build/UP1A.231005.007; wv) AppleWebKit/537.36 (KHTML, like Gecko) Version/4.0 Chrome/123.0.6312.42 Mobile Safari/537.36 OPR/79.0.2254.70805"
203.161.54.34 - - [11/Apr/2024:16:02:14 +0000] "GET /public/uploads/settings/d104eb144208b278c21f87e66cfe38f4.png HTTP/1.0" 200 127748 "-" "-"
141.0.12.238 - - [11/Apr/2024:16:02:13 +0000] "GET /notice-list HTTP/1.1" 200 426339 "https://edu.richinei.com/notice-list" "Mozilla/5.0 (Linux; U; Android 14; SM-A245F Build/UP1A.231005.007; wv) AppleWebKit/537.36 (KHTML, like Gecko) Version/4.0 Chrome/123.0.6312.42 Mobile Safari/537.36 OPR/79.0.2254.70805"
141.0.12.238 - - [11/Apr/2024:16:02:19 +0000] "POST /broadcasting/auth HTTP/1.1" 200 96 "https://edu.richinei.com/notice-list" "Mozilla/5.0 (Linux; U; Android 14; SM-A245F Build/UP1A.231005.007; wv) AppleWebKit/537.36 (KHTML, like Gecko) Version/4.0 Chrome/123.0.6312.42 Mobile Safari/537.36 OPR/79.0.2254.70805"
141.0.12.238 - - [11/Apr/2024:16:02:30 +0000] "GET /delete-notice-view/1 HTTP/1.1" 200 249 "https://edu.richinei.com/notice-list" "Mozilla/5.0 (Linux; U; Android 14; SM-A245F Build/UP1A.231005.007; wv) AppleWebKit/537.36 (KHTML, like Gecko) Version/4.0 Chrome/123.0.6312.42 Mobile Safari/537.36 OPR/79.0.2254.70805"
141.0.12.238 - - [11/Apr/2024:16:02:32 +0000] "GET /delete-notice/1 HTTP/1.1" 302 390 "https://edu.richinei.com/notice-list" "Mozilla/5.0 (Linux; U; Android 14; SM-A245F Build/UP1A.231005.007; wv) AppleWebKit/537.36 (KHTML, like Gecko) Version/4.0 Chrome/123.0.6312.42 Mobile Safari/537.36 OPR/79.0.2254.70805"
203.161.54.34 - - [11/Apr/2024:16:02:34 +0000] "GET /public/uploads/settings/d104eb144208b278c21f87e66cfe38f4.png HTTP/1.0" 200 127748 "-" "-"
141.0.12.238 - - [11/Apr/2024:16:02:34 +0000] "GET /notice-list HTTP/1.1" 200 426272 "https://edu.richinei.com/notice-list" "Mozilla/5.0 (Linux; U; Android 14; SM-A245F Build/UP1A.231005.007; wv) AppleWebKit/537.36 (KHTML, like Gecko) Version/4.0 Chrome/123.0.6312.42 Mobile Safari/537.36 OPR/79.0.2254.70805"
141.0.12.238 - - [11/Apr/2024:16:02:39 +0000] "POST /broadcasting/auth HTTP/1.1" 200 96 "https://edu.richinei.com/notice-list" "Mozilla/5.0 (Linux; U; Android 14; SM-A245F Build/UP1A.231005.007; wv) AppleWebKit/537.36 (KHTML, like Gecko) Version/4.0 Chrome/123.0.6312.42 Mobile Safari/537.36 OPR/79.0.2254.70805"
203.161.54.34 - - [11/Apr/2024:16:02:46 +0000] "GET /public/uploads/settings/d104eb144208b278c21f87e66cfe38f4.png HTTP/1.0" 200 127748 "-" "-"
