41.173.241.29 - - [14/Feb/2024:09:00:38 +0000] "GET /public/backEnd/vendors/js/select2/select2.min.js HTTP/1.1" 200 10224 "https://edu.richinei.com/admin-dashboard" "Mozilla/5.0 (Windows NT 10.0; Win64; x64) AppleWebKit/537.36 (KHTML, like Gecko) Chrome/121.0.0.0 Safari/537.36 Edg/121.0.0.0"
197.255.218.174 - - [14/Feb/2024:09:00:38 +0000] "GET /public/backEnd/js/lesson_plan.js HTTP/1.1" 200 1137 "https://edu.richinei.com/admin-dashboard" "Mozilla/5.0 (Windows NT 10.0; Win64; x64) AppleWebKit/537.36 (KHTML, like Gecko) Chrome/121.0.0.0 Safari/537.36 Edg/121.0.0.0"
197.255.218.174 - - [14/Feb/2024:09:00:38 +0000] "GET /public/js/registration_custom.js HTTP/1.1" 200 1811 "https://edu.richinei.com/admin-dashboard" "Mozilla/5.0 (Windows NT 10.0; Win64; x64) AppleWebKit/537.36 (KHTML, like Gecko) Chrome/121.0.0.0 Safari/537.36 Edg/121.0.0.0"
197.255.218.174 - - [14/Feb/2024:09:00:38 +0000] "GET /public/backEnd/js/developer.js HTTP/1.1" 200 13239 "https://edu.richinei.com/admin-dashboard" "Mozilla/5.0 (Windows NT 10.0; Win64; x64) AppleWebKit/537.36 (KHTML, like Gecko) Chrome/121.0.0.0 Safari/537.36 Edg/121.0.0.0"
197.255.218.174 - - [14/Feb/2024:09:00:38 +0000] "GET /public/backEnd/vendors/js/daterangepicker.min.js HTTP/1.1" 200 7318 "https://edu.richinei.com/admin-dashboard" "Mozilla/5.0 (Windows NT 10.0; Win64; x64) AppleWebKit/537.36 (KHTML, like Gecko) Chrome/121.0.0.0 Safari/537.36 Edg/121.0.0.0"
41.173.241.29 - - [14/Feb/2024:09:00:38 +0000] "GET /public/backEnd/vendors/editor/summernote-bs4.js HTTP/1.1" 200 59500 "https://edu.richinei.com/admin-dashboard" "Mozilla/5.0 (Windows NT 10.0; Win64; x64) AppleWebKit/537.36 (KHTML, like Gecko) Chrome/121.0.0.0 Safari/537.36 Edg/121.0.0.0"
197.255.218.174 - - [14/Feb/2024:09:00:38 +0000] "GET /Modules/Wallet/Resources/assets/js/wallet.js HTTP/1.1" 200 1143 "https://edu.richinei.com/admin-dashboard" "Mozilla/5.0 (Windows NT 10.0; Win64; x64) AppleWebKit/537.36 (KHTML, like Gecko) Chrome/121.0.0.0 Safari/537.36 Edg/121.0.0.0"
41.173.241.29 - - [14/Feb/2024:09:00:37 +0000] "GET /public/backEnd/js/vfs_fonts.js HTTP/1.1" 200 3516298 "https://edu.richinei.com/admin-dashboard" "Mozilla/5.0 (Windows NT 10.0; Win64; x64) AppleWebKit/537.36 (KHTML, like Gecko) Chrome/121.0.0.0 Safari/537.36 Edg/121.0.0.0"
197.255.218.174 - - [14/Feb/2024:09:00:38 +0000] "GET /public/backEnd/multiselect/js/jquery.multiselect.js HTTP/1.1" 200 7734 "https://edu.richinei.com/admin-dashboard" "Mozilla/5.0 (Windows NT 10.0; Win64; x64) AppleWebKit/537.36 (KHTML, like Gecko) Chrome/121.0.0.0 Safari/537.36 Edg/121.0.0.0"
197.255.218.174 - - [14/Feb/2024:09:00:39 +0000] "GET /public/backEnd/js/search.js HTTP/1.1" 200 482 "https://edu.richinei.com/admin-dashboard" "Mozilla/5.0 (Windows NT 10.0; Win64; x64) AppleWebKit/537.36 (KHTML, like Gecko) Chrome/121.0.0.0 Safari/537.36 Edg/121.0.0.0"
197.255.218.174 - - [14/Feb/2024:09:00:39 +0000] "GET /public/js/app.js HTTP/1.1" 200 291600 "https://edu.richinei.com/admin-dashboard" "Mozilla/5.0 (Windows NT 10.0; Win64; x64) AppleWebKit/537.36 (KHTML, like Gecko) Chrome/121.0.0.0 Safari/537.36 Edg/121.0.0.0"
197.255.218.174 - - [14/Feb/2024:09:00:39 +0000] "GET /public/chat/js/custom.js HTTP/1.1" 200 695 "https://edu.richinei.com/admin-dashboard" "Mozilla/5.0 (Windows NT 10.0; Win64; x64) AppleWebKit/537.36 (KHTML, like Gecko) Chrome/121.0.0.0 Safari/537.36 Edg/121.0.0.0"
41.173.241.29 - - [14/Feb/2024:09:00:41 +0000] "GET /public/chat/audio/notification.mp3 HTTP/1.1" 206 151908 "https://edu.richinei.com/admin-dashboard" "Mozilla/5.0 (Windows NT 10.0; Win64; x64) AppleWebKit/537.36 (KHTML, like Gecko) Chrome/121.0.0.0 Safari/537.36 Edg/121.0.0.0"
41.173.241.29 - - [14/Feb/2024:09:00:50 +0000] "GET /public/backEnd/img/summery-bg2.png HTTP/1.1" 200 1574 "https://edu.richinei.com/public/backEnd/css/style.css" "Mozilla/5.0 (Windows NT 10.0; Win64; x64) AppleWebKit/537.36 (KHTML, like Gecko) Chrome/121.0.0.0 Safari/537.36 Edg/121.0.0.0"
197.255.218.174 - - [14/Feb/2024:09:00:50 +0000] "GET /public/backEnd/img/summery-bg3.png HTTP/1.1" 200 1503 "https://edu.richinei.com/public/backEnd/css/style.css" "Mozilla/5.0 (Windows NT 10.0; Win64; x64) AppleWebKit/537.36 (KHTML, like Gecko) Chrome/121.0.0.0 Safari/537.36 Edg/121.0.0.0"
203.161.54.34 - - [14/Feb/2024:09:00:57 +0000] "GET /public/uploads/settings/logo.png HTTP/1.0" 200 10490 "-" "-"
197.255.218.174 - - [14/Feb/2024:09:00:57 +0000] "GET /general-settings HTTP/1.1" 200 310176 "https://edu.richinei.com/admin-dashboard" "Mozilla/5.0 (Windows NT 10.0; Win64; x64) AppleWebKit/537.36 (KHTML, like Gecko) Chrome/121.0.0.0 Safari/537.36 Edg/121.0.0.0"
197.255.218.174 - - [14/Feb/2024:09:00:59 +0000] "GET /public/backEnd/img/first_layout.png HTTP/1.1" 200 66291 "https://edu.richinei.com/general-settings" "Mozilla/5.0 (Windows NT 10.0; Win64; x64) AppleWebKit/537.36 (KHTML, like Gecko) Chrome/121.0.0.0 Safari/537.36 Edg/121.0.0.0"
197.255.218.174 - - [14/Feb/2024:09:01:00 +0000] "GET /public/chat/audio/notification.mp3 HTTP/1.1" 206 151908 "https://edu.richinei.com/general-settings" "Mozilla/5.0 (Windows NT 10.0; Win64; x64) AppleWebKit/537.36 (KHTML, like Gecko) Chrome/121.0.0.0 Safari/537.36 Edg/121.0.0.0"
41.173.241.29 - - [14/Feb/2024:09:02:18 +0000] "POST /update-school-logo HTTP/1.1" 302 410 "https://edu.richinei.com/general-settings" "Mozilla/5.0 (Windows NT 10.0; Win64; x64) AppleWebKit/537.36 (KHTML, like Gecko) Chrome/121.0.0.0 Safari/537.36 Edg/121.0.0.0"
203.161.54.34 - - [14/Feb/2024:09:02:19 +0000] "GET /public/uploads/settings/logo.png HTTP/1.0" 200 10490 "-" "-"
41.173.241.29 - - [14/Feb/2024:09:02:19 +0000] "GET /general-settings HTTP/1.1" 200 310261 "https://edu.richinei.com/general-settings" "Mozilla/5.0 (Windows NT 10.0; Win64; x64) AppleWebKit/537.36 (KHTML, like Gecko) Chrome/121.0.0.0 Safari/537.36 Edg/121.0.0.0"
41.173.241.29 - - [14/Feb/2024:09:02:21 +0000] "GET /public/chat/audio/notification.mp3 HTTP/1.1" 206 151908 "https://edu.richinei.com/general-settings" "Mozilla/5.0 (Windows NT 10.0; Win64; x64) AppleWebKit/537.36 (KHTML, like Gecko) Chrome/121.0.0.0 Safari/537.36 Edg/121.0.0.0"
41.173.241.29 - - [14/Feb/2024:09:02:54 +0000] "POST /update-school-logo HTTP/1.1" 302 410 "https://edu.richinei.com/general-settings" "Mozilla/5.0 (Windows NT 10.0; Win64; x64) AppleWebKit/537.36 (KHTML, like Gecko) Chrome/121.0.0.0 Safari/537.36 Edg/121.0.0.0"
203.161.54.34 - - [14/Feb/2024:09:02:56 +0000] "GET /public/uploads/settings/d104eb144208b278c21f87e66cfe38f4.png HTTP/1.0" 200 127748 "-" "-"
41.173.241.29 - - [14/Feb/2024:09:02:55 +0000] "GET /general-settings HTTP/1.1" 200 427676 "https://edu.richinei.com/general-settings" "Mozilla/5.0 (Windows NT 10.0; Win64; x64) AppleWebKit/537.36 (KHTML, like Gecko) Chrome/121.0.0.0 Safari/537.36 Edg/121.0.0.0"
41.173.241.29 - - [14/Feb/2024:09:02:57 +0000] "GET /public/uploads/settings/d104eb144208b278c21f87e66cfe38f4.png HTTP/1.1" 200 127748 "https://edu.richinei.com/general-settings" "Mozilla/5.0 (Windows NT 10.0; Win64; x64) AppleWebKit/537.36 (KHTML, like Gecko) Chrome/121.0.0.0 Safari/537.36 Edg/121.0.0.0"
197.255.218.174 - - [14/Feb/2024:09:02:58 +0000] "GET /public/chat/audio/notification.mp3 HTTP/1.1" 206 151908 "https://edu.richinei.com/general-settings" "Mozilla/5.0 (Windows NT 10.0; Win64; x64) AppleWebKit/537.36 (KHTML, like Gecko) Chrome/121.0.0.0 Safari/537.36 Edg/121.0.0.0"
197.255.218.174 - - [14/Feb/2024:09:03:05 +0000] "POST /update-school-logo HTTP/1.1" 302 410 "https://edu.richinei.com/general-settings" "Mozilla/5.0 (Windows NT 10.0; Win64; x64) AppleWebKit/537.36 (KHTML, like Gecko) Chrome/121.0.0.0 Safari/537.36 Edg/121.0.0.0"
203.161.54.34 - - [14/Feb/2024:09:03:07 +0000] "GET /public/uploads/settings/d104eb144208b278c21f87e66cfe38f4.png HTTP/1.0" 200 127748 "-" "-"
197.255.218.174 - - [14/Feb/2024:09:03:07 +0000] "GET /general-settings HTTP/1.1" 200 427732 "https://edu.richinei.com/general-settings" "Mozilla/5.0 (Windows NT 10.0; Win64; x64) AppleWebKit/537.36 (KHTML, like Gecko) Chrome/121.0.0.0 Safari/537.36 Edg/121.0.0.0"
197.255.218.174 - - [14/Feb/2024:09:03:09 +0000] "GET /public/uploads/settings/d104eb144208b278c21f87e66cfe38f4.png HTTP/1.1" 304 - "https://edu.richinei.com/general-settings" "Mozilla/5.0 (Windows NT 10.0; Win64; x64) AppleWebKit/537.36 (KHTML, like Gecko) Chrome/121.0.0.0 Safari/537.36 Edg/121.0.0.0"
197.255.218.174 - - [14/Feb/2024:09:03:09 +0000] "GET /public/uploads/settings/9da728d8a4419f47c78574fece9915b4.png HTTP/1.1" 200 127748 "https://edu.richinei.com/general-settings" "Mozilla/5.0 (Windows NT 10.0; Win64; x64) AppleWebKit/537.36 (KHTML, like Gecko) Chrome/121.0.0.0 Safari/537.36 Edg/121.0.0.0"
197.255.218.174 - - [14/Feb/2024:09:03:10 +0000] "GET /public/uploads/settings/9da728d8a4419f47c78574fece9915b4.png HTTP/1.1" 304 - "https://edu.richinei.com/general-settings" "Mozilla/5.0 (Windows NT 10.0; Win64; x64) AppleWebKit/537.36 (KHTML, like Gecko) Chrome/121.0.0.0 Safari/537.36 Edg/121.0.0.0"
203.161.54.34 - - [14/Feb/2024:09:03:13 +0000] "GET /public/uploads/settings/d104eb144208b278c21f87e66cfe38f4.png HTTP/1.0" 200 127748 "-" "-"
197.255.218.174 - - [14/Feb/2024:09:03:13 +0000] "GET /update-general-settings HTTP/1.1" 200 435186 "https://edu.richinei.com/general-settings" "Mozilla/5.0 (Windows NT 10.0; Win64; x64) AppleWebKit/537.36 (KHTML, like Gecko) Chrome/121.0.0.0 Safari/537.36 Edg/121.0.0.0"
197.255.218.174 - - [14/Feb/2024:09:03:18 +0000] "GET /public/uploads/settings/d104eb144208b278c21f87e66cfe38f4.png HTTP/1.1" 304 - "https://edu.richinei.com/update-general-settings" "Mozilla/5.0 (Windows NT 10.0; Win64; x64) AppleWebKit/537.36 (KHTML, like Gecko) Chrome/121.0.0.0 Safari/537.36 Edg/121.0.0.0"
41.173.241.29 - - [14/Feb/2024:09:03:18 +0000] "GET /public/backEnd/img/second_layout.png HTTP/1.1" 200 67297 "https://edu.richinei.com/update-general-settings" "Mozilla/5.0 (Windows NT 10.0; Win64; x64) AppleWebKit/537.36 (KHTML, like Gecko) Chrome/121.0.0.0 Safari/537.36 Edg/121.0.0.0"
41.173.241.29 - - [14/Feb/2024:09:04:43 +0000] "POST /update-general-settings-data HTTP/1.1" 302 410 "https://edu.richinei.com/update-general-settings" "Mozilla/5.0 (Windows NT 10.0; Win64; x64) AppleWebKit/537.36 (KHTML, like Gecko) Chrome/121.0.0.0 Safari/537.36 Edg/121.0.0.0"
203.161.54.34 - - [14/Feb/2024:09:04:44 +0000] "GET /public/uploads/settings/d104eb144208b278c21f87e66cfe38f4.png HTTP/1.0" 200 127748 "-" "-"
41.173.241.29 - - [14/Feb/2024:09:04:44 +0000] "GET /general-settings HTTP/1.1" 200 427702 "https://edu.richinei.com/update-general-settings" "Mozilla/5.0 (Windows NT 10.0; Win64; x64) AppleWebKit/537.36 (KHTML, like Gecko) Chrome/121.0.0.0 Safari/537.36 Edg/121.0.0.0"
41.173.241.29 - - [14/Feb/2024:09:04:46 +0000] "GET /public/uploads/settings/d104eb144208b278c21f87e66cfe38f4.png HTTP/1.1" 304 - "https://edu.richinei.com/general-settings" "Mozilla/5.0 (Windows NT 10.0; Win64; x64) AppleWebKit/537.36 (KHTML, like Gecko) Chrome/121.0.0.0 Safari/537.36 Edg/121.0.0.0"
41.173.241.29 - - [14/Feb/2024:09:04:46 +0000] "GET /public/uploads/settings/9da728d8a4419f47c78574fece9915b4.png HTTP/1.1" 304 - "https://edu.richinei.com/general-settings" "Mozilla/5.0 (Windows NT 10.0; Win64; x64) AppleWebKit/537.36 (KHTML, like Gecko) Chrome/121.0.0.0 Safari/537.36 Edg/121.0.0.0"
41.173.241.29 - - [14/Feb/2024:09:04:46 +0000] "GET /public/chat/audio/notification.mp3 HTTP/1.1" 206 151908 "https://edu.richinei.com/general-settings" "Mozilla/5.0 (Windows NT 10.0; Win64; x64) AppleWebKit/537.36 (KHTML, like Gecko) Chrome/121.0.0.0 Safari/537.36 Edg/121.0.0.0"
203.161.54.34 - - [14/Feb/2024:09:04:55 +0000] "GET /public/uploads/settings/d104eb144208b278c21f87e66cfe38f4.png HTTP/1.0" 200 127748 "-" "-"
41.173.241.29 - - [14/Feb/2024:09:04:55 +0000] "GET /update-general-settings HTTP/1.1" 200 435154 "https://edu.richinei.com/general-settings" "Mozilla/5.0 (Windows NT 10.0; Win64; x64) AppleWebKit/537.36 (KHTML, like Gecko) Chrome/121.0.0.0 Safari/537.36 Edg/121.0.0.0"
41.173.241.29 - - [14/Feb/2024:09:04:57 +0000] "GET /public/uploads/settings/d104eb144208b278c21f87e66cfe38f4.png HTTP/1.1" 304 - "https://edu.richinei.com/update-general-settings" "Mozilla/5.0 (Windows NT 10.0; Win64; x64) AppleWebKit/537.36 (KHTML, like Gecko) Chrome/121.0.0.0 Safari/537.36 Edg/121.0.0.0"
41.173.241.29 - - [14/Feb/2024:09:04:58 +0000] "POST /broadcasting/auth HTTP/1.1" 200 96 "https://edu.richinei.com/update-general-settings" "Mozilla/5.0 (Windows NT 10.0; Win64; x64) AppleWebKit/537.36 (KHTML, like Gecko) Chrome/121.0.0.0 Safari/537.36 Edg/121.0.0.0"
41.173.241.29 - - [14/Feb/2024:09:05:08 +0000] "GET /ajaxSelectCurrency?id=naira HTTP/1.1" 200 21 "https://edu.richinei.com/update-general-settings" "Mozilla/5.0 (Windows NT 10.0; Win64; x64) AppleWebKit/537.36 (KHTML, like Gecko) Chrome/121.0.0.0 Safari/537.36 Edg/121.0.0.0"
41.173.241.29 - - [14/Feb/2024:09:05:11 +0000] "POST /update-general-settings-data HTTP/1.1" 302 410 "https://edu.richinei.com/update-general-settings" "Mozilla/5.0 (Windows NT 10.0; Win64; x64) AppleWebKit/537.36 (KHTML, like Gecko) Chrome/121.0.0.0 Safari/537.36 Edg/121.0.0.0"
203.161.54.34 - - [14/Feb/2024:09:05:13 +0000] "GET /public/uploads/settings/d104eb144208b278c21f87e66cfe38f4.png HTTP/1.0" 200 127748 "-" "-"
41.173.241.29 - - [14/Feb/2024:09:05:12 +0000] "GET /general-settings HTTP/1.1" 200 427709 "https://edu.richinei.com/update-general-settings" "Mozilla/5.0 (Windows NT 10.0; Win64; x64) AppleWebKit/537.36 (KHTML, like Gecko) Chrome/121.0.0.0 Safari/537.36 Edg/121.0.0.0"
41.173.241.29 - - [14/Feb/2024:09:05:14 +0000] "GET /public/uploads/settings/d104eb144208b278c21f87e66cfe38f4.png HTTP/1.1" 304 - "https://edu.richinei.com/general-settings" "Mozilla/5.0 (Windows NT 10.0; Win64; x64) AppleWebKit/537.36 (KHTML, like Gecko) Chrome/121.0.0.0 Safari/537.36 Edg/121.0.0.0"
197.255.218.174 - - [14/Feb/2024:09:05:14 +0000] "GET /public/uploads/settings/9da728d8a4419f47c78574fece9915b4.png HTTP/1.1" 304 - "https://edu.richinei.com/general-settings" "Mozilla/5.0 (Windows NT 10.0; Win64; x64) AppleWebKit/537.36 (KHTML, like Gecko) Chrome/121.0.0.0 Safari/537.36 Edg/121.0.0.0"
203.161.54.34 - - [14/Feb/2024:09:07:15 +0000] "GET /public/uploads/settings/d104eb144208b278c21f87e66cfe38f4.png HTTP/1.0" 200 127748 "-" "-"
197.255.218.174 - - [14/Feb/2024:09:07:15 +0000] "GET /update-system HTTP/1.1" 200 427262 "https://edu.richinei.com/general-settings" "Mozilla/5.0 (Windows NT 10.0; Win64; x64) AppleWebKit/537.36 (KHTML, like Gecko) Chrome/121.0.0.0 Safari/537.36 Edg/121.0.0.0"
197.255.218.174 - - [14/Feb/2024:09:07:24 +0000] "GET /public/uploads/settings/d104eb144208b278c21f87e66cfe38f4.png HTTP/1.1" 304 - "https://edu.richinei.com/update-system" "Mozilla/5.0 (Windows NT 10.0; Win64; x64) AppleWebKit/537.36 (KHTML, like Gecko) Chrome/121.0.0.0 Safari/537.36 Edg/121.0.0.0"
197.255.218.174 - - [14/Feb/2024:09:07:25 +0000] "GET /public/chat/audio/notification.mp3 HTTP/1.1" 206 151908 "https://edu.richinei.com/update-system" "Mozilla/5.0 (Windows NT 10.0; Win64; x64) AppleWebKit/537.36 (KHTML, like Gecko) Chrome/121.0.0.0 Safari/537.36 Edg/121.0.0.0"
203.161.54.34 - - [14/Feb/2024:09:07:48 +0000] "GET /public/uploads/settings/d104eb144208b278c21f87e66cfe38f4.png HTTP/1.0" 200 127748 "-" "-"
41.173.241.29 - - [14/Feb/2024:09:07:47 +0000] "GET /manage-adons HTTP/1.1" 200 429030 "https://edu.richinei.com/update-system" "Mozilla/5.0 (Windows NT 10.0; Win64; x64) AppleWebKit/537.36 (KHTML, like Gecko) Chrome/121.0.0.0 Safari/537.36 Edg/121.0.0.0"
41.173.241.29 - - [14/Feb/2024:09:07:51 +0000] "GET /public/uploads/settings/d104eb144208b278c21f87e66cfe38f4.png HTTP/1.1" 304 - "https://edu.richinei.com/manage-adons" "Mozilla/5.0 (Windows NT 10.0; Win64; x64) AppleWebKit/537.36 (KHTML, like Gecko) Chrome/121.0.0.0 Safari/537.36 Edg/121.0.0.0"
41.173.241.29 - - [14/Feb/2024:09:07:52 +0000] "POST /broadcasting/auth HTTP/1.1" 200 96 "https://edu.richinei.com/manage-adons" "Mozilla/5.0 (Windows NT 10.0; Win64; x64) AppleWebKit/537.36 (KHTML, like Gecko) Chrome/121.0.0.0 Safari/537.36 Edg/121.0.0.0"
203.161.54.34 - - [14/Feb/2024:09:08:15 +0000] "GET /public/uploads/settings/d104eb144208b278c21f87e66cfe38f4.png HTTP/1.0" 200 127748 "-" "-"
197.255.218.174 - - [14/Feb/2024:09:08:15 +0000] "GET /rolepermission/role HTTP/1.1" 200 426970 "https://edu.richinei.com/manage-adons" "Mozilla/5.0 (Windows NT 10.0; Win64; x64) AppleWebKit/537.36 (KHTML, like Gecko) Chrome/121.0.0.0 Safari/537.36 Edg/121.0.0.0"
197.255.218.174 - - [14/Feb/2024:09:08:18 +0000] "GET /public/chat/audio/notification.mp3 HTTP/1.1" 206 151908 "https://edu.richinei.com/rolepermission/role" "Mozilla/5.0 (Windows NT 10.0; Win64; x64) AppleWebKit/537.36 (KHTML, like Gecko) Chrome/121.0.0.0 Safari/537.36 Edg/121.0.0.0"
197.255.218.174 - - [14/Feb/2024:09:08:37 +0000] "POST /rolepermission/role-store HTTP/1.1" 302 422 "https://edu.richinei.com/rolepermission/role" "Mozilla/5.0 (Windows NT 10.0; Win64; x64) AppleWebKit/537.36 (KHTML, like Gecko) Chrome/121.0.0.0 Safari/537.36 Edg/121.0.0.0"
203.161.54.34 - - [14/Feb/2024:09:08:38 +0000] "GET /public/uploads/settings/d104eb144208b278c21f87e66cfe38f4.png HTTP/1.0" 200 127748 "-" "-"
197.255.218.174 - - [14/Feb/2024:09:08:37 +0000] "GET /rolepermission/role HTTP/1.1" 200 427243 "https://edu.richinei.com/rolepermission/role" "Mozilla/5.0 (Windows NT 10.0; Win64; x64) AppleWebKit/537.36 (KHTML, like Gecko) Chrome/121.0.0.0 Safari/537.36 Edg/121.0.0.0"
197.255.218.174 - - [14/Feb/2024:09:08:42 +0000] "GET /public/uploads/settings/d104eb144208b278c21f87e66cfe38f4.png HTTP/1.1" 304 - "https://edu.richinei.com/rolepermission/role" "Mozilla/5.0 (Windows NT 10.0; Win64; x64) AppleWebKit/537.36 (KHTML, like Gecko) Chrome/121.0.0.0 Safari/537.36 Edg/121.0.0.0"
197.255.218.174 - - [14/Feb/2024:09:08:43 +0000] "POST /broadcasting/auth HTTP/1.1" 200 96 "https://edu.richinei.com/rolepermission/role" "Mozilla/5.0 (Windows NT 10.0; Win64; x64) AppleWebKit/537.36 (KHTML, like Gecko) Chrome/121.0.0.0 Safari/537.36 Edg/121.0.0.0"
203.161.54.34 - - [14/Feb/2024:09:08:52 +0000] "GET /public/uploads/settings/d104eb144208b278c21f87e66cfe38f4.png HTTP/1.0" 200 127748 "-" "-"
197.255.218.174 - - [14/Feb/2024:09:08:51 +0000] "GET /rolepermission/assign-permission/10 HTTP/1.1" 200 445191 "https://edu.richinei.com/rolepermission/role" "Mozilla/5.0 (Windows NT 10.0; Win64; x64) AppleWebKit/537.36 (KHTML, like Gecko) Chrome/121.0.0.0 Safari/537.36 Edg/121.0.0.0"
41.173.241.29 - - [14/Feb/2024:09:09:00 +0000] "GET /Modules/RolePermission/public/css/style.css HTTP/1.1" 200 21276 "https://edu.richinei.com/rolepermission/assign-permission/10" "Mozilla/5.0 (Windows NT 10.0; Win64; x64) AppleWebKit/537.36 (KHTML, like Gecko) Chrome/121.0.0.0 Safari/537.36 Edg/121.0.0.0"
41.173.241.29 - - [14/Feb/2024:09:09:01 +0000] "GET /public/chat/audio/notification.mp3 HTTP/1.1" 206 151908 "https://edu.richinei.com/rolepermission/assign-permission/10" "Mozilla/5.0 (Windows NT 10.0; Win64; x64) AppleWebKit/537.36 (KHTML, like Gecko) Chrome/121.0.0.0 Safari/537.36 Edg/121.0.0.0"
41.173.241.29 - - [14/Feb/2024:09:09:42 +0000] "POST /rolepermission/role-permission-assign HTTP/1.1" 302 422 "https://edu.richinei.com/rolepermission/assign-permission/10" "Mozilla/5.0 (Windows NT 10.0; Win64; x64) AppleWebKit/537.36 (KHTML, like Gecko) Chrome/121.0.0.0 Safari/537.36 Edg/121.0.0.0"
203.161.54.34 - - [14/Feb/2024:09:09:44 +0000] "GET /public/uploads/settings/d104eb144208b278c21f87e66cfe38f4.png HTTP/1.0" 200 127748 "-" "-"
41.173.241.29 - - [14/Feb/2024:09:09:43 +0000] "GET /rolepermission/role HTTP/1.1" 200 427250 "https://edu.richinei.com/rolepermission/assign-permission/10" "Mozilla/5.0 (Windows NT 10.0; Win64; x64) AppleWebKit/537.36 (KHTML, like Gecko) Chrome/121.0.0.0 Safari/537.36 Edg/121.0.0.0"
41.173.241.29 - - [14/Feb/2024:09:09:45 +0000] "GET /public/uploads/settings/d104eb144208b278c21f87e66cfe38f4.png HTTP/1.1" 304 - "https://edu.richinei.com/rolepermission/role" "Mozilla/5.0 (Windows NT 10.0; Win64; x64) AppleWebKit/537.36 (KHTML, like Gecko) Chrome/121.0.0.0 Safari/537.36 Edg/121.0.0.0"
41.173.241.29 - - [14/Feb/2024:09:09:46 +0000] "GET /public/chat/audio/notification.mp3 HTTP/1.1" 206 151908 "https://edu.richinei.com/rolepermission/role" "Mozilla/5.0 (Windows NT 10.0; Win64; x64) AppleWebKit/537.36 (KHTML, like Gecko) Chrome/121.0.0.0 Safari/537.36 Edg/121.0.0.0"
203.161.54.34 - - [14/Feb/2024:09:09:51 +0000] "GET /public/uploads/settings/d104eb144208b278c21f87e66cfe38f4.png HTTP/1.0" 200 127748 "-" "-"
197.255.218.174 - - [14/Feb/2024:09:09:50 +0000] "GET /rolepermission/assign-permission/10 HTTP/1.1" 200 445225 "https://edu.richinei.com/rolepermission/role" "Mozilla/5.0 (Windows NT 10.0; Win64; x64) AppleWebKit/537.36 (KHTML, like Gecko) Chrome/121.0.0.0 Safari/537.36 Edg/121.0.0.0"
197.255.218.174 - - [14/Feb/2024:09:10:53 +0000] "POST /rolepermission/role-permission-assign HTTP/1.1" 302 422 "https://edu.richinei.com/rolepermission/assign-permission/10" "Mozilla/5.0 (Windows NT 10.0; Win64; x64) AppleWebKit/537.36 (KHTML, like Gecko) Chrome/121.0.0.0 Safari/537.36 Edg/121.0.0.0"
203.161.54.34 - - [14/Feb/2024:09:10:55 +0000] "GET /public/uploads/settings/d104eb144208b278c21f87e66cfe38f4.png HTTP/1.0" 200 127748 "-" "-"
197.255.218.174 - - [14/Feb/2024:09:10:54 +0000] "GET /rolepermission/role HTTP/1.1" 200 427250 "https://edu.richinei.com/rolepermission/assign-permission/10" "Mozilla/5.0 (Windows NT 10.0; Win64; x64) AppleWebKit/537.36 (KHTML, like Gecko) Chrome/121.0.0.0 Safari/537.36 Edg/121.0.0.0"
41.173.241.29 - - [14/Feb/2024:09:11:04 +0000] "GET /public/uploads/settings/d104eb144208b278c21f87e66cfe38f4.png HTTP/1.1" 304 - "https://edu.richinei.com/rolepermission/role" "Mozilla/5.0 (Windows NT 10.0; Win64; x64) AppleWebKit/537.36 (KHTML, like Gecko) Chrome/121.0.0.0 Safari/537.36 Edg/121.0.0.0"
41.173.241.29 - - [14/Feb/2024:09:11:05 +0000] "GET /public/chat/audio/notification.mp3 HTTP/1.1" 206 151908 "https://edu.richinei.com/rolepermission/role" "Mozilla/5.0 (Windows NT 10.0; Win64; x64) AppleWebKit/537.36 (KHTML, like Gecko) Chrome/121.0.0.0 Safari/537.36 Edg/121.0.0.0"
203.161.54.34 - - [14/Feb/2024:09:11:16 +0000] "GET /public/uploads/settings/d104eb144208b278c21f87e66cfe38f4.png HTTP/1.0" 200 127748 "-" "-"
197.255.218.174 - - [14/Feb/2024:09:11:16 +0000] "GET /public/backEnd/css/jquery.nestable.min.css HTTP/1.1" 404 11098 "https://edu.richinei.com/header-menu-manager" "Mozilla/5.0 (Windows NT 10.0; Win64; x64) AppleWebKit/537.36 (KHTML, like Gecko) Chrome/121.0.0.0 Safari/537.36 Edg/121.0.0.0"
197.255.218.174 - - [14/Feb/2024:09:11:15 +0000] "GET /header-menu-manager HTTP/1.1" 200 432860 "https://edu.richinei.com/rolepermission/role" "Mozilla/5.0 (Windows NT 10.0; Win64; x64) AppleWebKit/537.36 (KHTML, like Gecko) Chrome/121.0.0.0 Safari/537.36 Edg/121.0.0.0"
197.255.218.174 - - [14/Feb/2024:09:11:24 +0000] "GET /public/backEnd/js/jquery.nestable.min.js HTTP/1.1" 200 4986 "https://edu.richinei.com/header-menu-manager" "Mozilla/5.0 (Windows NT 10.0; Win64; x64) AppleWebKit/537.36 (KHTML, like Gecko) Chrome/121.0.0.0 Safari/537.36 Edg/121.0.0.0"
203.161.54.34 - - [14/Feb/2024:09:11:47 +0000] "GET /public/uploads/settings/d104eb144208b278c21f87e66cfe38f4.png HTTP/1.0" 200 127748 "-" "-"
197.255.218.174 - - [14/Feb/2024:09:11:47 +0000] "GET /admin-home-page HTTP/1.1" 200 427018 "https://edu.richinei.com/header-menu-manager" "Mozilla/5.0 (Windows NT 10.0; Win64; x64) AppleWebKit/537.36 (KHTML, like Gecko) Chrome/121.0.0.0 Safari/537.36 Edg/121.0.0.0"
197.255.218.174 - - [14/Feb/2024:09:11:54 +0000] "GET /public/uploads/settings/d104eb144208b278c21f87e66cfe38f4.png HTTP/1.1" 304 - "https://edu.richinei.com/admin-home-page" "Mozilla/5.0 (Windows NT 10.0; Win64; x64) AppleWebKit/537.36 (KHTML, like Gecko) Chrome/121.0.0.0 Safari/537.36 Edg/121.0.0.0"
197.255.218.174 - - [14/Feb/2024:09:11:54 +0000] "GET /public/backEnd/vendors/js/print/2.1.1_jquery.min.js HTTP/1.1" 200 29496 "https://edu.richinei.com/admin-home-page" "Mozilla/5.0 (Windows NT 10.0; Win64; x64) AppleWebKit/537.36 (KHTML, like Gecko) Chrome/121.0.0.0 Safari/537.36 Edg/121.0.0.0"
197.255.218.174 - - [14/Feb/2024:09:11:55 +0000] "GET /public/chat/audio/notification.mp3 HTTP/1.1" 206 151908 "https://edu.richinei.com/admin-home-page" "Mozilla/5.0 (Windows NT 10.0; Win64; x64) AppleWebKit/537.36 (KHTML, like Gecko) Chrome/121.0.0.0 Safari/537.36 Edg/121.0.0.0"
41.173.241.29 - - [14/Feb/2024:09:12:17 +0000] "POST /admin-home-page-update HTTP/1.1" 302 406 "https://edu.richinei.com/admin-home-page" "Mozilla/5.0 (Windows NT 10.0; Win64; x64) AppleWebKit/537.36 (KHTML, like Gecko) Chrome/121.0.0.0 Safari/537.36 Edg/121.0.0.0"
203.161.54.34 - - [14/Feb/2024:09:12:18 +0000] "GET /public/uploads/settings/d104eb144208b278c21f87e66cfe38f4.png HTTP/1.0" 200 127748 "-" "-"
41.173.241.29 - - [14/Feb/2024:09:12:18 +0000] "GET /admin-home-page HTTP/1.1" 200 427211 "https://edu.richinei.com/admin-home-page" "Mozilla/5.0 (Windows NT 10.0; Win64; x64) AppleWebKit/537.36 (KHTML, like Gecko) Chrome/121.0.0.0 Safari/537.36 Edg/121.0.0.0"
203.161.54.34 - - [14/Feb/2024:09:12:33 +0000] "GET /public/uploads/settings/d104eb144208b278c21f87e66cfe38f4.png HTTP/1.0" 200 127748 "-" "-"
41.173.241.29 - - [14/Feb/2024:09:12:33 +0000] "GET /news-heading-update HTTP/1.1" 200 427437 "https://edu.richinei.com/admin-home-page" "Mozilla/5.0 (Windows NT 10.0; Win64; x64) AppleWebKit/537.36 (KHTML, like Gecko) Chrome/121.0.0.0 Safari/537.36 Edg/121.0.0.0"
41.173.241.29 - - [14/Feb/2024:09:12:35 +0000] "GET /public/uploads/about_page/about-img.jpg HTTP/1.1" 404 11098 "https://edu.richinei.com/news-heading-update" "Mozilla/5.0 (Windows NT 10.0; Win64; x64) AppleWebKit/537.36 (KHTML, like Gecko) Chrome/121.0.0.0 Safari/537.36 Edg/121.0.0.0"
197.255.218.174 - - [14/Feb/2024:09:12:35 +0000] "GET /public/chat/audio/notification.mp3 HTTP/1.1" 206 151908 "https://edu.richinei.com/news-heading-update" "Mozilla/5.0 (Windows NT 10.0; Win64; x64) AppleWebKit/537.36 (KHTML, like Gecko) Chrome/121.0.0.0 Safari/537.36 Edg/121.0.0.0"
135.148.100.196 - - [14/Feb/2024:09:12:37 +0000] "GET / HTTP/1.1" 200 42543 "-" "-"
41.173.241.29 - - [14/Feb/2024:09:13:04 +0000] "POST /news-heading-update HTTP/1.1" 302 422 "https://edu.richinei.com/news-heading-update" "Mozilla/5.0 (Windows NT 10.0; Win64; x64) AppleWebKit/537.36 (KHTML, like Gecko) Chrome/121.0.0.0 Safari/537.36 Edg/121.0.0.0"
203.161.54.34 - - [14/Feb/2024:09:13:06 +0000] "GET /public/uploads/settings/d104eb144208b278c21f87e66cfe38f4.png HTTP/1.0" 200 127748 "-" "-"
41.173.241.29 - - [14/Feb/2024:09:13:06 +0000] "GET /news-heading-update HTTP/1.1" 200 427628 "https://edu.richinei.com/news-heading-update" "Mozilla/5.0 (Windows NT 10.0; Win64; x64) AppleWebKit/537.36 (KHTML, like Gecko) Chrome/121.0.0.0 Safari/537.36 Edg/121.0.0.0"
41.173.241.29 - - [14/Feb/2024:09:13:08 +0000] "GET /public/uploads/settings/d104eb144208b278c21f87e66cfe38f4.png HTTP/1.1" 304 - "https://edu.richinei.com/news-heading-update" "Mozilla/5.0 (Windows NT 10.0; Win64; x64) AppleWebKit/537.36 (KHTML, like Gecko) Chrome/121.0.0.0 Safari/537.36 Edg/121.0.0.0"
197.255.218.174 - - [14/Feb/2024:09:13:08 +0000] "GET /public/uploads/about_page/about-img.jpg HTTP/1.1" 404 11098 "https://edu.richinei.com/news-heading-update" "Mozilla/5.0 (Windows NT 10.0; Win64; x64) AppleWebKit/537.36 (KHTML, like Gecko) Chrome/121.0.0.0 Safari/537.36 Edg/121.0.0.0"
41.173.241.29 - - [14/Feb/2024:09:13:08 +0000] "GET /public/chat/audio/notification.mp3 HTTP/1.1" 206 151908 "https://edu.richinei.com/news-heading-update" "Mozilla/5.0 (Windows NT 10.0; Win64; x64) AppleWebKit/537.36 (KHTML, like Gecko) Chrome/121.0.0.0 Safari/537.36 Edg/121.0.0.0"
203.161.54.34 - - [14/Feb/2024:09:13:25 +0000] "GET /public/uploads/settings/d104eb144208b278c21f87e66cfe38f4.png HTTP/1.0" 200 127748 "-" "-"
197.255.218.174 - - [14/Feb/2024:09:13:24 +0000] "GET /news-category HTTP/1.1" 200 426728 "https://edu.richinei.com/news-heading-update" "Mozilla/5.0 (Windows NT 10.0; Win64; x64) AppleWebKit/537.36 (KHTML, like Gecko) Chrome/121.0.0.0 Safari/537.36 Edg/121.0.0.0"
197.255.218.174 - - [14/Feb/2024:09:13:33 +0000] "POST /broadcasting/auth HTTP/1.1" 200 96 "https://edu.richinei.com/news-category" "Mozilla/5.0 (Windows NT 10.0; Win64; x64) AppleWebKit/537.36 (KHTML, like Gecko) Chrome/121.0.0.0 Safari/537.36 Edg/121.0.0.0"
41.173.241.29 - - [14/Feb/2024:09:13:46 +0000] "GET / HTTP/1.1" 200 4509 "-" "Mozilla/5.0 (Windows NT 10.0; Win64; x64) AppleWebKit/537.36 (KHTML, like Gecko) Chrome/121.0.0.0 Safari/537.36"
41.173.241.29 - - [14/Feb/2024:09:13:46 +0000] "GET /public/backEnd/vendors/css/bootstrap.css HTTP/1.1" 200 23339 "https://edu.richinei.com/" "Mozilla/5.0 (Windows NT 10.0; Win64; x64) AppleWebKit/537.36 (KHTML, like Gecko) Chrome/121.0.0.0 Safari/537.36"
197.255.218.174 - - [14/Feb/2024:09:13:46 +0000] "GET /public/backEnd/vendors/css/jquery-ui.css HTTP/1.1" 200 8395 "https://edu.richinei.com/" "Mozilla/5.0 (Windows NT 10.0; Win64; x64) AppleWebKit/537.36 (KHTML, like Gecko) Chrome/121.0.0.0 Safari/537.36"
197.255.218.174 - - [14/Feb/2024:09:13:46 +0000] "GET /public/backEnd/vendors/css/bootstrap-datepicker.min.css HTTP/1.1" 200 2459 "https://edu.richinei.com/" "Mozilla/5.0 (Windows NT 10.0; Win64; x64) AppleWebKit/537.36 (KHTML, like Gecko) Chrome/121.0.0.0 Safari/537.36"
197.255.218.174 - - [14/Feb/2024:09:13:47 +0000] "GET /public/backEnd/vendors/css/bootstrap-datetimepicker.min.css HTTP/1.1" 200 1383 "https://edu.richinei.com/" "Mozilla/5.0 (Windows NT 10.0; Win64; x64) AppleWebKit/537.36 (KHTML, like Gecko) Chrome/121.0.0.0 Safari/537.36"
41.173.241.29 - - [14/Feb/2024:09:13:47 +0000] "GET /public/backEnd/vendors/css/themify-icons.css HTTP/1.1" 200 2984 "https://edu.richinei.com/" "Mozilla/5.0 (Windows NT 10.0; Win64; x64) AppleWebKit/537.36 (KHTML, like Gecko) Chrome/121.0.0.0 Safari/537.36"
197.255.218.174 - - [14/Feb/2024:09:13:47 +0000] "GET /public/backEnd/vendors/css/font-awesome.min.css HTTP/1.1" 200 6247 "https://edu.richinei.com/" "Mozilla/5.0 (Windows NT 10.0; Win64; x64) AppleWebKit/537.36 (KHTML, like Gecko) Chrome/121.0.0.0 Safari/537.36"
197.255.218.174 - - [14/Feb/2024:09:13:47 +0000] "GET /public/backEnd/vendors/css/nice-select.css HTTP/1.1" 200 1503 "https://edu.richinei.com/" "Mozilla/5.0 (Windows NT 10.0; Win64; x64) AppleWebKit/537.36 (KHTML, like Gecko) Chrome/121.0.0.0 Safari/537.36"
197.255.218.174 - - [14/Feb/2024:09:13:47 +0000] "GET /public/backEnd/vendors/css/magnific-popup.css HTTP/1.1" 200 1816 "https://edu.richinei.com/" "Mozilla/5.0 (Windows NT 10.0; Win64; x64) AppleWebKit/537.36 (KHTML, like Gecko) Chrome/121.0.0.0 Safari/537.36"
197.255.218.174 - - [14/Feb/2024:09:13:47 +0000] "GET /public/backEnd/vendors/css/fastselect.min.css HTTP/1.1" 200 1134 "https://edu.richinei.com/" "Mozilla/5.0 (Windows NT 10.0; Win64; x64) AppleWebKit/537.36 (KHTML, like Gecko) Chrome/121.0.0.0 Safari/537.36"
41.173.241.29 - - [14/Feb/2024:09:13:47 +0000] "GET /public/backEnd/vendors/css/owl.carousel.min.css HTTP/1.1" 200 912 "https://edu.richinei.com/" "Mozilla/5.0 (Windows NT 10.0; Win64; x64) AppleWebKit/537.36 (KHTML, like Gecko) Chrome/121.0.0.0 Safari/537.36"
197.255.218.174 - - [14/Feb/2024:09:13:47 +0000] "GET /public/backEnd/vendors/css/fullcalendar.min.css HTTP/1.1" 200 3694 "https://edu.richinei.com/" "Mozilla/5.0 (Windows NT 10.0; Win64; x64) AppleWebKit/537.36 (KHTML, like Gecko) Chrome/121.0.0.0 Safari/537.36"
197.255.218.174 - - [14/Feb/2024:09:13:47 +0000] "GET /public/backEnd/css/style.css HTTP/1.1" 200 21756 "https://edu.richinei.com/" "Mozilla/5.0 (Windows NT 10.0; Win64; x64) AppleWebKit/537.36 (KHTML, like Gecko) Chrome/121.0.0.0 Safari/537.36"
197.255.218.174 - - [14/Feb/2024:09:13:47 +0000] "GET /public/backEnd/vendors/css/fullcalendar.print.css HTTP/1.1" 200 1802 "https://edu.richinei.com/" "Mozilla/5.0 (Windows NT 10.0; Win64; x64) AppleWebKit/537.36 (KHTML, like Gecko) Chrome/121.0.0.0 Safari/537.36"
197.255.218.174 - - [14/Feb/2024:09:13:47 +0000] "GET /public/frontend/css/infix.css HTTP/1.1" 200 747 "https://edu.richinei.com/" "Mozilla/5.0 (Windows NT 10.0; Win64; x64) AppleWebKit/537.36 (KHTML, like Gecko) Chrome/121.0.0.0 Safari/537.36"
41.173.241.29 - - [14/Feb/2024:09:13:47 +0000] "GET /public/frontend/css/new_style.css HTTP/1.1" 200 92 "https://edu.richinei.com/" "Mozilla/5.0 (Windows NT 10.0; Win64; x64) AppleWebKit/537.36 (KHTML, like Gecko) Chrome/121.0.0.0 Safari/537.36"
197.255.218.174 - - [14/Feb/2024:09:13:47 +0000] "GET /public/backEnd/vendors/js/jquery-3.2.1.min.js HTTP/1.1" 200 30138 "https://edu.richinei.com/" "Mozilla/5.0 (Windows NT 10.0; Win64; x64) AppleWebKit/537.36 (KHTML, like Gecko) Chrome/121.0.0.0 Safari/537.36"
197.255.218.174 - - [14/Feb/2024:09:13:48 +0000] "GET /public/uploads/settings/d104eb144208b278c21f87e66cfe38f4.png HTTP/1.1" 200 127748 "https://edu.richinei.com/" "Mozilla/5.0 (Windows NT 10.0; Win64; x64) AppleWebKit/537.36 (KHTML, like Gecko) Chrome/121.0.0.0 Safari/537.36"
197.255.218.174 - - [14/Feb/2024:09:13:48 +0000] "GET /public/uploads/news/news1.jpg HTTP/1.1" 200 60454 "https://edu.richinei.com/" "Mozilla/5.0 (Windows NT 10.0; Win64; x64) AppleWebKit/537.36 (KHTML, like Gecko) Chrome/121.0.0.0 Safari/537.36"
197.255.218.174 - - [14/Feb/2024:09:13:48 +0000] "GET /public/uploads/news/news11.jpg HTTP/1.1" 200 57528 "https://edu.richinei.com/" "Mozilla/5.0 (Windows NT 10.0; Win64; x64) AppleWebKit/537.36 (KHTML, like Gecko) Chrome/121.0.0.0 Safari/537.36"
197.255.218.174 - - [14/Feb/2024:09:13:48 +0000] "GET /public/uploads/course/academic1.jpg HTTP/1.1" 200 71567 "https://edu.richinei.com/" "Mozilla/5.0 (Windows NT 10.0; Win64; x64) AppleWebKit/537.36 (KHTML, like Gecko) Chrome/121.0.0.0 Safari/537.36"
41.173.241.29 - - [14/Feb/2024:09:13:48 +0000] "GET /public/backEnd/vendors/js/jquery-ui.js HTTP/1.1" 200 125168 "https://edu.richinei.com/" "Mozilla/5.0 (Windows NT 10.0; Win64; x64) AppleWebKit/537.36 (KHTML, like Gecko) Chrome/121.0.0.0 Safari/537.36"
197.255.218.174 - - [14/Feb/2024:09:13:48 +0000] "GET /public/uploads/news/news10.jpg HTTP/1.1" 200 83049 "https://edu.richinei.com/" "Mozilla/5.0 (Windows NT 10.0; Win64; x64) AppleWebKit/537.36 (KHTML, like Gecko) Chrome/121.0.0.0 Safari/537.36"
41.173.241.29 - - [14/Feb/2024:09:13:49 +0000] "GET /public/backEnd/fonts/fontawesome-webfont.woff2?v=4.5.0 HTTP/1.1" 200 71896 "https://edu.richinei.com/public/backEnd/vendors/css/font-awesome.min.css" "Mozilla/5.0 (Windows NT 10.0; Win64; x64) AppleWebKit/537.36 (KHTML, like Gecko) Chrome/121.0.0.0 Safari/537.36"
197.255.218.174 - - [14/Feb/2024:09:13:49 +0000] "GET /public/backEnd/vendors/js/popper.js HTTP/1.1" 200 6906 "https://edu.richinei.com/" "Mozilla/5.0 (Windows NT 10.0; Win64; x64) AppleWebKit/537.36 (KHTML, like Gecko) Chrome/121.0.0.0 Safari/537.36"
41.173.241.29 - - [14/Feb/2024:09:13:49 +0000] "GET /public/backEnd/img/client/home-banner1.jpg HTTP/1.1" 200 534493 "https://edu.richinei.com/" "Mozilla/5.0 (Windows NT 10.0; Win64; x64) AppleWebKit/537.36 (KHTML, like Gecko) Chrome/121.0.0.0 Safari/537.36"
197.255.218.174 - - [14/Feb/2024:09:13:50 +0000] "GET /public/backEnd/vendors/js/nice-select.min.js HTTP/1.1" 200 2250 "https://edu.richinei.com/" "Mozilla/5.0 (Windows NT 10.0; Win64; x64) AppleWebKit/537.36 (KHTML, like Gecko) Chrome/121.0.0.0 Safari/537.36"
197.255.218.174 - - [14/Feb/2024:09:13:50 +0000] "GET /public/backEnd/vendors/js/jquery.magnific-popup.min.js HTTP/1.1" 200 7346 "https://edu.richinei.com/" "Mozilla/5.0 (Windows NT 10.0; Win64; x64) AppleWebKit/537.36 (KHTML, like Gecko) Chrome/121.0.0.0 Safari/537.36"
41.173.241.29 - - [14/Feb/2024:09:13:50 +0000] "GET /public/backEnd/vendors/js/morris.min.js HTTP/1.1" 200 10022 "https://edu.richinei.com/" "Mozilla/5.0 (Windows NT 10.0; Win64; x64) AppleWebKit/537.36 (KHTML, like Gecko) Chrome/121.0.0.0 Safari/537.36"
197.255.218.174 - - [14/Feb/2024:09:13:50 +0000] "GET /public/backEnd/vendors/js/owl.carousel.min.js HTTP/1.1" 200 10926 "https://edu.richinei.com/" "Mozilla/5.0 (Windows NT 10.0; Win64; x64) AppleWebKit/537.36 (KHTML, like Gecko) Chrome/121.0.0.0 Safari/537.36"
41.173.241.29 - - [14/Feb/2024:09:13:50 +0000] "GET /public/backEnd/vendors/js/moment.min.js HTTP/1.1" 200 16804 "https://edu.richinei.com/" "Mozilla/5.0 (Windows NT 10.0; Win64; x64) AppleWebKit/537.36 (KHTML, like Gecko) Chrome/121.0.0.0 Safari/537.36"
197.255.218.174 - - [14/Feb/2024:09:13:50 +0000] "GET /public/backEnd/vendors/js/print/bootstrap-datetimepicker.min.js HTTP/1.1" 200 9494 "https://edu.richinei.com/" "Mozilla/5.0 (Windows NT 10.0; Win64; x64) AppleWebKit/537.36 (KHTML, like Gecko) Chrome/121.0.0.0 Safari/537.36"
197.255.218.174 - - [14/Feb/2024:09:13:51 +0000] "GET /public/backEnd/vendors/js/bootstrap.min.js HTTP/1.1" 200 14054 "https://edu.richinei.com/" "Mozilla/5.0 (Windows NT 10.0; Win64; x64) AppleWebKit/537.36 (KHTML, like Gecko) Chrome/121.0.0.0 Safari/537.36"
197.255.218.174 - - [14/Feb/2024:09:13:51 +0000] "GET /public/backEnd/vendors/js/bootstrap-datepicker.min.js HTTP/1.1" 200 12062 "https://edu.richinei.com/" "Mozilla/5.0 (Windows NT 10.0; Win64; x64) AppleWebKit/537.36 (KHTML, like Gecko) Chrome/121.0.0.0 Safari/537.36"
197.255.218.174 - - [14/Feb/2024:09:13:51 +0000] "GET /public/backEnd/js/main.js HTTP/1.1" 200 6013 "https://edu.richinei.com/" "Mozilla/5.0 (Windows NT 10.0; Win64; x64) AppleWebKit/537.36 (KHTML, like Gecko) Chrome/121.0.0.0 Safari/537.36"
197.255.218.174 - - [14/Feb/2024:09:13:51 +0000] "GET /public/backEnd/vendors/js/raphael-min.js HTTP/1.1" 200 31338 "https://edu.richinei.com/" "Mozilla/5.0 (Windows NT 10.0; Win64; x64) AppleWebKit/537.36 (KHTML, like Gecko) Chrome/121.0.0.0 Safari/537.36"
197.255.218.174 - - [14/Feb/2024:09:13:51 +0000] "GET /public/backEnd/js/custom.js HTTP/1.1" 200 23034 "https://edu.richinei.com/" "Mozilla/5.0 (Windows NT 10.0; Win64; x64) AppleWebKit/537.36 (KHTML, like Gecko) Chrome/121.0.0.0 Safari/537.36"
197.255.218.174 - - [14/Feb/2024:09:13:51 +0000] "GET /public/backEnd/js/developer.js HTTP/1.1" 200 13239 "https://edu.richinei.com/" "Mozilla/5.0 (Windows NT 10.0; Win64; x64) AppleWebKit/537.36 (KHTML, like Gecko) Chrome/121.0.0.0 Safari/537.36"
41.173.241.29 - - [14/Feb/2024:09:13:51 +0000] "GET /public/uploads/course/academic3.jpg HTTP/1.1" 200 63638 "https://edu.richinei.com/" "Mozilla/5.0 (Windows NT 10.0; Win64; x64) AppleWebKit/537.36 (KHTML, like Gecko) Chrome/121.0.0.0 Safari/537.36"
197.255.218.174 - - [14/Feb/2024:09:13:51 +0000] "GET /public/uploads/course/academic5.jpg HTTP/1.1" 200 119702 "https://edu.richinei.com/" "Mozilla/5.0 (Windows NT 10.0; Win64; x64) AppleWebKit/537.36 (KHTML, like Gecko) Chrome/121.0.0.0 Safari/537.36"
197.255.218.174 - - [14/Feb/2024:09:13:51 +0000] "GET /public/uploads/events/event1.jpg HTTP/1.1" 200 75471 "https://edu.richinei.com/" "Mozilla/5.0 (Windows NT 10.0; Win64; x64) AppleWebKit/537.36 (KHTML, like Gecko) Chrome/121.0.0.0 Safari/537.36"
197.255.218.174 - - [14/Feb/2024:09:13:51 +0000] "GET /public/uploads/events/event2.jpg HTTP/1.1" 200 81411 "https://edu.richinei.com/" "Mozilla/5.0 (Windows NT 10.0; Win64; x64) AppleWebKit/537.36 (KHTML, like Gecko) Chrome/121.0.0.0 Safari/537.36"
41.173.241.29 - - [14/Feb/2024:09:13:51 +0000] "GET /public/uploads/events/event3.jpg HTTP/1.1" 200 72031 "https://edu.richinei.com/" "Mozilla/5.0 (Windows NT 10.0; Win64; x64) AppleWebKit/537.36 (KHTML, like Gecko) Chrome/121.0.0.0 Safari/537.36"
197.255.218.174 - - [14/Feb/2024:09:13:51 +0000] "GET /public/uploads/events/event4.jpg HTTP/1.1" 200 59386 "https://edu.richinei.com/" "Mozilla/5.0 (Windows NT 10.0; Win64; x64) AppleWebKit/537.36 (KHTML, like Gecko) Chrome/121.0.0.0 Safari/537.36"
41.173.241.29 - - [14/Feb/2024:09:13:52 +0000] "GET /public/uploads/testimonial/testimonial_1.jpg HTTP/1.1" 200 3087 "https://edu.richinei.com/" "Mozilla/5.0 (Windows NT 10.0; Win64; x64) AppleWebKit/537.36 (KHTML, like Gecko) Chrome/121.0.0.0 Safari/537.36"
41.173.241.29 - - [14/Feb/2024:09:13:52 +0000] "GET /public/uploads/testimonial/testimonial_2.jpg HTTP/1.1" 200 5483 "https://edu.richinei.com/" "Mozilla/5.0 (Windows NT 10.0; Win64; x64) AppleWebKit/537.36 (KHTML, like Gecko) Chrome/121.0.0.0 Safari/537.36"
41.173.241.29 - - [14/Feb/2024:09:13:52 +0000] "GET /public/backEnd/img/client/testimonial-bg.jpg HTTP/1.1" 200 473246 "https://edu.richinei.com/public/backEnd/css/style.css" "Mozilla/5.0 (Windows NT 10.0; Win64; x64) AppleWebKit/537.36 (KHTML, like Gecko) Chrome/121.0.0.0 Safari/537.36"
197.255.218.174 - - [14/Feb/2024:09:13:52 +0000] "GET /public/backEnd/img/client/prev.png HTTP/1.1" 200 899 "https://edu.richinei.com/" "Mozilla/5.0 (Windows NT 10.0; Win64; x64) AppleWebKit/537.36 (KHTML, like Gecko) Chrome/121.0.0.0 Safari/537.36"
197.255.218.174 - - [14/Feb/2024:09:13:52 +0000] "GET /public/backEnd/img/client/next.png HTTP/1.1" 200 885 "https://edu.richinei.com/" "Mozilla/5.0 (Windows NT 10.0; Win64; x64) AppleWebKit/537.36 (KHTML, like Gecko) Chrome/121.0.0.0 Safari/537.36"
197.255.218.174 - - [14/Feb/2024:09:13:53 +0000] "GET /public/uploads/settings/9da728d8a4419f47c78574fece9915b4.png HTTP/1.1" 200 127748 "https://edu.richinei.com/" "Mozilla/5.0 (Windows NT 10.0; Win64; x64) AppleWebKit/537.36 (KHTML, like Gecko) Chrome/121.0.0.0 Safari/537.36"
203.161.54.34 - - [14/Feb/2024:09:13:56 +0000] "GET /public/uploads/settings/d104eb144208b278c21f87e66cfe38f4.png HTTP/1.0" 200 127748 "-" "-"
41.173.241.29 - - [14/Feb/2024:09:13:56 +0000] "GET /news HTTP/1.1" 200 428104 "https://edu.richinei.com/news-category" "Mozilla/5.0 (Windows NT 10.0; Win64; x64) AppleWebKit/537.36 (KHTML, like Gecko) Chrome/121.0.0.0 Safari/537.36 Edg/121.0.0.0"
41.173.241.29 - - [14/Feb/2024:09:13:58 +0000] "GET /public/uploads/news/news2.jpg HTTP/1.1" 200 105907 "https://edu.richinei.com/news" "Mozilla/5.0 (Windows NT 10.0; Win64; x64) AppleWebKit/537.36 (KHTML, like Gecko) Chrome/121.0.0.0 Safari/537.36 Edg/121.0.0.0"
41.173.241.29 - - [14/Feb/2024:09:13:58 +0000] "GET /public/uploads/news/news4.jpg HTTP/1.1" 200 60454 "https://edu.richinei.com/news" "Mozilla/5.0 (Windows NT 10.0; Win64; x64) AppleWebKit/537.36 (KHTML, like Gecko) Chrome/121.0.0.0 Safari/537.36 Edg/121.0.0.0"
197.255.218.174 - - [14/Feb/2024:09:13:58 +0000] "GET /public/uploads/news/news3.jpg HTTP/1.1" 200 78265 "https://edu.richinei.com/news" "Mozilla/5.0 (Windows NT 10.0; Win64; x64) AppleWebKit/537.36 (KHTML, like Gecko) Chrome/121.0.0.0 Safari/537.36 Edg/121.0.0.0"
41.173.241.29 - - [14/Feb/2024:09:13:58 +0000] "GET /public/uploads/news/news5.jpg HTTP/1.1" 200 54429 "https://edu.richinei.com/news" "Mozilla/5.0 (Windows NT 10.0; Win64; x64) AppleWebKit/537.36 (KHTML, like Gecko) Chrome/121.0.0.0 Safari/537.36 Edg/121.0.0.0"
41.173.241.29 - - [14/Feb/2024:09:13:58 +0000] "GET /public/uploads/news/news6.jpg HTTP/1.1" 200 65220 "https://edu.richinei.com/news" "Mozilla/5.0 (Windows NT 10.0; Win64; x64) AppleWebKit/537.36 (KHTML, like Gecko) Chrome/121.0.0.0 Safari/537.36 Edg/121.0.0.0"
41.173.241.29 - - [14/Feb/2024:09:13:58 +0000] "GET /public/uploads/news/news7.jpg HTTP/1.1" 200 57528 "https://edu.richinei.com/news" "Mozilla/5.0 (Windows NT 10.0; Win64; x64) AppleWebKit/537.36 (KHTML, like Gecko) Chrome/121.0.0.0 Safari/537.36 Edg/121.0.0.0"
197.255.218.174 - - [14/Feb/2024:09:13:59 +0000] "GET /public/uploads/news/news8.jpg HTTP/1.1" 200 88254 "https://edu.richinei.com/news" "Mozilla/5.0 (Windows NT 10.0; Win64; x64) AppleWebKit/537.36 (KHTML, like Gecko) Chrome/121.0.0.0 Safari/537.36 Edg/121.0.0.0"
41.173.241.29 - - [14/Feb/2024:09:13:59 +0000] "GET /public/uploads/news/news9.jpg HTTP/1.1" 200 64842 "https://edu.richinei.com/news" "Mozilla/5.0 (Windows NT 10.0; Win64; x64) AppleWebKit/537.36 (KHTML, like Gecko) Chrome/121.0.0.0 Safari/537.36 Edg/121.0.0.0"
41.173.241.29 - - [14/Feb/2024:09:13:59 +0000] "GET /public/uploads/news/news12.jpg HTTP/1.1" 200 60454 "https://edu.richinei.com/news" "Mozilla/5.0 (Windows NT 10.0; Win64; x64) AppleWebKit/537.36 (KHTML, like Gecko) Chrome/121.0.0.0 Safari/537.36 Edg/121.0.0.0"
41.173.241.29 - - [14/Feb/2024:09:13:59 +0000] "GET /public/chat/audio/notification.mp3 HTTP/1.1" 206 151908 "https://edu.richinei.com/news" "Mozilla/5.0 (Windows NT 10.0; Win64; x64) AppleWebKit/537.36 (KHTML, like Gecko) Chrome/121.0.0.0 Safari/537.36 Edg/121.0.0.0"
203.161.54.34 - - [14/Feb/2024:09:14:23 +0000] "GET /public/uploads/settings/d104eb144208b278c21f87e66cfe38f4.png HTTP/1.0" 200 127748 "-" "-"
41.173.241.29 - - [14/Feb/2024:09:14:22 +0000] "GET /edit-news/2 HTTP/1.1" 200 428474 "https://edu.richinei.com/news" "Mozilla/5.0 (Windows NT 10.0; Win64; x64) AppleWebKit/537.36 (KHTML, like Gecko) Chrome/121.0.0.0 Safari/537.36 Edg/121.0.0.0"
41.173.241.29 - - [14/Feb/2024:09:14:24 +0000] "GET /public/uploads/settings/d104eb144208b278c21f87e66cfe38f4.png HTTP/1.1" 304 - "https://edu.richinei.com/edit-news/2" "Mozilla/5.0 (Windows NT 10.0; Win64; x64) AppleWebKit/537.36 (KHTML, like Gecko) Chrome/121.0.0.0 Safari/537.36 Edg/121.0.0.0"
197.255.218.174 - - [14/Feb/2024:09:14:41 +0000] "GET /public/backEnd/img/modal-header-bg.png HTTP/1.1" 200 13389 "https://edu.richinei.com/public/backEnd/css/style.css" "Mozilla/5.0 (Windows NT 10.0; Win64; x64) AppleWebKit/537.36 (KHTML, like Gecko) Chrome/121.0.0.0 Safari/537.36 Edg/121.0.0.0"
41.173.241.29 - - [14/Feb/2024:09:14:41 +0000] "GET /for-delete-news/2 HTTP/1.1" 200 249 "https://edu.richinei.com/edit-news/2" "Mozilla/5.0 (Windows NT 10.0; Win64; x64) AppleWebKit/537.36 (KHTML, like Gecko) Chrome/121.0.0.0 Safari/537.36 Edg/121.0.0.0"
41.173.241.29 - - [14/Feb/2024:09:14:42 +0000] "GET /delete-news/2 HTTP/1.1" 302 390 "https://edu.richinei.com/edit-news/2" "Mozilla/5.0 (Windows NT 10.0; Win64; x64) AppleWebKit/537.36 (KHTML, like Gecko) Chrome/121.0.0.0 Safari/537.36 Edg/121.0.0.0"
203.161.54.34 - - [14/Feb/2024:09:14:43 +0000] "GET /public/uploads/settings/d104eb144208b278c21f87e66cfe38f4.png HTTP/1.0" 200 127748 "-" "-"
41.173.241.29 - - [14/Feb/2024:09:14:43 +0000] "GET /edit-news/2 HTTP/1.1" 200 428223 "https://edu.richinei.com/edit-news/2" "Mozilla/5.0 (Windows NT 10.0; Win64; x64) AppleWebKit/537.36 (KHTML, like Gecko) Chrome/121.0.0.0 Safari/537.36 Edg/121.0.0.0"
41.173.241.29 - - [14/Feb/2024:09:14:46 +0000] "GET /public/chat/audio/notification.mp3 HTTP/1.1" 206 151908 "https://edu.richinei.com/edit-news/2" "Mozilla/5.0 (Windows NT 10.0; Win64; x64) AppleWebKit/537.36 (KHTML, like Gecko) Chrome/121.0.0.0 Safari/537.36 Edg/121.0.0.0"
41.173.241.29 - - [14/Feb/2024:09:14:50 +0000] "GET /for-delete-news/10 HTTP/1.1" 200 250 "https://edu.richinei.com/edit-news/2" "Mozilla/5.0 (Windows NT 10.0; Win64; x64) AppleWebKit/537.36 (KHTML, like Gecko) Chrome/121.0.0.0 Safari/537.36 Edg/121.0.0.0"
41.173.241.29 - - [14/Feb/2024:09:14:52 +0000] "GET /delete-news/10 HTTP/1.1" 302 390 "https://edu.richinei.com/edit-news/2" "Mozilla/5.0 (Windows NT 10.0; Win64; x64) AppleWebKit/537.36 (KHTML, like Gecko) Chrome/121.0.0.0 Safari/537.36 Edg/121.0.0.0"
203.161.54.34 - - [14/Feb/2024:09:14:53 +0000] "GET /public/uploads/settings/d104eb144208b278c21f87e66cfe38f4.png HTTP/1.0" 200 127748 "-" "-"
41.173.241.29 - - [14/Feb/2024:09:14:53 +0000] "GET /edit-news/2 HTTP/1.1" 200 428155 "https://edu.richinei.com/edit-news/2" "Mozilla/5.0 (Windows NT 10.0; Win64; x64) AppleWebKit/537.36 (KHTML, like Gecko) Chrome/121.0.0.0 Safari/537.36 Edg/121.0.0.0"
41.173.241.29 - - [14/Feb/2024:09:14:56 +0000] "GET / HTTP/1.1" 200 4510 "-" "Mozilla/5.0 (Windows NT 10.0; Win64; x64) AppleWebKit/537.36 (KHTML, like Gecko) Chrome/121.0.0.0 Safari/537.36"
41.173.241.29 - - [14/Feb/2024:09:14:56 +0000] "GET /public/uploads/news/news12.jpg HTTP/1.1" 200 60454 "https://edu.richinei.com/" "Mozilla/5.0 (Windows NT 10.0; Win64; x64) AppleWebKit/537.36 (KHTML, like Gecko) Chrome/121.0.0.0 Safari/537.36"
197.255.218.174 - - [14/Feb/2024:09:14:56 +0000] "GET /public/uploads/settings/d104eb144208b278c21f87e66cfe38f4.png HTTP/1.1" 304 - "https://edu.richinei.com/" "Mozilla/5.0 (Windows NT 10.0; Win64; x64) AppleWebKit/537.36 (KHTML, like Gecko) Chrome/121.0.0.0 Safari/537.36"
41.173.241.29 - - [14/Feb/2024:09:14:57 +0000] "GET /public/uploads/settings/9da728d8a4419f47c78574fece9915b4.png HTTP/1.1" 304 - "https://edu.richinei.com/" "Mozilla/5.0 (Windows NT 10.0; Win64; x64) AppleWebKit/537.36 (KHTML, like Gecko) Chrome/121.0.0.0 Safari/537.36"
197.255.218.174 - - [14/Feb/2024:09:15:00 +0000] "GET /for-delete-news/4 HTTP/1.1" 200 248 "https://edu.richinei.com/edit-news/2" "Mozilla/5.0 (Windows NT 10.0; Win64; x64) AppleWebKit/537.36 (KHTML, like Gecko) Chrome/121.0.0.0 Safari/537.36 Edg/121.0.0.0"
197.255.218.174 - - [14/Feb/2024:09:15:03 +0000] "GET /delete-news/4 HTTP/1.1" 302 390 "https://edu.richinei.com/edit-news/2" "Mozilla/5.0 (Windows NT 10.0; Win64; x64) AppleWebKit/537.36 (KHTML, like Gecko) Chrome/121.0.0.0 Safari/537.36 Edg/121.0.0.0"
203.161.54.34 - - [14/Feb/2024:09:15:04 +0000] "GET /public/uploads/settings/d104eb144208b278c21f87e66cfe38f4.png HTTP/1.0" 200 127748 "-" "-"
197.255.218.174 - - [14/Feb/2024:09:15:03 +0000] "GET /edit-news/2 HTTP/1.1" 200 428088 "https://edu.richinei.com/edit-news/2" "Mozilla/5.0 (Windows NT 10.0; Win64; x64) AppleWebKit/537.36 (KHTML, like Gecko) Chrome/121.0.0.0 Safari/537.36 Edg/121.0.0.0"
197.255.218.174 - - [14/Feb/2024:09:15:12 +0000] "POST /broadcasting/auth HTTP/1.1" 200 96 "https://edu.richinei.com/edit-news/2" "Mozilla/5.0 (Windows NT 10.0; Win64; x64) AppleWebKit/537.36 (KHTML, like Gecko) Chrome/121.0.0.0 Safari/537.36 Edg/121.0.0.0"
41.173.241.29 - - [14/Feb/2024:09:15:19 +0000] "GET /for-delete-news/6 HTTP/1.1" 200 249 "https://edu.richinei.com/edit-news/2" "Mozilla/5.0 (Windows NT 10.0; Win64; x64) AppleWebKit/537.36 (KHTML, like Gecko) Chrome/121.0.0.0 Safari/537.36 Edg/121.0.0.0"
