41.173.241.29 - - [14/Feb/2024:09:15:21 +0000] "GET /delete-news/6 HTTP/1.1" 302 390 "https://edu.richinei.com/edit-news/2" "Mozilla/5.0 (Windows NT 10.0; Win64; x64) AppleWebKit/537.36 (KHTML, like Gecko) Chrome/121.0.0.0 Safari/537.36 Edg/121.0.0.0"
203.161.54.34 - - [14/Feb/2024:09:15:22 +0000] "GET /public/uploads/settings/d104eb144208b278c21f87e66cfe38f4.png HTTP/1.0" 200 127748 "-" "-"
41.173.241.29 - - [14/Feb/2024:09:15:21 +0000] "GET /edit-news/2 HTTP/1.1" 200 428002 "https://edu.richinei.com/edit-news/2" "Mozilla/5.0 (Windows NT 10.0; Win64; x64) AppleWebKit/537.36 (KHTML, like Gecko) Chrome/121.0.0.0 Safari/537.36 Edg/121.0.0.0"
41.173.241.29 - - [14/Feb/2024:09:15:24 +0000] "GET /public/chat/audio/notification.mp3 HTTP/1.1" 206 151908 "https://edu.richinei.com/edit-news/2" "Mozilla/5.0 (Windows NT 10.0; Win64; x64) AppleWebKit/537.36 (KHTML, like Gecko) Chrome/121.0.0.0 Safari/537.36 Edg/121.0.0.0"
41.173.241.29 - - [14/Feb/2024:09:15:25 +0000] "POST /broadcasting/auth HTTP/1.1" 200 96 "https://edu.richinei.com/edit-news/2" "Mozilla/5.0 (Windows NT 10.0; Win64; x64) AppleWebKit/537.36 (KHTML, like Gecko) Chrome/121.0.0.0 Safari/537.36 Edg/121.0.0.0"
41.173.241.29 - - [14/Feb/2024:09:15:29 +0000] "GET /for-delete-news/5 HTTP/1.1" 200 249 "https://edu.richinei.com/edit-news/2" "Mozilla/5.0 (Windows NT 10.0; Win64; x64) AppleWebKit/537.36 (KHTML, like Gecko) Chrome/121.0.0.0 Safari/537.36 Edg/121.0.0.0"
41.173.241.29 - - [14/Feb/2024:09:15:31 +0000] "GET /delete-news/5 HTTP/1.1" 302 390 "https://edu.richinei.com/edit-news/2" "Mozilla/5.0 (Windows NT 10.0; Win64; x64) AppleWebKit/537.36 (KHTML, like Gecko) Chrome/121.0.0.0 Safari/537.36 Edg/121.0.0.0"
203.161.54.34 - - [14/Feb/2024:09:15:32 +0000] "GET /public/uploads/settings/d104eb144208b278c21f87e66cfe38f4.png HTTP/1.0" 200 127748 "-" "-"
41.173.241.29 - - [14/Feb/2024:09:15:32 +0000] "GET /edit-news/2 HTTP/1.1" 200 427925 "https://edu.richinei.com/edit-news/2" "Mozilla/5.0 (Windows NT 10.0; Win64; x64) AppleWebKit/537.36 (KHTML, like Gecko) Chrome/121.0.0.0 Safari/537.36 Edg/121.0.0.0"
41.173.241.29 - - [14/Feb/2024:09:15:34 +0000] "GET /public/uploads/settings/d104eb144208b278c21f87e66cfe38f4.png HTTP/1.1" 304 - "https://edu.richinei.com/edit-news/2" "Mozilla/5.0 (Windows NT 10.0; Win64; x64) AppleWebKit/537.36 (KHTML, like Gecko) Chrome/121.0.0.0 Safari/537.36 Edg/121.0.0.0"
41.173.241.29 - - [14/Feb/2024:09:15:38 +0000] "GET / HTTP/1.1" 200 4510 "-" "Mozilla/5.0 (Windows NT 10.0; Win64; x64) AppleWebKit/537.36 (KHTML, like Gecko) Chrome/121.0.0.0 Safari/537.36"
41.173.241.29 - - [14/Feb/2024:09:15:44 +0000] "GET /for-delete-news/12 HTTP/1.1" 200 250 "https://edu.richinei.com/edit-news/2" "Mozilla/5.0 (Windows NT 10.0; Win64; x64) AppleWebKit/537.36 (KHTML, like Gecko) Chrome/121.0.0.0 Safari/537.36 Edg/121.0.0.0"
41.173.241.29 - - [14/Feb/2024:09:15:46 +0000] "GET /delete-news/12 HTTP/1.1" 302 390 "https://edu.richinei.com/edit-news/2" "Mozilla/5.0 (Windows NT 10.0; Win64; x64) AppleWebKit/537.36 (KHTML, like Gecko) Chrome/121.0.0.0 Safari/537.36 Edg/121.0.0.0"
203.161.54.34 - - [14/Feb/2024:09:15:47 +0000] "GET /public/uploads/settings/d104eb144208b278c21f87e66cfe38f4.png HTTP/1.0" 200 127748 "-" "-"
41.173.241.29 - - [14/Feb/2024:09:15:47 +0000] "GET /edit-news/2 HTTP/1.1" 200 427851 "https://edu.richinei.com/edit-news/2" "Mozilla/5.0 (Windows NT 10.0; Win64; x64) AppleWebKit/537.36 (KHTML, like Gecko) Chrome/121.0.0.0 Safari/537.36 Edg/121.0.0.0"
197.255.218.174 - - [14/Feb/2024:09:15:56 +0000] "GET /for-delete-news/1 HTTP/1.1" 200 249 "https://edu.richinei.com/edit-news/2" "Mozilla/5.0 (Windows NT 10.0; Win64; x64) AppleWebKit/537.36 (KHTML, like Gecko) Chrome/121.0.0.0 Safari/537.36 Edg/121.0.0.0"
197.255.218.174 - - [14/Feb/2024:09:15:57 +0000] "GET /delete-news/1 HTTP/1.1" 302 390 "https://edu.richinei.com/edit-news/2" "Mozilla/5.0 (Windows NT 10.0; Win64; x64) AppleWebKit/537.36 (KHTML, like Gecko) Chrome/121.0.0.0 Safari/537.36 Edg/121.0.0.0"
203.161.54.34 - - [14/Feb/2024:09:15:58 +0000] "GET /public/uploads/settings/d104eb144208b278c21f87e66cfe38f4.png HTTP/1.0" 200 127748 "-" "-"
197.255.218.174 - - [14/Feb/2024:09:16:01 +0000] "GET / HTTP/1.1" 200 4520 "-" "Mozilla/5.0 (Windows NT 10.0; Win64; x64) AppleWebKit/537.36 (KHTML, like Gecko) Chrome/121.0.0.0 Safari/537.36"
197.255.218.174 - - [14/Feb/2024:09:16:02 +0000] "GET /public/uploads/news/news3.jpg HTTP/1.1" 200 78265 "https://edu.richinei.com/" "Mozilla/5.0 (Windows NT 10.0; Win64; x64) AppleWebKit/537.36 (KHTML, like Gecko) Chrome/121.0.0.0 Safari/537.36"
197.255.218.174 - - [14/Feb/2024:09:16:02 +0000] "GET /public/uploads/news/news7.jpg HTTP/1.1" 200 57528 "https://edu.richinei.com/" "Mozilla/5.0 (Windows NT 10.0; Win64; x64) AppleWebKit/537.36 (KHTML, like Gecko) Chrome/121.0.0.0 Safari/537.36"
197.255.218.174 - - [14/Feb/2024:09:15:58 +0000] "GET /edit-news/2 HTTP/1.1" 200 427784 "https://edu.richinei.com/edit-news/2" "Mozilla/5.0 (Windows NT 10.0; Win64; x64) AppleWebKit/537.36 (KHTML, like Gecko) Chrome/121.0.0.0 Safari/537.36 Edg/121.0.0.0"
197.255.218.174 - - [14/Feb/2024:09:16:16 +0000] "GET /public/chat/audio/notification.mp3 HTTP/1.1" 206 151908 "https://edu.richinei.com/edit-news/2" "Mozilla/5.0 (Windows NT 10.0; Win64; x64) AppleWebKit/537.36 (KHTML, like Gecko) Chrome/121.0.0.0 Safari/537.36 Edg/121.0.0.0"
41.173.241.29 - - [14/Feb/2024:09:16:34 +0000] "GET /for-delete-news/11 HTTP/1.1" 200 250 "https://edu.richinei.com/edit-news/2" "Mozilla/5.0 (Windows NT 10.0; Win64; x64) AppleWebKit/537.36 (KHTML, like Gecko) Chrome/121.0.0.0 Safari/537.36 Edg/121.0.0.0"
41.173.241.29 - - [14/Feb/2024:09:16:36 +0000] "GET /delete-news/11 HTTP/1.1" 302 390 "https://edu.richinei.com/edit-news/2" "Mozilla/5.0 (Windows NT 10.0; Win64; x64) AppleWebKit/537.36 (KHTML, like Gecko) Chrome/121.0.0.0 Safari/537.36 Edg/121.0.0.0"
203.161.54.34 - - [14/Feb/2024:09:16:37 +0000] "GET /public/uploads/settings/d104eb144208b278c21f87e66cfe38f4.png HTTP/1.0" 200 127748 "-" "-"
41.173.241.29 - - [14/Feb/2024:09:16:36 +0000] "GET /edit-news/2 HTTP/1.1" 200 427711 "https://edu.richinei.com/edit-news/2" "Mozilla/5.0 (Windows NT 10.0; Win64; x64) AppleWebKit/537.36 (KHTML, like Gecko) Chrome/121.0.0.0 Safari/537.36 Edg/121.0.0.0"
41.173.241.29 - - [14/Feb/2024:09:16:47 +0000] "GET /for-delete-news/7 HTTP/1.1" 200 250 "https://edu.richinei.com/edit-news/2" "Mozilla/5.0 (Windows NT 10.0; Win64; x64) AppleWebKit/537.36 (KHTML, like Gecko) Chrome/121.0.0.0 Safari/537.36 Edg/121.0.0.0"
41.173.241.29 - - [14/Feb/2024:09:16:49 +0000] "GET /delete-news/7 HTTP/1.1" 302 390 "https://edu.richinei.com/edit-news/2" "Mozilla/5.0 (Windows NT 10.0; Win64; x64) AppleWebKit/537.36 (KHTML, like Gecko) Chrome/121.0.0.0 Safari/537.36 Edg/121.0.0.0"
203.161.54.34 - - [14/Feb/2024:09:16:50 +0000] "GET /public/uploads/settings/d104eb144208b278c21f87e66cfe38f4.png HTTP/1.0" 200 127748 "-" "-"
41.173.241.29 - - [14/Feb/2024:09:16:49 +0000] "GET /edit-news/2 HTTP/1.1" 200 427639 "https://edu.richinei.com/edit-news/2" "Mozilla/5.0 (Windows NT 10.0; Win64; x64) AppleWebKit/537.36 (KHTML, like Gecko) Chrome/121.0.0.0 Safari/537.36 Edg/121.0.0.0"
41.173.241.29 - - [14/Feb/2024:09:16:52 +0000] "GET /public/uploads/settings/d104eb144208b278c21f87e66cfe38f4.png HTTP/1.1" 304 - "https://edu.richinei.com/edit-news/2" "Mozilla/5.0 (Windows NT 10.0; Win64; x64) AppleWebKit/537.36 (KHTML, like Gecko) Chrome/121.0.0.0 Safari/537.36 Edg/121.0.0.0"
41.173.241.29 - - [14/Feb/2024:09:16:53 +0000] "POST /broadcasting/auth HTTP/1.1" 200 96 "https://edu.richinei.com/edit-news/2" "Mozilla/5.0 (Windows NT 10.0; Win64; x64) AppleWebKit/537.36 (KHTML, like Gecko) Chrome/121.0.0.0 Safari/537.36 Edg/121.0.0.0"
197.255.218.174 - - [14/Feb/2024:09:16:59 +0000] "GET /for-delete-news/8 HTTP/1.1" 200 249 "https://edu.richinei.com/edit-news/2" "Mozilla/5.0 (Windows NT 10.0; Win64; x64) AppleWebKit/537.36 (KHTML, like Gecko) Chrome/121.0.0.0 Safari/537.36 Edg/121.0.0.0"
197.255.218.174 - - [14/Feb/2024:09:17:00 +0000] "GET /delete-news/8 HTTP/1.1" 302 390 "https://edu.richinei.com/edit-news/2" "Mozilla/5.0 (Windows NT 10.0; Win64; x64) AppleWebKit/537.36 (KHTML, like Gecko) Chrome/121.0.0.0 Safari/537.36 Edg/121.0.0.0"
203.161.54.34 - - [14/Feb/2024:09:17:01 +0000] "GET /public/uploads/settings/d104eb144208b278c21f87e66cfe38f4.png HTTP/1.0" 200 127748 "-" "-"
197.255.218.174 - - [14/Feb/2024:09:17:01 +0000] "GET /edit-news/2 HTTP/1.1" 200 427574 "https://edu.richinei.com/edit-news/2" "Mozilla/5.0 (Windows NT 10.0; Win64; x64) AppleWebKit/537.36 (KHTML, like Gecko) Chrome/121.0.0.0 Safari/537.36 Edg/121.0.0.0"
197.255.218.174 - - [14/Feb/2024:09:17:11 +0000] "GET /public/chat/audio/notification.mp3 HTTP/1.1" 206 151908 "https://edu.richinei.com/edit-news/2" "Mozilla/5.0 (Windows NT 10.0; Win64; x64) AppleWebKit/537.36 (KHTML, like Gecko) Chrome/121.0.0.0 Safari/537.36 Edg/121.0.0.0"
197.255.218.174 - - [14/Feb/2024:09:17:16 +0000] "GET /for-delete-news/9 HTTP/1.1" 200 249 "https://edu.richinei.com/edit-news/2" "Mozilla/5.0 (Windows NT 10.0; Win64; x64) AppleWebKit/537.36 (KHTML, like Gecko) Chrome/121.0.0.0 Safari/537.36 Edg/121.0.0.0"
197.255.218.174 - - [14/Feb/2024:09:17:18 +0000] "GET /delete-news/9 HTTP/1.1" 302 390 "https://edu.richinei.com/edit-news/2" "Mozilla/5.0 (Windows NT 10.0; Win64; x64) AppleWebKit/537.36 (KHTML, like Gecko) Chrome/121.0.0.0 Safari/537.36 Edg/121.0.0.0"
203.161.54.34 - - [14/Feb/2024:09:17:19 +0000] "GET /public/uploads/settings/d104eb144208b278c21f87e66cfe38f4.png HTTP/1.0" 200 127748 "-" "-"
197.255.218.174 - - [14/Feb/2024:09:17:18 +0000] "GET /edit-news/2 HTTP/1.1" 200 427481 "https://edu.richinei.com/edit-news/2" "Mozilla/5.0 (Windows NT 10.0; Win64; x64) AppleWebKit/537.36 (KHTML, like Gecko) Chrome/121.0.0.0 Safari/537.36 Edg/121.0.0.0"
197.255.218.174 - - [14/Feb/2024:09:17:34 +0000] "GET /for-delete-news/3 HTTP/1.1" 200 249 "https://edu.richinei.com/edit-news/2" "Mozilla/5.0 (Windows NT 10.0; Win64; x64) AppleWebKit/537.36 (KHTML, like Gecko) Chrome/121.0.0.0 Safari/537.36 Edg/121.0.0.0"
197.255.218.174 - - [14/Feb/2024:09:17:36 +0000] "GET /delete-news/3 HTTP/1.1" 302 390 "https://edu.richinei.com/edit-news/2" "Mozilla/5.0 (Windows NT 10.0; Win64; x64) AppleWebKit/537.36 (KHTML, like Gecko) Chrome/121.0.0.0 Safari/537.36 Edg/121.0.0.0"
203.161.54.34 - - [14/Feb/2024:09:17:38 +0000] "GET /public/uploads/settings/d104eb144208b278c21f87e66cfe38f4.png HTTP/1.0" 200 127748 "-" "-"
197.255.218.174 - - [14/Feb/2024:09:17:37 +0000] "GET /edit-news/2 HTTP/1.1" 200 427187 "https://edu.richinei.com/edit-news/2" "Mozilla/5.0 (Windows NT 10.0; Win64; x64) AppleWebKit/537.36 (KHTML, like Gecko) Chrome/121.0.0.0 Safari/537.36 Edg/121.0.0.0"
41.173.241.29 - - [14/Feb/2024:09:17:48 +0000] "POST /broadcasting/auth HTTP/1.1" 200 96 "https://edu.richinei.com/edit-news/2" "Mozilla/5.0 (Windows NT 10.0; Win64; x64) AppleWebKit/537.36 (KHTML, like Gecko) Chrome/121.0.0.0 Safari/537.36 Edg/121.0.0.0"
197.255.218.174 - - [14/Feb/2024:09:17:47 +0000] "GET /public/chat/audio/notification.mp3 HTTP/1.1" 206 151908 "https://edu.richinei.com/edit-news/2" "Mozilla/5.0 (Windows NT 10.0; Win64; x64) AppleWebKit/537.36 (KHTML, like Gecko) Chrome/121.0.0.0 Safari/537.36 Edg/121.0.0.0"
203.161.54.34 - - [14/Feb/2024:09:18:01 +0000] "GET /public/uploads/settings/d104eb144208b278c21f87e66cfe38f4.png HTTP/1.0" 200 127748 "-" "-"
41.173.241.29 - - [14/Feb/2024:09:18:01 +0000] "GET /course-heading-update HTTP/1.1" 200 427401 "https://edu.richinei.com/edit-news/2" "Mozilla/5.0 (Windows NT 10.0; Win64; x64) AppleWebKit/537.36 (KHTML, like Gecko) Chrome/121.0.0.0 Safari/537.36 Edg/121.0.0.0"
41.173.241.29 - - [14/Feb/2024:09:18:03 +0000] "GET /public/uploads/about_page/about-img.jpg HTTP/1.1" 404 11100 "https://edu.richinei.com/course-heading-update" "Mozilla/5.0 (Windows NT 10.0; Win64; x64) AppleWebKit/537.36 (KHTML, like Gecko) Chrome/121.0.0.0 Safari/537.36 Edg/121.0.0.0"
41.173.241.29 - - [14/Feb/2024:09:18:31 +0000] "POST /course-heading-update HTTP/1.1" 302 430 "https://edu.richinei.com/course-heading-update" "Mozilla/5.0 (Windows NT 10.0; Win64; x64) AppleWebKit/537.36 (KHTML, like Gecko) Chrome/121.0.0.0 Safari/537.36 Edg/121.0.0.0"
203.161.54.34 - - [14/Feb/2024:09:18:32 +0000] "GET /public/uploads/settings/d104eb144208b278c21f87e66cfe38f4.png HTTP/1.0" 200 127748 "-" "-"
41.173.241.29 - - [14/Feb/2024:09:18:32 +0000] "GET /course-heading-update HTTP/1.1" 200 427589 "https://edu.richinei.com/course-heading-update" "Mozilla/5.0 (Windows NT 10.0; Win64; x64) AppleWebKit/537.36 (KHTML, like Gecko) Chrome/121.0.0.0 Safari/537.36 Edg/121.0.0.0"
41.173.241.29 - - [14/Feb/2024:09:18:34 +0000] "GET /public/uploads/settings/d104eb144208b278c21f87e66cfe38f4.png HTTP/1.1" 304 - "https://edu.richinei.com/course-heading-update" "Mozilla/5.0 (Windows NT 10.0; Win64; x64) AppleWebKit/537.36 (KHTML, like Gecko) Chrome/121.0.0.0 Safari/537.36 Edg/121.0.0.0"
41.173.241.29 - - [14/Feb/2024:09:18:34 +0000] "GET /public/uploads/about_page/about-img.jpg HTTP/1.1" 404 11100 "https://edu.richinei.com/course-heading-update" "Mozilla/5.0 (Windows NT 10.0; Win64; x64) AppleWebKit/537.36 (KHTML, like Gecko) Chrome/121.0.0.0 Safari/537.36 Edg/121.0.0.0"
41.173.241.29 - - [14/Feb/2024:09:18:34 +0000] "GET /public/chat/audio/notification.mp3 HTTP/1.1" 206 151908 "https://edu.richinei.com/course-heading-update" "Mozilla/5.0 (Windows NT 10.0; Win64; x64) AppleWebKit/537.36 (KHTML, like Gecko) Chrome/121.0.0.0 Safari/537.36 Edg/121.0.0.0"
41.173.241.29 - - [14/Feb/2024:09:18:41 +0000] "GET /about HTTP/1.1" 200 3965 "https://edu.richinei.com/" "Mozilla/5.0 (Windows NT 10.0; Win64; x64) AppleWebKit/537.36 (KHTML, like Gecko) Chrome/121.0.0.0 Safari/537.36"
41.173.241.29 - - [14/Feb/2024:09:18:42 +0000] "GET /public/uploads/settings/d104eb144208b278c21f87e66cfe38f4.png HTTP/1.1" 304 - "https://edu.richinei.com/about" "Mozilla/5.0 (Windows NT 10.0; Win64; x64) AppleWebKit/537.36 (KHTML, like Gecko) Chrome/121.0.0.0 Safari/537.36"
41.173.241.29 - - [14/Feb/2024:09:18:42 +0000] "GET /public/uploads/about_page/about-img.jpg HTTP/1.1" 404 11084 "https://edu.richinei.com/about" "Mozilla/5.0 (Windows NT 10.0; Win64; x64) AppleWebKit/537.36 (KHTML, like Gecko) Chrome/121.0.0.0 Safari/537.36"
41.173.241.29 - - [14/Feb/2024:09:18:42 +0000] "GET /public/uploads/about_page/about.jpg HTTP/1.1" 404 11084 "https://edu.richinei.com/about" "Mozilla/5.0 (Windows NT 10.0; Win64; x64) AppleWebKit/537.36 (KHTML, like Gecko) Chrome/121.0.0.0 Safari/537.36"
203.161.54.34 - - [14/Feb/2024:09:18:48 +0000] "GET /public/uploads/settings/d104eb144208b278c21f87e66cfe38f4.png HTTP/1.0" 200 127748 "-" "-"
41.173.241.29 - - [14/Feb/2024:09:18:47 +0000] "GET /course-details-heading HTTP/1.1" 200 427066 "https://edu.richinei.com/course-heading-update" "Mozilla/5.0 (Windows NT 10.0; Win64; x64) AppleWebKit/537.36 (KHTML, like Gecko) Chrome/121.0.0.0 Safari/537.36 Edg/121.0.0.0"
41.173.241.29 - - [14/Feb/2024:09:18:50 +0000] "GET / HTTP/1.1" 200 4342 "https://edu.richinei.com/course-details-heading" "Mozilla/5.0 (Windows NT 10.0; Win64; x64) AppleWebKit/537.36 (KHTML, like Gecko) Chrome/121.0.0.0 Safari/537.36 Edg/121.0.0.0"
41.173.241.29 - - [14/Feb/2024:09:18:51 +0000] "POST /broadcasting/auth HTTP/1.1" 200 96 "https://edu.richinei.com/course-details-heading" "Mozilla/5.0 (Windows NT 10.0; Win64; x64) AppleWebKit/537.36 (KHTML, like Gecko) Chrome/121.0.0.0 Safari/537.36 Edg/121.0.0.0"
41.173.241.29 - - [14/Feb/2024:09:18:53 +0000] "GET /about HTTP/1.1" 200 3965 "https://edu.richinei.com/" "Mozilla/5.0 (Windows NT 10.0; Win64; x64) AppleWebKit/537.36 (KHTML, like Gecko) Chrome/121.0.0.0 Safari/537.36"
41.173.241.29 - - [14/Feb/2024:09:18:53 +0000] "GET /public/uploads/about_page/about-img.jpg HTTP/1.1" 404 11084 "https://edu.richinei.com/about" "Mozilla/5.0 (Windows NT 10.0; Win64; x64) AppleWebKit/537.36 (KHTML, like Gecko) Chrome/121.0.0.0 Safari/537.36"
41.173.241.29 - - [14/Feb/2024:09:18:53 +0000] "GET /public/uploads/about_page/about.jpg HTTP/1.1" 404 11084 "https://edu.richinei.com/about" "Mozilla/5.0 (Windows NT 10.0; Win64; x64) AppleWebKit/537.36 (KHTML, like Gecko) Chrome/121.0.0.0 Safari/537.36"
41.173.241.29 - - [14/Feb/2024:09:18:55 +0000] "GET /public/uploads/settings/9da728d8a4419f47c78574fece9915b4.png HTTP/1.1" 304 - "https://edu.richinei.com/about" "Mozilla/5.0 (Windows NT 10.0; Win64; x64) AppleWebKit/537.36 (KHTML, like Gecko) Chrome/121.0.0.0 Safari/537.36"
41.173.241.29 - - [14/Feb/2024:09:19:02 +0000] "POST /course-heading-details-update HTTP/1.1" 302 430 "https://edu.richinei.com/course-details-heading" "Mozilla/5.0 (Windows NT 10.0; Win64; x64) AppleWebKit/537.36 (KHTML, like Gecko) Chrome/121.0.0.0 Safari/537.36 Edg/121.0.0.0"
203.161.54.34 - - [14/Feb/2024:09:19:03 +0000] "GET /public/uploads/settings/d104eb144208b278c21f87e66cfe38f4.png HTTP/1.0" 200 127748 "-" "-"
41.173.241.29 - - [14/Feb/2024:09:19:03 +0000] "GET /course-heading-update HTTP/1.1" 200 427589 "https://edu.richinei.com/course-details-heading" "Mozilla/5.0 (Windows NT 10.0; Win64; x64) AppleWebKit/537.36 (KHTML, like Gecko) Chrome/121.0.0.0 Safari/537.36 Edg/121.0.0.0"
41.173.241.29 - - [14/Feb/2024:09:19:05 +0000] "GET /public/uploads/about_page/about-img.jpg HTTP/1.1" 404 11100 "https://edu.richinei.com/course-heading-update" "Mozilla/5.0 (Windows NT 10.0; Win64; x64) AppleWebKit/537.36 (KHTML, like Gecko) Chrome/121.0.0.0 Safari/537.36 Edg/121.0.0.0"
197.255.218.174 - - [14/Feb/2024:09:19:05 +0000] "GET /public/chat/audio/notification.mp3 HTTP/1.1" 206 151908 "https://edu.richinei.com/course-heading-update" "Mozilla/5.0 (Windows NT 10.0; Win64; x64) AppleWebKit/537.36 (KHTML, like Gecko) Chrome/121.0.0.0 Safari/537.36 Edg/121.0.0.0"
197.255.218.174 - - [14/Feb/2024:09:19:07 +0000] "GET /about HTTP/1.1" 200 3965 "https://edu.richinei.com/" "Mozilla/5.0 (Windows NT 10.0; Win64; x64) AppleWebKit/537.36 (KHTML, like Gecko) Chrome/121.0.0.0 Safari/537.36"
197.255.218.174 - - [14/Feb/2024:09:19:08 +0000] "GET /public/uploads/about_page/about-img.jpg HTTP/1.1" 404 11084 "https://edu.richinei.com/about" "Mozilla/5.0 (Windows NT 10.0; Win64; x64) AppleWebKit/537.36 (KHTML, like Gecko) Chrome/121.0.0.0 Safari/537.36"
197.255.218.174 - - [14/Feb/2024:09:19:08 +0000] "GET /public/uploads/about_page/about.jpg HTTP/1.1" 404 11084 "https://edu.richinei.com/about" "Mozilla/5.0 (Windows NT 10.0; Win64; x64) AppleWebKit/537.36 (KHTML, like Gecko) Chrome/121.0.0.0 Safari/537.36"
197.255.218.174 - - [14/Feb/2024:09:19:10 +0000] "GET /course HTTP/1.1" 200 3636 "https://edu.richinei.com/about" "Mozilla/5.0 (Windows NT 10.0; Win64; x64) AppleWebKit/537.36 (KHTML, like Gecko) Chrome/121.0.0.0 Safari/537.36"
197.255.218.174 - - [14/Feb/2024:09:19:10 +0000] "GET /public/uploads/about_page/about.jpg HTTP/1.1" 404 11085 "https://edu.richinei.com/course" "Mozilla/5.0 (Windows NT 10.0; Win64; x64) AppleWebKit/537.36 (KHTML, like Gecko) Chrome/121.0.0.0 Safari/537.36"
197.255.218.174 - - [14/Feb/2024:09:19:12 +0000] "GET /about HTTP/1.1" 200 3965 "https://edu.richinei.com/course" "Mozilla/5.0 (Windows NT 10.0; Win64; x64) AppleWebKit/537.36 (KHTML, like Gecko) Chrome/121.0.0.0 Safari/537.36"
197.255.218.174 - - [14/Feb/2024:09:19:13 +0000] "GET /public/uploads/about_page/about-img.jpg HTTP/1.1" 404 11084 "https://edu.richinei.com/about" "Mozilla/5.0 (Windows NT 10.0; Win64; x64) AppleWebKit/537.36 (KHTML, like Gecko) Chrome/121.0.0.0 Safari/537.36"
41.173.241.29 - - [14/Feb/2024:09:19:13 +0000] "GET /public/uploads/about_page/about.jpg HTTP/1.1" 404 11084 "https://edu.richinei.com/about" "Mozilla/5.0 (Windows NT 10.0; Win64; x64) AppleWebKit/537.36 (KHTML, like Gecko) Chrome/121.0.0.0 Safari/537.36"
203.161.54.34 - - [14/Feb/2024:09:19:19 +0000] "GET /public/uploads/settings/d104eb144208b278c21f87e66cfe38f4.png HTTP/1.0" 200 127748 "-" "-"
41.173.241.29 - - [14/Feb/2024:09:19:19 +0000] "GET /course-details-heading HTTP/1.1" 200 427063 "https://edu.richinei.com/course-heading-update" "Mozilla/5.0 (Windows NT 10.0; Win64; x64) AppleWebKit/537.36 (KHTML, like Gecko) Chrome/121.0.0.0 Safari/537.36 Edg/121.0.0.0"
41.173.241.29 - - [14/Feb/2024:09:19:21 +0000] "GET / HTTP/1.1" 200 4342 "https://edu.richinei.com/course-details-heading" "Mozilla/5.0 (Windows NT 10.0; Win64; x64) AppleWebKit/537.36 (KHTML, like Gecko) Chrome/121.0.0.0 Safari/537.36 Edg/121.0.0.0"
203.161.54.34 - - [14/Feb/2024:09:19:30 +0000] "GET /public/uploads/settings/d104eb144208b278c21f87e66cfe38f4.png HTTP/1.0" 200 127748 "-" "-"
41.173.241.29 - - [14/Feb/2024:09:19:30 +0000] "GET /course-heading-update HTTP/1.1" 200 427395 "https://edu.richinei.com/course-details-heading" "Mozilla/5.0 (Windows NT 10.0; Win64; x64) AppleWebKit/537.36 (KHTML, like Gecko) Chrome/121.0.0.0 Safari/537.36 Edg/121.0.0.0"
41.173.241.29 - - [14/Feb/2024:09:19:32 +0000] "GET /public/uploads/about_page/about-img.jpg HTTP/1.1" 404 11100 "https://edu.richinei.com/course-heading-update" "Mozilla/5.0 (Windows NT 10.0; Win64; x64) AppleWebKit/537.36 (KHTML, like Gecko) Chrome/121.0.0.0 Safari/537.36 Edg/121.0.0.0"
197.255.218.174 - - [14/Feb/2024:09:19:33 +0000] "POST /broadcasting/auth HTTP/1.1" 200 96 "https://edu.richinei.com/course-heading-update" "Mozilla/5.0 (Windows NT 10.0; Win64; x64) AppleWebKit/537.36 (KHTML, like Gecko) Chrome/121.0.0.0 Safari/537.36 Edg/121.0.0.0"
203.161.54.34 - - [14/Feb/2024:09:19:44 +0000] "GET /public/uploads/settings/d104eb144208b278c21f87e66cfe38f4.png HTTP/1.0" 200 127748 "-" "-"
41.173.241.29 - - [14/Feb/2024:09:19:44 +0000] "GET /course-details-heading HTTP/1.1" 200 427063 "https://edu.richinei.com/course-heading-update" "Mozilla/5.0 (Windows NT 10.0; Win64; x64) AppleWebKit/537.36 (KHTML, like Gecko) Chrome/121.0.0.0 Safari/537.36 Edg/121.0.0.0"
41.173.241.29 - - [14/Feb/2024:09:19:46 +0000] "GET / HTTP/1.1" 200 4342 "https://edu.richinei.com/course-details-heading" "Mozilla/5.0 (Windows NT 10.0; Win64; x64) AppleWebKit/537.36 (KHTML, like Gecko) Chrome/121.0.0.0 Safari/537.36 Edg/121.0.0.0"
197.255.218.174 - - [14/Feb/2024:09:19:46 +0000] "GET /public/chat/audio/notification.mp3 HTTP/1.1" 206 151908 "https://edu.richinei.com/course-details-heading" "Mozilla/5.0 (Windows NT 10.0; Win64; x64) AppleWebKit/537.36 (KHTML, like Gecko) Chrome/121.0.0.0 Safari/537.36 Edg/121.0.0.0"
203.161.54.34 - - [14/Feb/2024:09:19:58 +0000] "GET /public/uploads/settings/d104eb144208b278c21f87e66cfe38f4.png HTTP/1.0" 200 127748 "-" "-"
41.173.241.29 - - [14/Feb/2024:09:19:58 +0000] "GET /course-category HTTP/1.1" 200 426605 "https://edu.richinei.com/course-details-heading" "Mozilla/5.0 (Windows NT 10.0; Win64; x64) AppleWebKit/537.36 (KHTML, like Gecko) Chrome/121.0.0.0 Safari/537.36 Edg/121.0.0.0"
203.161.54.34 - - [14/Feb/2024:09:20:06 +0000] "GET /public/uploads/settings/d104eb144208b278c21f87e66cfe38f4.png HTTP/1.0" 200 127748 "-" "-"
41.173.241.29 - - [14/Feb/2024:09:20:05 +0000] "GET /course-list HTTP/1.1" 200 427586 "https://edu.richinei.com/course-category" "Mozilla/5.0 (Windows NT 10.0; Win64; x64) AppleWebKit/537.36 (KHTML, like Gecko) Chrome/121.0.0.0 Safari/537.36 Edg/121.0.0.0"
41.173.241.29 - - [14/Feb/2024:09:20:07 +0000] "GET /public/uploads/settings/d104eb144208b278c21f87e66cfe38f4.png HTTP/1.1" 304 - "https://edu.richinei.com/course-list" "Mozilla/5.0 (Windows NT 10.0; Win64; x64) AppleWebKit/537.36 (KHTML, like Gecko) Chrome/121.0.0.0 Safari/537.36 Edg/121.0.0.0"
41.173.241.29 - - [14/Feb/2024:09:20:08 +0000] "GET /public/uploads/course/academic3.jpg HTTP/1.1" 206 1 "https://edu.richinei.com/course-list" "Mozilla/5.0 (Windows NT 10.0; Win64; x64) AppleWebKit/537.36 (KHTML, like Gecko) Chrome/121.0.0.0 Safari/537.36 Edg/121.0.0.0"
41.173.241.29 - - [14/Feb/2024:09:20:08 +0000] "GET /public/uploads/course/academic3.jpg HTTP/1.1" 206 7770 "https://edu.richinei.com/course-list" "Mozilla/5.0 (Windows NT 10.0; Win64; x64) AppleWebKit/537.36 (KHTML, like Gecko) Chrome/121.0.0.0 Safari/537.36 Edg/121.0.0.0"
41.173.241.29 - - [14/Feb/2024:09:20:18 +0000] "GET /for-delete-course/2 HTTP/1.1" 200 245 "https://edu.richinei.com/course-list" "Mozilla/5.0 (Windows NT 10.0; Win64; x64) AppleWebKit/537.36 (KHTML, like Gecko) Chrome/121.0.0.0 Safari/537.36 Edg/121.0.0.0"
41.173.241.29 - - [14/Feb/2024:09:20:19 +0000] "GET /delete-course/2 HTTP/1.1" 302 390 "https://edu.richinei.com/course-list" "Mozilla/5.0 (Windows NT 10.0; Win64; x64) AppleWebKit/537.36 (KHTML, like Gecko) Chrome/121.0.0.0 Safari/537.36 Edg/121.0.0.0"
203.161.54.34 - - [14/Feb/2024:09:20:21 +0000] "GET /public/uploads/settings/d104eb144208b278c21f87e66cfe38f4.png HTTP/1.0" 200 127748 "-" "-"
41.173.241.29 - - [14/Feb/2024:09:20:20 +0000] "GET /course-list HTTP/1.1" 200 427662 "https://edu.richinei.com/course-list" "Mozilla/5.0 (Windows NT 10.0; Win64; x64) AppleWebKit/537.36 (KHTML, like Gecko) Chrome/121.0.0.0 Safari/537.36 Edg/121.0.0.0"
41.173.241.29 - - [14/Feb/2024:09:20:23 +0000] "GET /public/chat/audio/notification.mp3 HTTP/1.1" 206 151908 "https://edu.richinei.com/course-list" "Mozilla/5.0 (Windows NT 10.0; Win64; x64) AppleWebKit/537.36 (KHTML, like Gecko) Chrome/121.0.0.0 Safari/537.36 Edg/121.0.0.0"
197.255.218.174 - - [14/Feb/2024:09:20:28 +0000] "GET /for-delete-course/1 HTTP/1.1" 200 245 "https://edu.richinei.com/course-list" "Mozilla/5.0 (Windows NT 10.0; Win64; x64) AppleWebKit/537.36 (KHTML, like Gecko) Chrome/121.0.0.0 Safari/537.36 Edg/121.0.0.0"
197.255.218.174 - - [14/Feb/2024:09:20:30 +0000] "GET /delete-course/1 HTTP/1.1" 302 390 "https://edu.richinei.com/course-list" "Mozilla/5.0 (Windows NT 10.0; Win64; x64) AppleWebKit/537.36 (KHTML, like Gecko) Chrome/121.0.0.0 Safari/537.36 Edg/121.0.0.0"
203.161.54.34 - - [14/Feb/2024:09:20:31 +0000] "GET /public/uploads/settings/d104eb144208b278c21f87e66cfe38f4.png HTTP/1.0" 200 127748 "-" "-"
197.255.218.174 - - [14/Feb/2024:09:20:30 +0000] "GET /course-list HTTP/1.1" 200 427518 "https://edu.richinei.com/course-list" "Mozilla/5.0 (Windows NT 10.0; Win64; x64) AppleWebKit/537.36 (KHTML, like Gecko) Chrome/121.0.0.0 Safari/537.36 Edg/121.0.0.0"
41.173.241.29 - - [14/Feb/2024:09:20:43 +0000] "GET /for-delete-course/3 HTTP/1.1" 200 245 "https://edu.richinei.com/course-list" "Mozilla/5.0 (Windows NT 10.0; Win64; x64) AppleWebKit/537.36 (KHTML, like Gecko) Chrome/121.0.0.0 Safari/537.36 Edg/121.0.0.0"
41.173.241.29 - - [14/Feb/2024:09:20:45 +0000] "GET /delete-course/3 HTTP/1.1" 302 390 "https://edu.richinei.com/course-list" "Mozilla/5.0 (Windows NT 10.0; Win64; x64) AppleWebKit/537.36 (KHTML, like Gecko) Chrome/121.0.0.0 Safari/537.36 Edg/121.0.0.0"
203.161.54.34 - - [14/Feb/2024:09:20:46 +0000] "GET /public/uploads/settings/d104eb144208b278c21f87e66cfe38f4.png HTTP/1.0" 200 127748 "-" "-"
41.173.241.29 - - [14/Feb/2024:09:20:46 +0000] "GET /course-list HTTP/1.1" 200 427192 "https://edu.richinei.com/course-list" "Mozilla/5.0 (Windows NT 10.0; Win64; x64) AppleWebKit/537.36 (KHTML, like Gecko) Chrome/121.0.0.0 Safari/537.36 Edg/121.0.0.0"
5.164.29.116 - - [14/Feb/2024:09:20:54 +0000] "GET / HTTP/1.1" 200 3941 "-" "Mozilla/5.0 (Windows NT 10.0; Win64; x64) AppleWebKit/537.36 (KHTML, like Gecko) Chrome/112.0.0.0 Safari/537.36 (scanner.ducks.party)"
5.164.29.116 - - [14/Feb/2024:09:20:55 +0000] "GET /favicon.ico HTTP/1.1" 404 11078 "-" "Mozilla/5.0 (Windows NT 10.0; Win64; x64) AppleWebKit/537.36 (KHTML, like Gecko) Chrome/112.0.0.0 Safari/537.36 (scanner.ducks.party)"
203.161.54.34 - - [14/Feb/2024:09:20:56 +0000] "GET /public/uploads/settings/d104eb144208b278c21f87e66cfe38f4.png HTTP/1.0" 200 127748 "-" "-"
197.255.218.174 - - [14/Feb/2024:09:20:56 +0000] "GET /testimonial HTTP/1.1" 200 427035 "https://edu.richinei.com/course-list" "Mozilla/5.0 (Windows NT 10.0; Win64; x64) AppleWebKit/537.36 (KHTML, like Gecko) Chrome/121.0.0.0 Safari/537.36 Edg/121.0.0.0"
197.255.218.174 - - [14/Feb/2024:09:21:03 +0000] "GET /public/chat/audio/notification.mp3 HTTP/1.1" 206 151908 "https://edu.richinei.com/testimonial" "Mozilla/5.0 (Windows NT 10.0; Win64; x64) AppleWebKit/537.36 (KHTML, like Gecko) Chrome/121.0.0.0 Safari/537.36 Edg/121.0.0.0"
197.255.218.174 - - [14/Feb/2024:09:21:10 +0000] "GET /for-delete-testimonial/2 HTTP/1.1" 200 247 "https://edu.richinei.com/testimonial" "Mozilla/5.0 (Windows NT 10.0; Win64; x64) AppleWebKit/537.36 (KHTML, like Gecko) Chrome/121.0.0.0 Safari/537.36 Edg/121.0.0.0"
197.255.218.174 - - [14/Feb/2024:09:21:12 +0000] "GET /delete-testimonial/2 HTTP/1.1" 302 390 "https://edu.richinei.com/testimonial" "Mozilla/5.0 (Windows NT 10.0; Win64; x64) AppleWebKit/537.36 (KHTML, like Gecko) Chrome/121.0.0.0 Safari/537.36 Edg/121.0.0.0"
203.161.54.34 - - [14/Feb/2024:09:21:13 +0000] "GET /public/uploads/settings/d104eb144208b278c21f87e66cfe38f4.png HTTP/1.0" 200 127748 "-" "-"
197.255.218.174 - - [14/Feb/2024:09:21:13 +0000] "GET /testimonial HTTP/1.1" 200 427154 "https://edu.richinei.com/testimonial" "Mozilla/5.0 (Windows NT 10.0; Win64; x64) AppleWebKit/537.36 (KHTML, like Gecko) Chrome/121.0.0.0 Safari/537.36 Edg/121.0.0.0"
41.173.241.29 - - [14/Feb/2024:09:21:27 +0000] "GET /for-delete-testimonial/1 HTTP/1.1" 200 247 "https://edu.richinei.com/testimonial" "Mozilla/5.0 (Windows NT 10.0; Win64; x64) AppleWebKit/537.36 (KHTML, like Gecko) Chrome/121.0.0.0 Safari/537.36 Edg/121.0.0.0"
41.173.241.29 - - [14/Feb/2024:09:21:29 +0000] "GET /delete-testimonial/1 HTTP/1.1" 302 390 "https://edu.richinei.com/testimonial" "Mozilla/5.0 (Windows NT 10.0; Win64; x64) AppleWebKit/537.36 (KHTML, like Gecko) Chrome/121.0.0.0 Safari/537.36 Edg/121.0.0.0"
203.161.54.34 - - [14/Feb/2024:09:21:30 +0000] "GET /public/uploads/settings/d104eb144208b278c21f87e66cfe38f4.png HTTP/1.0" 200 127748 "-" "-"
41.173.241.29 - - [14/Feb/2024:09:21:29 +0000] "GET /testimonial HTTP/1.1" 200 426902 "https://edu.richinei.com/testimonial" "Mozilla/5.0 (Windows NT 10.0; Win64; x64) AppleWebKit/537.36 (KHTML, like Gecko) Chrome/121.0.0.0 Safari/537.36 Edg/121.0.0.0"
41.173.241.29 - - [14/Feb/2024:09:21:32 +0000] "GET /about HTTP/1.1" 200 3748 "https://edu.richinei.com/course" "Mozilla/5.0 (Windows NT 10.0; Win64; x64) AppleWebKit/537.36 (KHTML, like Gecko) Chrome/121.0.0.0 Safari/537.36"
197.255.218.174 - - [14/Feb/2024:09:21:32 +0000] "GET /public/uploads/settings/d104eb144208b278c21f87e66cfe38f4.png HTTP/1.1" 304 - "https://edu.richinei.com/about" "Mozilla/5.0 (Windows NT 10.0; Win64; x64) AppleWebKit/537.36 (KHTML, like Gecko) Chrome/121.0.0.0 Safari/537.36"
41.173.241.29 - - [14/Feb/2024:09:21:32 +0000] "GET /public/uploads/about_page/about-img.jpg HTTP/1.1" 404 11084 "https://edu.richinei.com/about" "Mozilla/5.0 (Windows NT 10.0; Win64; x64) AppleWebKit/537.36 (KHTML, like Gecko) Chrome/121.0.0.0 Safari/537.36"
41.173.241.29 - - [14/Feb/2024:09:21:33 +0000] "POST /broadcasting/auth HTTP/1.1" 200 96 "https://edu.richinei.com/testimonial" "Mozilla/5.0 (Windows NT 10.0; Win64; x64) AppleWebKit/537.36 (KHTML, like Gecko) Chrome/121.0.0.0 Safari/537.36 Edg/121.0.0.0"
197.255.218.174 - - [14/Feb/2024:09:21:33 +0000] "GET /public/uploads/about_page/about.jpg HTTP/1.1" 404 11084 "https://edu.richinei.com/about" "Mozilla/5.0 (Windows NT 10.0; Win64; x64) AppleWebKit/537.36 (KHTML, like Gecko) Chrome/121.0.0.0 Safari/537.36"
197.255.218.174 - - [14/Feb/2024:09:21:34 +0000] "GET /public/uploads/settings/9da728d8a4419f47c78574fece9915b4.png HTTP/1.1" 304 - "https://edu.richinei.com/about" "Mozilla/5.0 (Windows NT 10.0; Win64; x64) AppleWebKit/537.36 (KHTML, like Gecko) Chrome/121.0.0.0 Safari/537.36"
203.161.54.34 - - [14/Feb/2024:09:21:43 +0000] "GET /public/uploads/settings/d104eb144208b278c21f87e66cfe38f4.png HTTP/1.0" 200 127748 "-" "-"
41.173.241.29 - - [14/Feb/2024:09:21:42 +0000] "GET /contact-page HTTP/1.1" 200 426401 "https://edu.richinei.com/testimonial" "Mozilla/5.0 (Windows NT 10.0; Win64; x64) AppleWebKit/537.36 (KHTML, like Gecko) Chrome/121.0.0.0 Safari/537.36 Edg/121.0.0.0"
41.173.241.29 - - [14/Feb/2024:09:21:44 +0000] "GET /public/uploads/contactPage/contact.jpg HTTP/1.1" 404 11091 "https://edu.richinei.com/contact-page" "Mozilla/5.0 (Windows NT 10.0; Win64; x64) AppleWebKit/537.36 (KHTML, like Gecko) Chrome/121.0.0.0 Safari/537.36 Edg/121.0.0.0"
197.255.218.174 - - [14/Feb/2024:09:21:46 +0000] "POST /broadcasting/auth HTTP/1.1" 200 96 "https://edu.richinei.com/contact-page" "Mozilla/5.0 (Windows NT 10.0; Win64; x64) AppleWebKit/537.36 (KHTML, like Gecko) Chrome/121.0.0.0 Safari/537.36 Edg/121.0.0.0"
197.255.218.174 - - [14/Feb/2024:09:21:45 +0000] "GET /public/chat/audio/notification.mp3 HTTP/1.1" 206 151908 "https://edu.richinei.com/contact-page" "Mozilla/5.0 (Windows NT 10.0; Win64; x64) AppleWebKit/537.36 (KHTML, like Gecko) Chrome/121.0.0.0 Safari/537.36 Edg/121.0.0.0"
203.161.54.34 - - [14/Feb/2024:09:21:50 +0000] "GET /public/uploads/settings/d104eb144208b278c21f87e66cfe38f4.png HTTP/1.0" 200 127748 "-" "-"
197.255.218.174 - - [14/Feb/2024:09:21:50 +0000] "GET /contact-page/edit HTTP/1.1" 200 427499 "https://edu.richinei.com/contact-page" "Mozilla/5.0 (Windows NT 10.0; Win64; x64) AppleWebKit/537.36 (KHTML, like Gecko) Chrome/121.0.0.0 Safari/537.36 Edg/121.0.0.0"
197.255.218.174 - - [14/Feb/2024:09:21:58 +0000] "GET /public/uploads/settings/d104eb144208b278c21f87e66cfe38f4.png HTTP/1.1" 304 - "https://edu.richinei.com/contact-page/edit" "Mozilla/5.0 (Windows NT 10.0; Win64; x64) AppleWebKit/537.36 (KHTML, like Gecko) Chrome/121.0.0.0 Safari/537.36 Edg/121.0.0.0"
41.173.241.29 - - [14/Feb/2024:09:21:58 +0000] "GET /public/uploads/contactPage/contact.jpg HTTP/1.1" 404 11096 "https://edu.richinei.com/contact-page/edit" "Mozilla/5.0 (Windows NT 10.0; Win64; x64) AppleWebKit/537.36 (KHTML, like Gecko) Chrome/121.0.0.0 Safari/537.36 Edg/121.0.0.0"
197.255.218.174 - - [14/Feb/2024:09:22:58 +0000] "POST /contact-page/update HTTP/1.1" 302 394 "https://edu.richinei.com/contact-page/edit" "Mozilla/5.0 (Windows NT 10.0; Win64; x64) AppleWebKit/537.36 (KHTML, like Gecko) Chrome/121.0.0.0 Safari/537.36 Edg/121.0.0.0"
203.161.54.34 - - [14/Feb/2024:09:22:59 +0000] "GET /public/uploads/settings/d104eb144208b278c21f87e66cfe38f4.png HTTP/1.0" 200 127748 "-" "-"
197.255.218.174 - - [14/Feb/2024:09:22:59 +0000] "GET /contact-page HTTP/1.1" 200 426591 "https://edu.richinei.com/contact-page/edit" "Mozilla/5.0 (Windows NT 10.0; Win64; x64) AppleWebKit/537.36 (KHTML, like Gecko) Chrome/121.0.0.0 Safari/537.36 Edg/121.0.0.0"
197.255.218.174 - - [14/Feb/2024:09:23:04 +0000] "GET / HTTP/1.1" 200 3717 "https://edu.richinei.com/contact-page" "Mozilla/5.0 (Windows NT 10.0; Win64; x64) AppleWebKit/537.36 (KHTML, like Gecko) Chrome/121.0.0.0 Safari/537.36 Edg/121.0.0.0"
197.255.218.174 - - [14/Feb/2024:09:23:04 +0000] "GET /about HTTP/1.1" 200 3748 "https://edu.richinei.com/course" "Mozilla/5.0 (Windows NT 10.0; Win64; x64) AppleWebKit/537.36 (KHTML, like Gecko) Chrome/121.0.0.0 Safari/537.36"
197.255.218.174 - - [14/Feb/2024:09:23:05 +0000] "GET /public/uploads/about_page/about.jpg HTTP/1.1" 404 11084 "https://edu.richinei.com/about" "Mozilla/5.0 (Windows NT 10.0; Win64; x64) AppleWebKit/537.36 (KHTML, like Gecko) Chrome/121.0.0.0 Safari/537.36"
197.255.218.174 - - [14/Feb/2024:09:23:05 +0000] "GET /public/uploads/about_page/about-img.jpg HTTP/1.1" 404 11084 "https://edu.richinei.com/about" "Mozilla/5.0 (Windows NT 10.0; Win64; x64) AppleWebKit/537.36 (KHTML, like Gecko) Chrome/121.0.0.0 Safari/537.36"
197.255.218.174 - - [14/Feb/2024:09:23:05 +0000] "GET /public/chat/audio/notification.mp3 HTTP/1.1" 206 151908 "https://edu.richinei.com/contact-page" "Mozilla/5.0 (Windows NT 10.0; Win64; x64) AppleWebKit/537.36 (KHTML, like Gecko) Chrome/121.0.0.0 Safari/537.36 Edg/121.0.0.0"
203.161.54.34 - - [14/Feb/2024:09:23:12 +0000] "GET /public/uploads/settings/d104eb144208b278c21f87e66cfe38f4.png HTTP/1.0" 200 127748 "-" "-"
197.255.218.174 - - [14/Feb/2024:09:23:11 +0000] "GET /contact-message HTTP/1.1" 200 426065 "https://edu.richinei.com/contact-page" "Mozilla/5.0 (Windows NT 10.0; Win64; x64) AppleWebKit/537.36 (KHTML, like Gecko) Chrome/121.0.0.0 Safari/537.36 Edg/121.0.0.0"
197.255.218.174 - - [14/Feb/2024:09:23:18 +0000] "POST /broadcasting/auth HTTP/1.1" 200 96 "https://edu.richinei.com/contact-message" "Mozilla/5.0 (Windows NT 10.0; Win64; x64) AppleWebKit/537.36 (KHTML, like Gecko) Chrome/121.0.0.0 Safari/537.36 Edg/121.0.0.0"
203.161.54.34 - - [14/Feb/2024:09:23:22 +0000] "GET /public/uploads/settings/d104eb144208b278c21f87e66cfe38f4.png HTTP/1.0" 200 127748 "-" "-"
197.255.218.174 - - [14/Feb/2024:09:23:21 +0000] "GET /about-page HTTP/1.1" 200 427667 "https://edu.richinei.com/contact-message" "Mozilla/5.0 (Windows NT 10.0; Win64; x64) AppleWebKit/537.36 (KHTML, like Gecko) Chrome/121.0.0.0 Safari/537.36 Edg/121.0.0.0"
197.255.218.174 - - [14/Feb/2024:09:23:27 +0000] "GET /public/uploads/about_page/about-img.jpg HTTP/1.1" 404 11089 "https://edu.richinei.com/about-page" "Mozilla/5.0 (Windows NT 10.0; Win64; x64) AppleWebKit/537.36 (KHTML, like Gecko) Chrome/121.0.0.0 Safari/537.36 Edg/121.0.0.0"
203.161.54.34 - - [14/Feb/2024:09:23:31 +0000] "GET /public/uploads/settings/d104eb144208b278c21f87e66cfe38f4.png HTTP/1.0" 200 127748 "-" "-"
197.255.218.174 - - [14/Feb/2024:09:23:30 +0000] "GET /about-page/edit HTTP/1.1" 200 427698 "https://edu.richinei.com/about-page" "Mozilla/5.0 (Windows NT 10.0; Win64; x64) AppleWebKit/537.36 (KHTML, like Gecko) Chrome/121.0.0.0 Safari/537.36 Edg/121.0.0.0"
197.255.218.174 - - [14/Feb/2024:09:23:36 +0000] "GET /public/uploads/about_page/about-img.jpg HTTP/1.1" 404 11094 "https://edu.richinei.com/about-page/edit" "Mozilla/5.0 (Windows NT 10.0; Win64; x64) AppleWebKit/537.36 (KHTML, like Gecko) Chrome/121.0.0.0 Safari/537.36 Edg/121.0.0.0"
197.255.218.174 - - [14/Feb/2024:09:24:05 +0000] "POST /about-page/update HTTP/1.1" 302 386 "https://edu.richinei.com/about-page/edit" "Mozilla/5.0 (Windows NT 10.0; Win64; x64) AppleWebKit/537.36 (KHTML, like Gecko) Chrome/121.0.0.0 Safari/537.36 Edg/121.0.0.0"
203.161.54.34 - - [14/Feb/2024:09:24:06 +0000] "GET /public/uploads/settings/d104eb144208b278c21f87e66cfe38f4.png HTTP/1.0" 200 127748 "-" "-"
197.255.218.174 - - [14/Feb/2024:09:24:06 +0000] "GET /about-page HTTP/1.1" 200 427864 "https://edu.richinei.com/about-page/edit" "Mozilla/5.0 (Windows NT 10.0; Win64; x64) AppleWebKit/537.36 (KHTML, like Gecko) Chrome/121.0.0.0 Safari/537.36 Edg/121.0.0.0"
197.255.218.174 - - [14/Feb/2024:09:24:11 +0000] "GET /public/uploads/settings/d104eb144208b278c21f87e66cfe38f4.png HTTP/1.1" 304 - "https://edu.richinei.com/about-page" "Mozilla/5.0 (Windows NT 10.0; Win64; x64) AppleWebKit/537.36 (KHTML, like Gecko) Chrome/121.0.0.0 Safari/537.36 Edg/121.0.0.0"
197.255.218.174 - - [14/Feb/2024:09:24:11 +0000] "GET /public/uploads/about_page/about-img.jpg HTTP/1.1" 404 11089 "https://edu.richinei.com/about-page" "Mozilla/5.0 (Windows NT 10.0; Win64; x64) AppleWebKit/537.36 (KHTML, like Gecko) Chrome/121.0.0.0 Safari/537.36 Edg/121.0.0.0"
197.255.218.174 - - [14/Feb/2024:09:24:12 +0000] "GET /public/chat/audio/notification.mp3 HTTP/1.1" 206 151908 "https://edu.richinei.com/about-page" "Mozilla/5.0 (Windows NT 10.0; Win64; x64) AppleWebKit/537.36 (KHTML, like Gecko) Chrome/121.0.0.0 Safari/537.36 Edg/121.0.0.0"
197.255.218.174 - - [14/Feb/2024:09:24:14 +0000] "GET /about HTTP/1.1" 200 3752 "https://edu.richinei.com/course" "Mozilla/5.0 (Windows NT 10.0; Win64; x64) AppleWebKit/537.36 (KHTML, like Gecko) Chrome/121.0.0.0 Safari/537.36"
197.255.218.174 - - [14/Feb/2024:09:24:15 +0000] "GET /public/uploads/settings/d104eb144208b278c21f87e66cfe38f4.png HTTP/1.1" 304 - "https://edu.richinei.com/about" "Mozilla/5.0 (Windows NT 10.0; Win64; x64) AppleWebKit/537.36 (KHTML, like Gecko) Chrome/121.0.0.0 Safari/537.36"
197.255.218.174 - - [14/Feb/2024:09:24:15 +0000] "GET /public/uploads/about_page/about-img.jpg HTTP/1.1" 404 11084 "https://edu.richinei.com/about" "Mozilla/5.0 (Windows NT 10.0; Win64; x64) AppleWebKit/537.36 (KHTML, like Gecko) Chrome/121.0.0.0 Safari/537.36"
197.255.218.174 - - [14/Feb/2024:09:24:15 +0000] "GET /public/uploads/about_page/about.jpg HTTP/1.1" 404 11084 "https://edu.richinei.com/about" "Mozilla/5.0 (Windows NT 10.0; Win64; x64) AppleWebKit/537.36 (KHTML, like Gecko) Chrome/121.0.0.0 Safari/537.36"
197.255.218.174 - - [14/Feb/2024:09:24:16 +0000] "GET /public/uploads/settings/9da728d8a4419f47c78574fece9915b4.png HTTP/1.1" 304 - "https://edu.richinei.com/about" "Mozilla/5.0 (Windows NT 10.0; Win64; x64) AppleWebKit/537.36 (KHTML, like Gecko) Chrome/121.0.0.0 Safari/537.36"
203.161.54.34 - - [14/Feb/2024:09:24:27 +0000] "GET /public/uploads/settings/d104eb144208b278c21f87e66cfe38f4.png HTTP/1.0" 200 127748 "-" "-"
41.173.241.29 - - [14/Feb/2024:09:24:26 +0000] "GET /about-page/edit HTTP/1.1" 200 427697 "https://edu.richinei.com/about-page" "Mozilla/5.0 (Windows NT 10.0; Win64; x64) AppleWebKit/537.36 (KHTML, like Gecko) Chrome/121.0.0.0 Safari/537.36 Edg/121.0.0.0"
41.173.241.29 - - [14/Feb/2024:09:24:29 +0000] "GET /public/uploads/about_page/about-img.jpg HTTP/1.1" 404 11094 "https://edu.richinei.com/about-page/edit" "Mozilla/5.0 (Windows NT 10.0; Win64; x64) AppleWebKit/537.36 (KHTML, like Gecko) Chrome/121.0.0.0 Safari/537.36 Edg/121.0.0.0"
197.255.218.174 - - [14/Feb/2024:09:24:30 +0000] "POST /broadcasting/auth HTTP/1.1" 200 96 "https://edu.richinei.com/about-page/edit" "Mozilla/5.0 (Windows NT 10.0; Win64; x64) AppleWebKit/537.36 (KHTML, like Gecko) Chrome/121.0.0.0 Safari/537.36 Edg/121.0.0.0"
41.173.241.29 - - [14/Feb/2024:09:24:52 +0000] "POST /about-page/update HTTP/1.1" 302 386 "https://edu.richinei.com/about-page/edit" "Mozilla/5.0 (Windows NT 10.0; Win64; x64) AppleWebKit/537.36 (KHTML, like Gecko) Chrome/121.0.0.0 Safari/537.36 Edg/121.0.0.0"
203.161.54.34 - - [14/Feb/2024:09:24:54 +0000] "GET /public/uploads/settings/d104eb144208b278c21f87e66cfe38f4.png HTTP/1.0" 200 127748 "-" "-"
41.173.241.29 - - [14/Feb/2024:09:24:53 +0000] "GET /about-page HTTP/1.1" 200 427861 "https://edu.richinei.com/about-page/edit" "Mozilla/5.0 (Windows NT 10.0; Win64; x64) AppleWebKit/537.36 (KHTML, like Gecko) Chrome/121.0.0.0 Safari/537.36 Edg/121.0.0.0"
41.173.241.29 - - [14/Feb/2024:09:24:55 +0000] "GET /public/uploads/about_page/about-img.jpg HTTP/1.1" 404 11089 "https://edu.richinei.com/about-page" "Mozilla/5.0 (Windows NT 10.0; Win64; x64) AppleWebKit/537.36 (KHTML, like Gecko) Chrome/121.0.0.0 Safari/537.36 Edg/121.0.0.0"
41.173.241.29 - - [14/Feb/2024:09:24:56 +0000] "GET /public/chat/audio/notification.mp3 HTTP/1.1" 206 151908 "https://edu.richinei.com/about-page" "Mozilla/5.0 (Windows NT 10.0; Win64; x64) AppleWebKit/537.36 (KHTML, like Gecko) Chrome/121.0.0.0 Safari/537.36 Edg/121.0.0.0"
203.161.54.34 - - [14/Feb/2024:09:25:10 +0000] "GET /public/uploads/settings/d104eb144208b278c21f87e66cfe38f4.png HTTP/1.0" 200 127748 "-" "-"
41.173.241.29 - - [14/Feb/2024:09:25:09 +0000] "GET /social-media HTTP/1.1" 200 427167 "https://edu.richinei.com/about-page" "Mozilla/5.0 (Windows NT 10.0; Win64; x64) AppleWebKit/537.36 (KHTML, like Gecko) Chrome/121.0.0.0 Safari/537.36 Edg/121.0.0.0"
203.161.54.34 - - [14/Feb/2024:09:25:16 +0000] "GET /public/uploads/settings/d104eb144208b278c21f87e66cfe38f4.png HTTP/1.0" 200 127748 "-" "-"
197.255.218.174 - - [14/Feb/2024:09:25:16 +0000] "GET /social-media-edit/1 HTTP/1.1" 200 427254 "https://edu.richinei.com/social-media" "Mozilla/5.0 (Windows NT 10.0; Win64; x64) AppleWebKit/537.36 (KHTML, like Gecko) Chrome/121.0.0.0 Safari/537.36 Edg/121.0.0.0"
197.255.218.174 - - [14/Feb/2024:09:25:31 +0000] "GET /public/chat/audio/notification.mp3 HTTP/1.1" 206 151908 "https://edu.richinei.com/social-media-edit/1" "Mozilla/5.0 (Windows NT 10.0; Win64; x64) AppleWebKit/537.36 (KHTML, like Gecko) Chrome/121.0.0.0 Safari/537.36 Edg/121.0.0.0"
197.255.218.174 - - [14/Feb/2024:09:25:44 +0000] "POST /social-media-update HTTP/1.1" 302 394 "https://edu.richinei.com/social-media-edit/1" "Mozilla/5.0 (Windows NT 10.0; Win64; x64) AppleWebKit/537.36 (KHTML, like Gecko) Chrome/121.0.0.0 Safari/537.36 Edg/121.0.0.0"
203.161.54.34 - - [14/Feb/2024:09:25:45 +0000] "GET /public/uploads/settings/d104eb144208b278c21f87e66cfe38f4.png HTTP/1.0" 200 127748 "-" "-"
197.255.218.174 - - [14/Feb/2024:09:25:44 +0000] "GET /social-media HTTP/1.1" 200 427369 "https://edu.richinei.com/social-media-edit/1" "Mozilla/5.0 (Windows NT 10.0; Win64; x64) AppleWebKit/537.36 (KHTML, like Gecko) Chrome/121.0.0.0 Safari/537.36 Edg/121.0.0.0"
203.161.54.34 - - [14/Feb/2024:09:26:08 +0000] "GET /public/uploads/settings/d104eb144208b278c21f87e66cfe38f4.png HTTP/1.0" 200 127748 "-" "-"
41.173.241.29 - - [14/Feb/2024:09:26:08 +0000] "GET /social-media-edit/2 HTTP/1.1" 200 427265 "https://edu.richinei.com/social-media" "Mozilla/5.0 (Windows NT 10.0; Win64; x64) AppleWebKit/537.36 (KHTML, like Gecko) Chrome/121.0.0.0 Safari/537.36 Edg/121.0.0.0"
41.173.241.29 - - [14/Feb/2024:09:26:10 +0000] "GET /public/chat/audio/notification.mp3 HTTP/1.1" 206 151908 "https://edu.richinei.com/social-media-edit/2" "Mozilla/5.0 (Windows NT 10.0; Win64; x64) AppleWebKit/537.36 (KHTML, like Gecko) Chrome/121.0.0.0 Safari/537.36 Edg/121.0.0.0"
197.255.218.174 - - [14/Feb/2024:09:26:24 +0000] "POST /social-media-update HTTP/1.1" 302 394 "https://edu.richinei.com/social-media-edit/2" "Mozilla/5.0 (Windows NT 10.0; Win64; x64) AppleWebKit/537.36 (KHTML, like Gecko) Chrome/121.0.0.0 Safari/537.36 Edg/121.0.0.0"
203.161.54.34 - - [14/Feb/2024:09:26:25 +0000] "GET /public/uploads/settings/d104eb144208b278c21f87e66cfe38f4.png HTTP/1.0" 200 127748 "-" "-"
41.173.241.29 - - [14/Feb/2024:09:26:25 +0000] "GET /social-media HTTP/1.1" 200 427368 "https://edu.richinei.com/social-media-edit/2" "Mozilla/5.0 (Windows NT 10.0; Win64; x64) AppleWebKit/537.36 (KHTML, like Gecko) Chrome/121.0.0.0 Safari/537.36 Edg/121.0.0.0"
41.173.241.29 - - [14/Feb/2024:09:26:27 +0000] "GET /public/uploads/settings/d104eb144208b278c21f87e66cfe38f4.png HTTP/1.1" 304 - "https://edu.richinei.com/social-media" "Mozilla/5.0 (Windows NT 10.0; Win64; x64) AppleWebKit/537.36 (KHTML, like Gecko) Chrome/121.0.0.0 Safari/537.36 Edg/121.0.0.0"
41.173.241.29 - - [14/Feb/2024:09:26:28 +0000] "POST /broadcasting/auth HTTP/1.1" 200 96 "https://edu.richinei.com/social-media" "Mozilla/5.0 (Windows NT 10.0; Win64; x64) AppleWebKit/537.36 (KHTML, like Gecko) Chrome/121.0.0.0 Safari/537.36 Edg/121.0.0.0"
203.161.54.34 - - [14/Feb/2024:09:26:31 +0000] "GET /public/uploads/settings/d104eb144208b278c21f87e66cfe38f4.png HTTP/1.0" 200 127748 "-" "-"
41.173.241.29 - - [14/Feb/2024:09:26:30 +0000] "GET /social-media-edit/3 HTTP/1.1" 200 427268 "https://edu.richinei.com/social-media" "Mozilla/5.0 (Windows NT 10.0; Win64; x64) AppleWebKit/537.36 (KHTML, like Gecko) Chrome/121.0.0.0 Safari/537.36 Edg/121.0.0.0"
41.173.241.29 - - [14/Feb/2024:09:26:39 +0000] "POST /social-media-update HTTP/1.1" 302 394 "https://edu.richinei.com/social-media-edit/3" "Mozilla/5.0 (Windows NT 10.0; Win64; x64) AppleWebKit/537.36 (KHTML, like Gecko) Chrome/121.0.0.0 Safari/537.36 Edg/121.0.0.0"
203.161.54.34 - - [14/Feb/2024:09:26:40 +0000] "GET /public/uploads/settings/d104eb144208b278c21f87e66cfe38f4.png HTTP/1.0" 200 127748 "-" "-"
41.173.241.29 - - [14/Feb/2024:09:26:39 +0000] "GET /social-media HTTP/1.1" 200 427368 "https://edu.richinei.com/social-media-edit/3" "Mozilla/5.0 (Windows NT 10.0; Win64; x64) AppleWebKit/537.36 (KHTML, like Gecko) Chrome/121.0.0.0 Safari/537.36 Edg/121.0.0.0"
41.173.241.29 - - [14/Feb/2024:09:26:42 +0000] "GET /public/chat/audio/notification.mp3 HTTP/1.1" 206 151908 "https://edu.richinei.com/social-media" "Mozilla/5.0 (Windows NT 10.0; Win64; x64) AppleWebKit/537.36 (KHTML, like Gecko) Chrome/121.0.0.0 Safari/537.36 Edg/121.0.0.0"
203.161.54.34 - - [14/Feb/2024:09:26:46 +0000] "GET /public/uploads/settings/d104eb144208b278c21f87e66cfe38f4.png HTTP/1.0" 200 127748 "-" "-"
197.255.218.174 - - [14/Feb/2024:09:26:45 +0000] "GET /social-media-edit/4 HTTP/1.1" 200 427268 "https://edu.richinei.com/social-media" "Mozilla/5.0 (Windows NT 10.0; Win64; x64) AppleWebKit/537.36 (KHTML, like Gecko) Chrome/121.0.0.0 Safari/537.36 Edg/121.0.0.0"
197.255.218.174 - - [14/Feb/2024:09:27:03 +0000] "POST /social-media-update HTTP/1.1" 302 394 "https://edu.richinei.com/social-media-edit/4" "Mozilla/5.0 (Windows NT 10.0; Win64; x64) AppleWebKit/537.36 (KHTML, like Gecko) Chrome/121.0.0.0 Safari/537.36 Edg/121.0.0.0"
203.161.54.34 - - [14/Feb/2024:09:27:04 +0000] "GET /public/uploads/settings/d104eb144208b278c21f87e66cfe38f4.png HTTP/1.0" 200 127748 "-" "-"
197.255.218.174 - - [14/Feb/2024:09:27:03 +0000] "GET /social-media HTTP/1.1" 200 427357 "https://edu.richinei.com/social-media-edit/4" "Mozilla/5.0 (Windows NT 10.0; Win64; x64) AppleWebKit/537.36 (KHTML, like Gecko) Chrome/121.0.0.0 Safari/537.36 Edg/121.0.0.0"
41.173.241.29 - - [14/Feb/2024:09:27:11 +0000] "GET /contact HTTP/1.1" 200 4178 "https://edu.richinei.com/about" "Mozilla/5.0 (Windows NT 10.0; Win64; x64) AppleWebKit/537.36 (KHTML, like Gecko) Chrome/121.0.0.0 Safari/537.36"
41.173.241.29 - - [14/Feb/2024:09:27:11 +0000] "GET /public/uploads/settings/d104eb144208b278c21f87e66cfe38f4.png HTTP/1.1" 304 - "https://edu.richinei.com/contact" "Mozilla/5.0 (Windows NT 10.0; Win64; x64) AppleWebKit/537.36 (KHTML, like Gecko) Chrome/121.0.0.0 Safari/537.36"
41.173.241.29 - - [14/Feb/2024:09:27:11 +0000] "GET /public/backEnd/vendors/js/gmap3.min.js HTTP/1.1" 200 3806 "https://edu.richinei.com/contact" "Mozilla/5.0 (Windows NT 10.0; Win64; x64) AppleWebKit/537.36 (KHTML, like Gecko) Chrome/121.0.0.0 Safari/537.36"
41.173.241.29 - - [14/Feb/2024:09:27:12 +0000] "GET /public/backEnd/fonts/themify.woff?-fvbane HTTP/1.1" 200 56108 "https://edu.richinei.com/public/backEnd/vendors/css/themify-icons.css" "Mozilla/5.0 (Windows NT 10.0; Win64; x64) AppleWebKit/537.36 (KHTML, like Gecko) Chrome/121.0.0.0 Safari/537.36"
