18.237.241.169 - - [15/May/2024:02:59:26 +0000] "GET /public/backEnd/vendors/js/raphael-min.js HTTP/1.1" 200 31338 "http://edu.richinei.com/" "Mozilla/5.0 (Windows NT 10.0; Win64; x64) AppleWebKit/537.36 (KHTML, like Gecko) Chrome/70.0.3538.102 Safari/537.36 Edge/18.19582"
18.237.241.169 - - [15/May/2024:02:59:26 +0000] "GET /public/backEnd/vendors/js/owl.carousel.min.js HTTP/1.1" 200 10926 "http://edu.richinei.com/" "Mozilla/5.0 (Windows NT 10.0; Win64; x64) AppleWebKit/537.36 (KHTML, like Gecko) Chrome/70.0.3538.102 Safari/537.36 Edge/18.19582"
18.237.241.169 - - [15/May/2024:02:59:26 +0000] "GET /public/backEnd/vendors/js/moment.min.js HTTP/1.1" 200 16804 "http://edu.richinei.com/" "Mozilla/5.0 (Windows NT 10.0; Win64; x64) AppleWebKit/537.36 (KHTML, like Gecko) Chrome/70.0.3538.102 Safari/537.36 Edge/18.19582"
18.237.241.169 - - [15/May/2024:02:59:26 +0000] "GET /public/backEnd/vendors/js/print/bootstrap-datetimepicker.min.js HTTP/1.1" 200 9494 "http://edu.richinei.com/" "Mozilla/5.0 (Windows NT 10.0; Win64; x64) AppleWebKit/537.36 (KHTML, like Gecko) Chrome/70.0.3538.102 Safari/537.36 Edge/18.19582"
18.237.241.169 - - [15/May/2024:02:59:26 +0000] "GET /public/backEnd/vendors/js/bootstrap-datepicker.min.js HTTP/1.1" 200 12062 "http://edu.richinei.com/" "Mozilla/5.0 (Windows NT 10.0; Win64; x64) AppleWebKit/537.36 (KHTML, like Gecko) Chrome/70.0.3538.102 Safari/537.36 Edge/18.19582"
18.237.241.169 - - [15/May/2024:02:59:26 +0000] "GET /public/backEnd/js/main.js HTTP/1.1" 200 6013 "http://edu.richinei.com/" "Mozilla/5.0 (Windows NT 10.0; Win64; x64) AppleWebKit/537.36 (KHTML, like Gecko) Chrome/70.0.3538.102 Safari/537.36 Edge/18.19582"
18.237.241.169 - - [15/May/2024:02:59:26 +0000] "GET /public/uploads/events/event3.jpg HTTP/1.1" 200 72031 "http://edu.richinei.com/" "Mozilla/5.0 (Windows NT 10.0; Win64; x64) AppleWebKit/537.36 (KHTML, like Gecko) Chrome/70.0.3538.102 Safari/537.36 Edge/18.19582"
18.237.241.169 - - [15/May/2024:02:59:26 +0000] "GET /public/backEnd/js/custom.js HTTP/1.1" 200 23034 "http://edu.richinei.com/" "Mozilla/5.0 (Windows NT 10.0; Win64; x64) AppleWebKit/537.36 (KHTML, like Gecko) Chrome/70.0.3538.102 Safari/537.36 Edge/18.19582"
18.237.241.169 - - [15/May/2024:02:59:26 +0000] "GET /public/backEnd/js/developer.js HTTP/1.1" 200 13239 "http://edu.richinei.com/" "Mozilla/5.0 (Windows NT 10.0; Win64; x64) AppleWebKit/537.36 (KHTML, like Gecko) Chrome/70.0.3538.102 Safari/537.36 Edge/18.19582"
18.237.241.169 - - [15/May/2024:02:59:26 +0000] "GET /public/uploads/events/event1.jpg HTTP/1.1" 200 75471 "http://edu.richinei.com/" "Mozilla/5.0 (Windows NT 10.0; Win64; x64) AppleWebKit/537.36 (KHTML, like Gecko) Chrome/70.0.3538.102 Safari/537.36 Edge/18.19582"
18.237.241.169 - - [15/May/2024:02:59:26 +0000] "GET /public/uploads/settings/d104eb144208b278c21f87e66cfe38f4.png HTTP/1.1" 200 127748 "http://edu.richinei.com/" "Mozilla/5.0 (Windows NT 10.0; Win64; x64) AppleWebKit/537.36 (KHTML, like Gecko) Chrome/70.0.3538.102 Safari/537.36 Edge/18.19582"
18.237.241.169 - - [15/May/2024:02:59:27 +0000] "GET /public/uploads/events/event2.jpg HTTP/1.1" 200 81411 "http://edu.richinei.com/" "Mozilla/5.0 (Windows NT 10.0; Win64; x64) AppleWebKit/537.36 (KHTML, like Gecko) Chrome/70.0.3538.102 Safari/537.36 Edge/18.19582"
18.237.241.169 - - [15/May/2024:02:59:27 +0000] "GET /public/uploads/events/event4.jpg HTTP/1.1" 200 59386 "http://edu.richinei.com/" "Mozilla/5.0 (Windows NT 10.0; Win64; x64) AppleWebKit/537.36 (KHTML, like Gecko) Chrome/70.0.3538.102 Safari/537.36 Edge/18.19582"
18.237.241.169 - - [15/May/2024:02:59:27 +0000] "GET /public/backEnd/img/client/testimonial-bg.jpg HTTP/1.1" 200 473246 "http://edu.richinei.com/public/backEnd/css/style.css" "Mozilla/5.0 (Windows NT 10.0; Win64; x64) AppleWebKit/537.36 (KHTML, like Gecko) Chrome/70.0.3538.102 Safari/537.36 Edge/18.19582"
18.237.241.169 - - [15/May/2024:02:59:27 +0000] "GET /public/backEnd/img/client/home-banner1.jpg HTTP/1.1" 200 534493 "http://edu.richinei.com/" "Mozilla/5.0 (Windows NT 10.0; Win64; x64) AppleWebKit/537.36 (KHTML, like Gecko) Chrome/70.0.3538.102 Safari/537.36 Edge/18.19582"
18.237.241.169 - - [15/May/2024:02:59:27 +0000] "GET /public/backEnd/fonts/fontawesome-webfont.woff2?v=4.5.0 HTTP/1.1" 200 71896 "http://edu.richinei.com/public/backEnd/vendors/css/font-awesome.min.css" "Mozilla/5.0 (Windows NT 10.0; Win64; x64) AppleWebKit/537.36 (KHTML, like Gecko) Chrome/70.0.3538.102 Safari/537.36 Edge/18.19582"
18.237.241.169 - - [15/May/2024:02:59:27 +0000] "GET /public/backEnd/img/prev.png HTTP/1.1" 200 250 "http://edu.richinei.com/" "Mozilla/5.0 (Windows NT 10.0; Win64; x64) AppleWebKit/537.36 (KHTML, like Gecko) Chrome/70.0.3538.102 Safari/537.36 Edge/18.19582"
18.237.241.169 - - [15/May/2024:02:59:27 +0000] "GET /public/backEnd/img/next.png HTTP/1.1" 200 228 "http://edu.richinei.com/" "Mozilla/5.0 (Windows NT 10.0; Win64; x64) AppleWebKit/537.36 (KHTML, like Gecko) Chrome/70.0.3538.102 Safari/537.36 Edge/18.19582"
18.237.241.169 - - [15/May/2024:02:59:33 +0000] "GET /public/backEnd/fonts/themify.woff?-fvbane HTTP/1.1" 200 56108 "http://edu.richinei.com/public/backEnd/vendors/css/themify-icons.css" "Mozilla/5.0 (Windows NT 10.0; Win64; x64) AppleWebKit/537.36 (KHTML, like Gecko) Chrome/70.0.3538.102 Safari/537.36 Edge/18.19582"
102.215.57.40 - - [16/May/2024:19:45:08 +0000] "GET / HTTP/1.1" 200 3946 "-" "Mozilla/5.0 (iPhone; CPU iPhone OS 17_4 like Mac OS X) AppleWebKit/605.1.15 (KHTML, like Gecko) CriOS/121.0.6167.138 Mobile/15E148 Safari/604.1"
102.215.57.40 - - [16/May/2024:19:45:09 +0000] "GET /public/backEnd/vendors/css/bootstrap.css HTTP/1.1" 200 23339 "https://edu.richinei.com/" "Mozilla/5.0 (iPhone; CPU iPhone OS 17_4 like Mac OS X) AppleWebKit/605.1.15 (KHTML, like Gecko) CriOS/121.0.6167.138 Mobile/15E148 Safari/604.1"
102.215.57.40 - - [16/May/2024:19:45:12 +0000] "GET / HTTP/1.1" 200 3946 "-" "Mozilla/5.0 (iPhone; CPU iPhone OS 17_4 like Mac OS X) AppleWebKit/605.1.15 (KHTML, like Gecko) CriOS/121.0.6167.138 Mobile/15E148 Safari/604.1"
102.215.57.40 - - [16/May/2024:19:45:13 +0000] "GET /public/backEnd/vendors/css/themify-icons.css HTTP/1.1" 200 2984 "https://edu.richinei.com/" "Mozilla/5.0 (iPhone; CPU iPhone OS 17_4 like Mac OS X) AppleWebKit/605.1.15 (KHTML, like Gecko) CriOS/121.0.6167.138 Mobile/15E148 Safari/604.1"
102.215.57.40 - - [16/May/2024:19:45:13 +0000] "GET /public/backEnd/vendors/css/fullcalendar.print.css HTTP/1.1" 200 1802 "https://edu.richinei.com/" "Mozilla/5.0 (iPhone; CPU iPhone OS 17_4 like Mac OS X) AppleWebKit/605.1.15 (KHTML, like Gecko) CriOS/121.0.6167.138 Mobile/15E148 Safari/604.1"
102.215.57.40 - - [16/May/2024:19:45:13 +0000] "GET /public/backEnd/vendors/js/jquery-3.2.1.min.js HTTP/1.1" 200 30138 "https://edu.richinei.com/" "Mozilla/5.0 (iPhone; CPU iPhone OS 17_4 like Mac OS X) AppleWebKit/605.1.15 (KHTML, like Gecko) CriOS/121.0.6167.138 Mobile/15E148 Safari/604.1"
102.215.57.40 - - [16/May/2024:19:45:13 +0000] "GET /public/backEnd/vendors/css/jquery-ui.css HTTP/1.1" 200 8395 "https://edu.richinei.com/" "Mozilla/5.0 (iPhone; CPU iPhone OS 17_4 like Mac OS X) AppleWebKit/605.1.15 (KHTML, like Gecko) CriOS/121.0.6167.138 Mobile/15E148 Safari/604.1"
102.215.57.40 - - [16/May/2024:19:45:13 +0000] "GET /public/backEnd/vendors/css/owl.carousel.min.css HTTP/1.1" 200 912 "https://edu.richinei.com/" "Mozilla/5.0 (iPhone; CPU iPhone OS 17_4 like Mac OS X) AppleWebKit/605.1.15 (KHTML, like Gecko) CriOS/121.0.6167.138 Mobile/15E148 Safari/604.1"
102.215.57.40 - - [16/May/2024:19:45:13 +0000] "GET /public/backEnd/vendors/css/bootstrap-datetimepicker.min.css HTTP/1.1" 200 1383 "https://edu.richinei.com/" "Mozilla/5.0 (iPhone; CPU iPhone OS 17_4 like Mac OS X) AppleWebKit/605.1.15 (KHTML, like Gecko) CriOS/121.0.6167.138 Mobile/15E148 Safari/604.1"
102.215.57.40 - - [16/May/2024:19:45:13 +0000] "GET /public/backEnd/vendors/css/font-awesome.min.css HTTP/1.1" 200 6247 "https://edu.richinei.com/" "Mozilla/5.0 (iPhone; CPU iPhone OS 17_4 like Mac OS X) AppleWebKit/605.1.15 (KHTML, like Gecko) CriOS/121.0.6167.138 Mobile/15E148 Safari/604.1"
102.215.57.40 - - [16/May/2024:19:45:13 +0000] "GET /public/backEnd/vendors/css/bootstrap.css HTTP/1.1" 200 23339 "https://edu.richinei.com/" "Mozilla/5.0 (iPhone; CPU iPhone OS 17_4 like Mac OS X) AppleWebKit/605.1.15 (KHTML, like Gecko) CriOS/121.0.6167.138 Mobile/15E148 Safari/604.1"
102.215.57.40 - - [16/May/2024:19:45:14 +0000] "GET /public/backEnd/vendors/js/owl.carousel.min.js HTTP/1.1" 200 10926 "https://edu.richinei.com/" "Mozilla/5.0 (iPhone; CPU iPhone OS 17_4 like Mac OS X) AppleWebKit/605.1.15 (KHTML, like Gecko) CriOS/121.0.6167.138 Mobile/15E148 Safari/604.1"
102.215.57.40 - - [16/May/2024:19:45:14 +0000] "GET /public/uploads/events/event4.jpg HTTP/1.1" 200 59386 "https://edu.richinei.com/" "Mozilla/5.0 (iPhone; CPU iPhone OS 17_4 like Mac OS X) AppleWebKit/605.1.15 (KHTML, like Gecko) CriOS/121.0.6167.138 Mobile/15E148 Safari/604.1"
102.215.57.40 - - [16/May/2024:19:45:14 +0000] "GET /public/uploads/settings/d104eb144208b278c21f87e66cfe38f4.png HTTP/1.1" 200 127748 "https://edu.richinei.com/" "Mozilla/5.0 (iPhone; CPU iPhone OS 17_4 like Mac OS X) AppleWebKit/605.1.15 (KHTML, like Gecko) CriOS/121.0.6167.138 Mobile/15E148 Safari/604.1"
102.215.57.40 - - [16/May/2024:19:45:15 +0000] "GET /public/backEnd/img/client/next.png HTTP/1.1" 200 885 "https://edu.richinei.com/" "Mozilla/5.0 (iPhone; CPU iPhone OS 17_4 like Mac OS X) AppleWebKit/605.1.15 (KHTML, like Gecko) CriOS/121.0.6167.138 Mobile/15E148 Safari/604.1"
102.215.57.40 - - [16/May/2024:19:45:14 +0000] "GET /public/backEnd/img/client/home-banner1.jpg HTTP/1.1" 200 534493 "https://edu.richinei.com/" "Mozilla/5.0 (iPhone; CPU iPhone OS 17_4 like Mac OS X) AppleWebKit/605.1.15 (KHTML, like Gecko) CriOS/121.0.6167.138 Mobile/15E148 Safari/604.1"
102.215.57.40 - - [16/May/2024:19:45:15 +0000] "GET /public/uploads/settings/9da728d8a4419f47c78574fece9915b4.png HTTP/1.1" 304 - "-" "Mozilla/5.0 (iPhone; CPU iPhone OS 17_4 like Mac OS X) AppleWebKit/605.1.15 (KHTML, like Gecko) CriOS/121.0.6167.138 Mobile/15E148 Safari/604.1"
102.215.57.40 - - [16/May/2024:19:53:14 +0000] "GET /login HTTP/1.1" 200 2182 "https://edu.richinei.com/" "Mozilla/5.0 (iPhone; CPU iPhone OS 17_4 like Mac OS X) AppleWebKit/605.1.15 (KHTML, like Gecko) CriOS/121.0.6167.138 Mobile/15E148 Safari/604.1"
102.215.57.40 - - [16/May/2024:19:53:15 +0000] "GET /public/backEnd/vendors/js/select2/select2.css HTTP/1.1" 200 2967 "https://edu.richinei.com/login" "Mozilla/5.0 (iPhone; CPU iPhone OS 17_4 like Mac OS X) AppleWebKit/605.1.15 (KHTML, like Gecko) CriOS/121.0.6167.138 Mobile/15E148 Safari/604.1"
102.215.57.40 - - [16/May/2024:19:53:15 +0000] "GET /public/backEnd/img/login-bg.png HTTP/1.1" 200 129835 "https://edu.richinei.com/login" "Mozilla/5.0 (iPhone; CPU iPhone OS 17_4 like Mac OS X) AppleWebKit/605.1.15 (KHTML, like Gecko) CriOS/121.0.6167.138 Mobile/15E148 Safari/604.1"
102.215.57.40 - - [16/May/2024:19:53:25 +0000] "POST /login HTTP/1.1" 302 390 "https://edu.richinei.com/login" "Mozilla/5.0 (iPhone; CPU iPhone OS 17_4 like Mac OS X) AppleWebKit/605.1.15 (KHTML, like Gecko) CriOS/121.0.6167.138 Mobile/15E148 Safari/604.1"
102.215.57.40 - - [16/May/2024:19:53:27 +0000] "GET /after-login HTTP/1.1" 302 406 "https://edu.richinei.com/login" "Mozilla/5.0 (iPhone; CPU iPhone OS 17_4 like Mac OS X) AppleWebKit/605.1.15 (KHTML, like Gecko) CriOS/121.0.6167.138 Mobile/15E148 Safari/604.1"
203.161.54.34 - - [16/May/2024:19:53:28 +0000] "GET /public/uploads/settings/d104eb144208b278c21f87e66cfe38f4.png HTTP/1.0" 200 127748 "-" "-"
102.215.57.40 - - [16/May/2024:19:53:27 +0000] "GET /admin-dashboard HTTP/1.1" 200 428449 "https://edu.richinei.com/login" "Mozilla/5.0 (iPhone; CPU iPhone OS 17_4 like Mac OS X) AppleWebKit/605.1.15 (KHTML, like Gecko) CriOS/121.0.6167.138 Mobile/15E148 Safari/604.1"
102.215.57.40 - - [16/May/2024:19:53:29 +0000] "GET /public/backEnd/vendors/css/rowReorder.dataTables.min.css HTTP/1.1" 200 212 "https://edu.richinei.com/admin-dashboard" "Mozilla/5.0 (iPhone; CPU iPhone OS 17_4 like Mac OS X) AppleWebKit/605.1.15 (KHTML, like Gecko) CriOS/121.0.6167.138 Mobile/15E148 Safari/604.1"
102.215.57.40 - - [16/May/2024:19:53:29 +0000] "GET /public/backEnd/css/infix.css HTTP/1.1" 200 5237 "https://edu.richinei.com/admin-dashboard" "Mozilla/5.0 (iPhone; CPU iPhone OS 17_4 like Mac OS X) AppleWebKit/605.1.15 (KHTML, like Gecko) CriOS/121.0.6167.138 Mobile/15E148 Safari/604.1"
102.215.57.40 - - [16/May/2024:19:53:29 +0000] "GET /public/backEnd/multiselect/css/jquery.multiselect.css HTTP/1.1" 200 871 "https://edu.richinei.com/admin-dashboard" "Mozilla/5.0 (iPhone; CPU iPhone OS 17_4 like Mac OS X) AppleWebKit/605.1.15 (KHTML, like Gecko) CriOS/121.0.6167.138 Mobile/15E148 Safari/604.1"
102.215.57.40 - - [16/May/2024:19:53:29 +0000] "GET /public/backEnd/css/loade.css HTTP/1.1" 200 371 "https://edu.richinei.com/admin-dashboard" "Mozilla/5.0 (iPhone; CPU iPhone OS 17_4 like Mac OS X) AppleWebKit/605.1.15 (KHTML, like Gecko) CriOS/121.0.6167.138 Mobile/15E148 Safari/604.1"
102.215.57.40 - - [16/May/2024:19:53:30 +0000] "GET /public/backEnd/css/rtl/bootstrap.min.js HTTP/1.1" 200 14647 "https://edu.richinei.com/admin-dashboard" "Mozilla/5.0 (iPhone; CPU iPhone OS 17_4 like Mac OS X) AppleWebKit/605.1.15 (KHTML, like Gecko) CriOS/121.0.6167.138 Mobile/15E148 Safari/604.1"
102.215.57.40 - - [16/May/2024:19:53:30 +0000] "GET /public/backEnd/vendors/js/jszip.min.js HTTP/1.1" 200 30042 "https://edu.richinei.com/admin-dashboard" "Mozilla/5.0 (iPhone; CPU iPhone OS 17_4 like Mac OS X) AppleWebKit/605.1.15 (KHTML, like Gecko) CriOS/121.0.6167.138 Mobile/15E148 Safari/604.1"
102.215.57.40 - - [16/May/2024:19:53:30 +0000] "GET /public/backEnd/vendors/js/daterangepicker.min.js HTTP/1.1" 200 7318 "https://edu.richinei.com/admin-dashboard" "Mozilla/5.0 (iPhone; CPU iPhone OS 17_4 like Mac OS X) AppleWebKit/605.1.15 (KHTML, like Gecko) CriOS/121.0.6167.138 Mobile/15E148 Safari/604.1"
102.215.57.40 - - [16/May/2024:19:53:30 +0000] "GET /public/backEnd/vendors/js/dataTables.rowReorder.min.js HTTP/1.1" 200 2709 "https://edu.richinei.com/admin-dashboard" "Mozilla/5.0 (iPhone; CPU iPhone OS 17_4 like Mac OS X) AppleWebKit/605.1.15 (KHTML, like Gecko) CriOS/121.0.6167.138 Mobile/15E148 Safari/604.1"
102.215.57.40 - - [16/May/2024:19:53:30 +0000] "GET /Modules/Wallet/Resources/assets/js/wallet.js HTTP/1.1" 200 1143 "https://edu.richinei.com/admin-dashboard" "Mozilla/5.0 (iPhone; CPU iPhone OS 17_4 like Mac OS X) AppleWebKit/605.1.15 (KHTML, like Gecko) CriOS/121.0.6167.138 Mobile/15E148 Safari/604.1"
102.215.57.40 - - [16/May/2024:19:53:30 +0000] "GET /public/js/app.js HTTP/1.1" 200 291600 "https://edu.richinei.com/admin-dashboard" "Mozilla/5.0 (iPhone; CPU iPhone OS 17_4 like Mac OS X) AppleWebKit/605.1.15 (KHTML, like Gecko) CriOS/121.0.6167.138 Mobile/15E148 Safari/604.1"
102.215.57.40 - - [16/May/2024:19:53:31 +0000] "GET /public/backEnd/vendors/js/fullcalendar.min.js HTTP/1.1" 200 53798 "https://edu.richinei.com/admin-dashboard" "Mozilla/5.0 (iPhone; CPU iPhone OS 17_4 like Mac OS X) AppleWebKit/605.1.15 (KHTML, like Gecko) CriOS/121.0.6167.138 Mobile/15E148 Safari/604.1"
102.215.57.40 - - [16/May/2024:19:53:30 +0000] "GET /public/backEnd/js/vfs_fonts.js HTTP/1.1" 200 3516298 "https://edu.richinei.com/admin-dashboard" "Mozilla/5.0 (iPhone; CPU iPhone OS 17_4 like Mac OS X) AppleWebKit/605.1.15 (KHTML, like Gecko) CriOS/121.0.6167.138 Mobile/15E148 Safari/604.1"
102.215.57.40 - - [16/May/2024:19:53:36 +0000] "GET /public/chat/audio/notification.mp3 HTTP/1.1" 206 2 "https://edu.richinei.com/admin-dashboard" "Mozilla/5.0 (iPhone; CPU iPhone OS 17_4 like Mac OS X) AppleWebKit/605.1.15 (KHTML, like Gecko) CriOS/121.0.6167.138 Mobile/15E148 Safari/604.1"
102.215.57.40 - - [16/May/2024:19:53:38 +0000] "POST /broadcasting/auth HTTP/1.1" 200 96 "https://edu.richinei.com/admin-dashboard" "Mozilla/5.0 (iPhone; CPU iPhone OS 17_4 like Mac OS X) AppleWebKit/605.1.15 (KHTML, like Gecko) CriOS/121.0.6167.138 Mobile/15E148 Safari/604.1"
102.215.57.40 - - [16/May/2024:20:02:37 +0000] "POST /broadcasting/auth HTTP/1.1" 200 96 "https://edu.richinei.com/admin-dashboard" "Mozilla/5.0 (iPhone; CPU iPhone OS 17_4 like Mac OS X) AppleWebKit/605.1.15 (KHTML, like Gecko) CriOS/121.0.6167.138 Mobile/15E148 Safari/604.1"
197.210.78.76 - - [18/May/2024:09:53:49 +0000] "GET / HTTP/1.1" 500 107 "-" "Mozilla/5.0 (Windows NT 10.0; Win64; x64) AppleWebKit/537.36 (KHTML, like Gecko) Chrome/124.0.0.0 Safari/537.36 Edg/124.0.0.0"
197.210.78.76 - - [18/May/2024:09:53:49 +0000] "GET /favicon.ico HTTP/1.1" 500 107 "https://edu.richinei.com/" "Mozilla/5.0 (Windows NT 10.0; Win64; x64) AppleWebKit/537.36 (KHTML, like Gecko) Chrome/124.0.0.0 Safari/537.36 Edg/124.0.0.0"
105.113.10.241 - - [18/May/2024:09:54:03 +0000] "GET / HTTP/1.1" 500 107 "-" "Mozilla/5.0 (Windows NT 10.0; Win64; x64) AppleWebKit/537.36 (KHTML, like Gecko) Chrome/122.0.0.0 Safari/537.36"
105.113.10.241 - - [18/May/2024:09:54:05 +0000] "GET /favicon.ico HTTP/1.1" 500 107 "https://edu.richinei.com/" "Mozilla/5.0 (Windows NT 10.0; Win64; x64) AppleWebKit/537.36 (KHTML, like Gecko) Chrome/122.0.0.0 Safari/537.36"
197.210.78.76 - - [18/May/2024:10:02:19 +0000] "GET / HTTP/1.1" 302 374 "-" "Mozilla/5.0 (Windows NT 10.0; Win64; x64) AppleWebKit/537.36 (KHTML, like Gecko) Chrome/124.0.0.0 Safari/537.36 Edg/124.0.0.0"
197.210.78.76 - - [18/May/2024:10:02:21 +0000] "GET /install HTTP/1.1" 200 977 "-" "Mozilla/5.0 (Windows NT 10.0; Win64; x64) AppleWebKit/537.36 (KHTML, like Gecko) Chrome/124.0.0.0 Safari/537.36 Edg/124.0.0.0"
197.210.78.76 - - [18/May/2024:10:02:22 +0000] "GET /public/vendor/spondonit/css/bootstrap.min.css HTTP/1.1" 200 24073 "https://edu.richinei.com/install" "Mozilla/5.0 (Windows NT 10.0; Win64; x64) AppleWebKit/537.36 (KHTML, like Gecko) Chrome/124.0.0.0 Safari/537.36 Edg/124.0.0.0"
197.210.78.76 - - [18/May/2024:10:02:22 +0000] "GET /public/vendor/spondonit/css/spondonit.css HTTP/1.1" 200 2628 "https://edu.richinei.com/install" "Mozilla/5.0 (Windows NT 10.0; Win64; x64) AppleWebKit/537.36 (KHTML, like Gecko) Chrome/124.0.0.0 Safari/537.36 Edg/124.0.0.0"
197.210.78.76 - - [18/May/2024:10:02:22 +0000] "GET /public/vendor/spondonit/css/themify-icons.css HTTP/1.1" 200 3027 "https://edu.richinei.com/install" "Mozilla/5.0 (Windows NT 10.0; Win64; x64) AppleWebKit/537.36 (KHTML, like Gecko) Chrome/124.0.0.0 Safari/537.36 Edg/124.0.0.0"
197.210.78.76 - - [18/May/2024:10:02:23 +0000] "GET /public/vendor/spondonit/css/toastr.min.css HTTP/1.1" 200 3032 "https://edu.richinei.com/install" "Mozilla/5.0 (Windows NT 10.0; Win64; x64) AppleWebKit/537.36 (KHTML, like Gecko) Chrome/124.0.0.0 Safari/537.36 Edg/124.0.0.0"
197.210.78.76 - - [18/May/2024:10:02:23 +0000] "GET /public/vendor/spondonit/css/select2.css HTTP/1.1" 200 2164 "https://edu.richinei.com/install" "Mozilla/5.0 (Windows NT 10.0; Win64; x64) AppleWebKit/537.36 (KHTML, like Gecko) Chrome/124.0.0.0 Safari/537.36 Edg/124.0.0.0"
197.210.78.76 - - [18/May/2024:10:02:23 +0000] "GET /public/vendor/spondonit/css/parsley.css HTTP/1.1" 200 300 "https://edu.richinei.com/install" "Mozilla/5.0 (Windows NT 10.0; Win64; x64) AppleWebKit/537.36 (KHTML, like Gecko) Chrome/124.0.0.0 Safari/537.36 Edg/124.0.0.0"
197.210.78.76 - - [18/May/2024:10:02:23 +0000] "GET /public/vendor/spondonit/js/jquery-3.6.0.min.js HTTP/1.1" 200 30908 "https://edu.richinei.com/install" "Mozilla/5.0 (Windows NT 10.0; Win64; x64) AppleWebKit/537.36 (KHTML, like Gecko) Chrome/124.0.0.0 Safari/537.36 Edg/124.0.0.0"
197.210.78.76 - - [18/May/2024:10:02:23 +0000] "GET /public/vendor/spondonit/js/toastr.min.js HTTP/1.1" 200 1988 "https://edu.richinei.com/install" "Mozilla/5.0 (Windows NT 10.0; Win64; x64) AppleWebKit/537.36 (KHTML, like Gecko) Chrome/124.0.0.0 Safari/537.36 Edg/124.0.0.0"
197.210.78.76 - - [18/May/2024:10:02:23 +0000] "GET /public/vendor/spondonit/js/parsley.min.js HTTP/1.1" 200 12102 "https://edu.richinei.com/install" "Mozilla/5.0 (Windows NT 10.0; Win64; x64) AppleWebKit/537.36 (KHTML, like Gecko) Chrome/124.0.0.0 Safari/537.36 Edg/124.0.0.0"
197.210.78.76 - - [18/May/2024:10:02:23 +0000] "GET /public/vendor/spondonit/js/function.js HTTP/1.1" 200 1118 "https://edu.richinei.com/install" "Mozilla/5.0 (Windows NT 10.0; Win64; x64) AppleWebKit/537.36 (KHTML, like Gecko) Chrome/124.0.0.0 Safari/537.36 Edg/124.0.0.0"
197.210.78.76 - - [18/May/2024:10:02:23 +0000] "GET /public/vendor/spondonit/js/bootstrap.bundle.min.js HTTP/1.1" 200 21821 "https://edu.richinei.com/install" "Mozilla/5.0 (Windows NT 10.0; Win64; x64) AppleWebKit/537.36 (KHTML, like Gecko) Chrome/124.0.0.0 Safari/537.36 Edg/124.0.0.0"
197.210.78.76 - - [18/May/2024:10:02:23 +0000] "GET /public/vendor/spondonit/js/select2.min.js HTTP/1.1" 200 20025 "https://edu.richinei.com/install" "Mozilla/5.0 (Windows NT 10.0; Win64; x64) AppleWebKit/537.36 (KHTML, like Gecko) Chrome/124.0.0.0 Safari/537.36 Edg/124.0.0.0"
197.210.78.76 - - [18/May/2024:10:02:23 +0000] "GET /public/vendor/spondonit/fonts/poppins/Poppins-Regular.woff2 HTTP/1.1" 200 52456 "https://edu.richinei.com/public/vendor/spondonit/css/spondonit.css" "Mozilla/5.0 (Windows NT 10.0; Win64; x64) AppleWebKit/537.36 (KHTML, like Gecko) Chrome/124.0.0.0 Safari/537.36 Edg/124.0.0.0"
197.210.78.76 - - [18/May/2024:10:02:23 +0000] "GET /public/vendor/spondonit/fonts/poppins/Poppins-Medium.woff2 HTTP/1.1" 200 51692 "https://edu.richinei.com/public/vendor/spondonit/css/spondonit.css" "Mozilla/5.0 (Windows NT 10.0; Win64; x64) AppleWebKit/537.36 (KHTML, like Gecko) Chrome/124.0.0.0 Safari/537.36 Edg/124.0.0.0"
197.210.78.76 - - [18/May/2024:10:02:26 +0000] "GET /public/vendor/spondonit/loader.gif HTTP/1.1" 200 33062 "https://edu.richinei.com/install" "Mozilla/5.0 (Windows NT 10.0; Win64; x64) AppleWebKit/537.36 (KHTML, like Gecko) Chrome/124.0.0.0 Safari/537.36 Edg/124.0.0.0"
197.210.78.76 - - [18/May/2024:10:02:26 +0000] "GET /public/vendor/spondonit/js/common.js HTTP/1.1" 200 815 "https://edu.richinei.com/install" "Mozilla/5.0 (Windows NT 10.0; Win64; x64) AppleWebKit/537.36 (KHTML, like Gecko) Chrome/124.0.0.0 Safari/537.36 Edg/124.0.0.0"
197.210.78.76 - - [18/May/2024:10:02:26 +0000] "GET /public/vendor/spondonit/img/report-admit-bg.png HTTP/1.1" 200 113237 "https://edu.richinei.com/public/vendor/spondonit/css/spondonit.css" "Mozilla/5.0 (Windows NT 10.0; Win64; x64) AppleWebKit/537.36 (KHTML, like Gecko) Chrome/124.0.0.0 Safari/537.36 Edg/124.0.0.0"
197.210.78.76 - - [18/May/2024:10:02:26 +0000] "GET /public/vendor/spondonit/img/body-bg.jpg HTTP/1.1" 200 173248 "https://edu.richinei.com/public/vendor/spondonit/css/spondonit.css" "Mozilla/5.0 (Windows NT 10.0; Win64; x64) AppleWebKit/537.36 (KHTML, like Gecko) Chrome/124.0.0.0 Safari/537.36 Edg/124.0.0.0"
105.113.10.241 - - [18/May/2024:10:02:28 +0000] "GET / HTTP/1.1" 302 374 "-" "Mozilla/5.0 (Windows NT 10.0; Win64; x64) AppleWebKit/537.36 (KHTML, like Gecko) Chrome/122.0.0.0 Safari/537.36"
197.210.78.76 - - [18/May/2024:10:02:33 +0000] "GET /public/vendor/spondonit/img/favicon.png HTTP/1.1" 200 54896 "https://edu.richinei.com/install" "Mozilla/5.0 (Windows NT 10.0; Win64; x64) AppleWebKit/537.36 (KHTML, like Gecko) Chrome/124.0.0.0 Safari/537.36 Edg/124.0.0.0"
105.113.10.241 - - [18/May/2024:10:02:36 +0000] "GET /install HTTP/1.1" 200 976 "-" "Mozilla/5.0 (Windows NT 10.0; Win64; x64) AppleWebKit/537.36 (KHTML, like Gecko) Chrome/122.0.0.0 Safari/537.36"
105.113.10.241 - - [18/May/2024:10:02:38 +0000] "GET /public/vendor/spondonit/css/spondonit.css HTTP/1.1" 200 2628 "https://edu.richinei.com/install" "Mozilla/5.0 (Windows NT 10.0; Win64; x64) AppleWebKit/537.36 (KHTML, like Gecko) Chrome/122.0.0.0 Safari/537.36"
105.113.10.241 - - [18/May/2024:10:02:38 +0000] "GET /public/vendor/spondonit/css/bootstrap.min.css HTTP/1.1" 200 24073 "https://edu.richinei.com/install" "Mozilla/5.0 (Windows NT 10.0; Win64; x64) AppleWebKit/537.36 (KHTML, like Gecko) Chrome/122.0.0.0 Safari/537.36"
105.113.10.241 - - [18/May/2024:10:02:39 +0000] "GET /public/vendor/spondonit/css/themify-icons.css HTTP/1.1" 200 3027 "https://edu.richinei.com/install" "Mozilla/5.0 (Windows NT 10.0; Win64; x64) AppleWebKit/537.36 (KHTML, like Gecko) Chrome/122.0.0.0 Safari/537.36"
105.113.10.241 - - [18/May/2024:10:02:40 +0000] "GET /public/vendor/spondonit/css/toastr.min.css HTTP/1.1" 200 3032 "https://edu.richinei.com/install" "Mozilla/5.0 (Windows NT 10.0; Win64; x64) AppleWebKit/537.36 (KHTML, like Gecko) Chrome/122.0.0.0 Safari/537.36"
105.113.10.241 - - [18/May/2024:10:02:40 +0000] "GET /public/vendor/spondonit/css/select2.css HTTP/1.1" 200 2164 "https://edu.richinei.com/install" "Mozilla/5.0 (Windows NT 10.0; Win64; x64) AppleWebKit/537.36 (KHTML, like Gecko) Chrome/122.0.0.0 Safari/537.36"
105.113.10.241 - - [18/May/2024:10:02:40 +0000] "GET /public/vendor/spondonit/css/parsley.css HTTP/1.1" 200 300 "https://edu.richinei.com/install" "Mozilla/5.0 (Windows NT 10.0; Win64; x64) AppleWebKit/537.36 (KHTML, like Gecko) Chrome/122.0.0.0 Safari/537.36"
105.113.10.241 - - [18/May/2024:10:02:40 +0000] "GET /public/vendor/spondonit/js/jquery-3.6.0.min.js HTTP/1.1" 200 30908 "https://edu.richinei.com/install" "Mozilla/5.0 (Windows NT 10.0; Win64; x64) AppleWebKit/537.36 (KHTML, like Gecko) Chrome/122.0.0.0 Safari/537.36"
105.113.10.241 - - [18/May/2024:10:02:42 +0000] "GET /public/vendor/spondonit/js/toastr.min.js HTTP/1.1" 200 1988 "https://edu.richinei.com/install" "Mozilla/5.0 (Windows NT 10.0; Win64; x64) AppleWebKit/537.36 (KHTML, like Gecko) Chrome/122.0.0.0 Safari/537.36"
105.113.10.241 - - [18/May/2024:10:02:42 +0000] "GET /public/vendor/spondonit/js/select2.min.js HTTP/1.1" 200 20025 "https://edu.richinei.com/install" "Mozilla/5.0 (Windows NT 10.0; Win64; x64) AppleWebKit/537.36 (KHTML, like Gecko) Chrome/122.0.0.0 Safari/537.36"
105.113.10.241 - - [18/May/2024:10:02:42 +0000] "GET /public/vendor/spondonit/js/bootstrap.bundle.min.js HTTP/1.1" 200 21821 "https://edu.richinei.com/install" "Mozilla/5.0 (Windows NT 10.0; Win64; x64) AppleWebKit/537.36 (KHTML, like Gecko) Chrome/122.0.0.0 Safari/537.36"
105.113.10.241 - - [18/May/2024:10:02:42 +0000] "GET /public/vendor/spondonit/js/function.js HTTP/1.1" 200 1118 "https://edu.richinei.com/install" "Mozilla/5.0 (Windows NT 10.0; Win64; x64) AppleWebKit/537.36 (KHTML, like Gecko) Chrome/122.0.0.0 Safari/537.36"
105.113.10.241 - - [18/May/2024:10:02:42 +0000] "GET /public/vendor/spondonit/js/parsley.min.js HTTP/1.1" 200 12102 "https://edu.richinei.com/install" "Mozilla/5.0 (Windows NT 10.0; Win64; x64) AppleWebKit/537.36 (KHTML, like Gecko) Chrome/122.0.0.0 Safari/537.36"
105.113.10.241 - - [18/May/2024:10:02:45 +0000] "GET /public/vendor/spondonit/fonts/poppins/Poppins-Medium.woff2 HTTP/1.1" 200 51692 "https://edu.richinei.com/public/vendor/spondonit/css/spondonit.css" "Mozilla/5.0 (Windows NT 10.0; Win64; x64) AppleWebKit/537.36 (KHTML, like Gecko) Chrome/122.0.0.0 Safari/537.36"
105.113.10.241 - - [18/May/2024:10:02:45 +0000] "GET /public/vendor/spondonit/fonts/poppins/Poppins-Regular.woff2 HTTP/1.1" 200 52456 "https://edu.richinei.com/public/vendor/spondonit/css/spondonit.css" "Mozilla/5.0 (Windows NT 10.0; Win64; x64) AppleWebKit/537.36 (KHTML, like Gecko) Chrome/122.0.0.0 Safari/537.36"
105.113.10.241 - - [18/May/2024:10:02:47 +0000] "GET /public/vendor/spondonit/loader.gif HTTP/1.1" 200 33062 "https://edu.richinei.com/install" "Mozilla/5.0 (Windows NT 10.0; Win64; x64) AppleWebKit/537.36 (KHTML, like Gecko) Chrome/122.0.0.0 Safari/537.36"
105.113.10.241 - - [18/May/2024:10:02:54 +0000] "GET /public/vendor/spondonit/js/common.js HTTP/1.1" 200 815 "https://edu.richinei.com/install" "Mozilla/5.0 (Windows NT 10.0; Win64; x64) AppleWebKit/537.36 (KHTML, like Gecko) Chrome/122.0.0.0 Safari/537.36"
105.113.10.241 - - [18/May/2024:10:02:47 +0000] "GET /public/vendor/spondonit/img/report-admit-bg.png HTTP/1.1" 200 113237 "https://edu.richinei.com/public/vendor/spondonit/css/spondonit.css" "Mozilla/5.0 (Windows NT 10.0; Win64; x64) AppleWebKit/537.36 (KHTML, like Gecko) Chrome/122.0.0.0 Safari/537.36"
105.113.10.241 - - [18/May/2024:10:02:50 +0000] "GET /public/vendor/spondonit/img/body-bg.jpg HTTP/1.1" 200 173248 "https://edu.richinei.com/public/vendor/spondonit/css/spondonit.css" "Mozilla/5.0 (Windows NT 10.0; Win64; x64) AppleWebKit/537.36 (KHTML, like Gecko) Chrome/122.0.0.0 Safari/537.36"
105.113.10.241 - - [18/May/2024:10:03:17 +0000] "GET /public/vendor/spondonit/img/favicon.png HTTP/1.1" 200 54896 "https://edu.richinei.com/install" "Mozilla/5.0 (Windows NT 10.0; Win64; x64) AppleWebKit/537.36 (KHTML, like Gecko) Chrome/122.0.0.0 Safari/537.36"
197.210.78.76 - - [18/May/2024:10:03:41 +0000] "GET /install/pre-requisite HTTP/1.1" 200 1308 "https://edu.richinei.com/install" "Mozilla/5.0 (Windows NT 10.0; Win64; x64) AppleWebKit/537.36 (KHTML, like Gecko) Chrome/124.0.0.0 Safari/537.36 Edg/124.0.0.0"
197.210.78.76 - - [18/May/2024:10:03:42 +0000] "GET /public/vendor/spondonit/fonts/themify.woff?-fvbane HTTP/1.1" 200 56108 "https://edu.richinei.com/public/vendor/spondonit/css/themify-icons.css" "Mozilla/5.0 (Windows NT 10.0; Win64; x64) AppleWebKit/537.36 (KHTML, like Gecko) Chrome/124.0.0.0 Safari/537.36 Edg/124.0.0.0"
105.113.10.241 - - [18/May/2024:10:03:44 +0000] "GET /install/pre-requisite HTTP/1.1" 200 1308 "https://edu.richinei.com/install" "Mozilla/5.0 (Windows NT 10.0; Win64; x64) AppleWebKit/537.36 (KHTML, like Gecko) Chrome/122.0.0.0 Safari/537.36"
105.113.10.241 - - [18/May/2024:10:03:46 +0000] "GET /public/vendor/spondonit/fonts/themify.woff?-fvbane HTTP/1.1" 200 56108 "https://edu.richinei.com/public/vendor/spondonit/css/themify-icons.css" "Mozilla/5.0 (Windows NT 10.0; Win64; x64) AppleWebKit/537.36 (KHTML, like Gecko) Chrome/122.0.0.0 Safari/537.36"
105.113.10.241 - - [18/May/2024:10:05:29 +0000] "GET /install/license HTTP/1.1" 200 1341 "https://edu.richinei.com/install/pre-requisite" "Mozilla/5.0 (Windows NT 10.0; Win64; x64) AppleWebKit/537.36 (KHTML, like Gecko) Chrome/122.0.0.0 Safari/537.36"
197.210.78.76 - - [18/May/2024:10:05:30 +0000] "GET /install/license HTTP/1.1" 200 1342 "https://edu.richinei.com/install/pre-requisite" "Mozilla/5.0 (Windows NT 10.0; Win64; x64) AppleWebKit/537.36 (KHTML, like Gecko) Chrome/124.0.0.0 Safari/537.36 Edg/124.0.0.0"
105.113.10.241 - - [18/May/2024:10:05:30 +0000] "GET /public/vendor/spondonit/fonts/poppins/Poppins-SemiBold.woff2 HTTP/1.1" 200 52404 "https://edu.richinei.com/public/vendor/spondonit/css/spondonit.css" "Mozilla/5.0 (Windows NT 10.0; Win64; x64) AppleWebKit/537.36 (KHTML, like Gecko) Chrome/122.0.0.0 Safari/537.36"
197.210.78.76 - - [18/May/2024:10:05:30 +0000] "GET /public/vendor/spondonit/fonts/poppins/Poppins-SemiBold.woff2 HTTP/1.1" 200 52404 "https://edu.richinei.com/public/vendor/spondonit/css/spondonit.css" "Mozilla/5.0 (Windows NT 10.0; Win64; x64) AppleWebKit/537.36 (KHTML, like Gecko) Chrome/124.0.0.0 Safari/537.36 Edg/124.0.0.0"
105.113.10.241 - - [18/May/2024:10:06:34 +0000] "POST /install/license HTTP/1.1" 200 103 "https://edu.richinei.com/install/license" "Mozilla/5.0 (Windows NT 10.0; Win64; x64) AppleWebKit/537.36 (KHTML, like Gecko) Chrome/122.0.0.0 Safari/537.36"
105.113.10.241 - - [18/May/2024:10:06:36 +0000] "GET /install/database HTTP/1.1" 200 1786 "https://edu.richinei.com/install/license" "Mozilla/5.0 (Windows NT 10.0; Win64; x64) AppleWebKit/537.36 (KHTML, like Gecko) Chrome/122.0.0.0 Safari/537.36"
197.210.78.76 - - [18/May/2024:10:09:39 +0000] "POST /install/license HTTP/1.1" 200 103 "https://edu.richinei.com/install/license" "Mozilla/5.0 (Windows NT 10.0; Win64; x64) AppleWebKit/537.36 (KHTML, like Gecko) Chrome/124.0.0.0 Safari/537.36 Edg/124.0.0.0"
197.210.78.76 - - [18/May/2024:10:09:39 +0000] "GET /install/database HTTP/1.1" 200 1791 "https://edu.richinei.com/install/license" "Mozilla/5.0 (Windows NT 10.0; Win64; x64) AppleWebKit/537.36 (KHTML, like Gecko) Chrome/124.0.0.0 Safari/537.36 Edg/124.0.0.0"
105.113.10.241 - - [18/May/2024:10:15:50 +0000] "POST /install/database HTTP/1.1" 200 99 "https://edu.richinei.com/install/database" "Mozilla/5.0 (Windows NT 10.0; Win64; x64) AppleWebKit/537.36 (KHTML, like Gecko) Chrome/122.0.0.0 Safari/537.36"
105.113.10.241 - - [18/May/2024:10:15:50 +0000] "GET /install/user HTTP/1.1" 404 11584 "https://edu.richinei.com/install/database" "Mozilla/5.0 (Windows NT 10.0; Win64; x64) AppleWebKit/537.36 (KHTML, like Gecko) Chrome/122.0.0.0 Safari/537.36"
105.113.10.241 - - [18/May/2024:10:15:52 +0000] "GET /public/backEnd/error/css/bootstrap.min.css HTTP/1.1" 200 20522 "https://edu.richinei.com/install/user" "Mozilla/5.0 (Windows NT 10.0; Win64; x64) AppleWebKit/537.36 (KHTML, like Gecko) Chrome/122.0.0.0 Safari/537.36"
105.113.10.241 - - [18/May/2024:10:15:53 +0000] "GET /public/backEnd/error/js/jquery-3.3.1.slim.min.js HTTP/1.1" 200 24085 "https://edu.richinei.com/install/user" "Mozilla/5.0 (Windows NT 10.0; Win64; x64) AppleWebKit/537.36 (KHTML, like Gecko) Chrome/122.0.0.0 Safari/537.36"
105.113.10.241 - - [18/May/2024:10:15:53 +0000] "GET /public/backEnd/img/login-bg.jpg HTTP/1.1" 200 19970 "https://edu.richinei.com/install/user" "Mozilla/5.0 (Windows NT 10.0; Win64; x64) AppleWebKit/537.36 (KHTML, like Gecko) Chrome/122.0.0.0 Safari/537.36"
105.113.10.241 - - [18/May/2024:10:15:53 +0000] "GET /public/backEnd/error/js/bootstrap.min.js HTTP/1.1" 200 13081 "https://edu.richinei.com/install/user" "Mozilla/5.0 (Windows NT 10.0; Win64; x64) AppleWebKit/537.36 (KHTML, like Gecko) Chrome/122.0.0.0 Safari/537.36"
105.113.10.241 - - [18/May/2024:10:15:53 +0000] "GET /public/backEnd/error/js/popper.min.js HTTP/1.1" 200 6886 "https://edu.richinei.com/install/user" "Mozilla/5.0 (Windows NT 10.0; Win64; x64) AppleWebKit/537.36 (KHTML, like Gecko) Chrome/122.0.0.0 Safari/537.36"
105.113.10.241 - - [18/May/2024:10:15:52 +0000] "GET /public/backEnd/img/404.png HTTP/1.1" 200 137763 "https://edu.richinei.com/install/user" "Mozilla/5.0 (Windows NT 10.0; Win64; x64) AppleWebKit/537.36 (KHTML, like Gecko) Chrome/122.0.0.0 Safari/537.36"
105.113.10.241 - - [18/May/2024:10:17:24 +0000] "GET / HTTP/1.1" 302 374 "https://edu.richinei.com/install/user" "Mozilla/5.0 (Windows NT 10.0; Win64; x64) AppleWebKit/537.36 (KHTML, like Gecko) Chrome/122.0.0.0 Safari/537.36"
105.113.10.241 - - [18/May/2024:10:17:25 +0000] "GET /install HTTP/1.1" 200 976 "https://edu.richinei.com/install/user" "Mozilla/5.0 (Windows NT 10.0; Win64; x64) AppleWebKit/537.36 (KHTML, like Gecko) Chrome/122.0.0.0 Safari/537.36"
105.113.10.241 - - [18/May/2024:10:17:35 +0000] "GET /install/pre-requisite HTTP/1.1" 200 1308 "https://edu.richinei.com/install" "Mozilla/5.0 (Windows NT 10.0; Win64; x64) AppleWebKit/537.36 (KHTML, like Gecko) Chrome/122.0.0.0 Safari/537.36"
105.113.10.241 - - [18/May/2024:10:17:43 +0000] "GET /install/license HTTP/1.1" 200 1341 "https://edu.richinei.com/install/pre-requisite" "Mozilla/5.0 (Windows NT 10.0; Win64; x64) AppleWebKit/537.36 (KHTML, like Gecko) Chrome/122.0.0.0 Safari/537.36"
105.113.10.241 - - [18/May/2024:10:18:18 +0000] "POST /install/license HTTP/1.1" 200 103 "https://edu.richinei.com/install/license" "Mozilla/5.0 (Windows NT 10.0; Win64; x64) AppleWebKit/537.36 (KHTML, like Gecko) Chrome/122.0.0.0 Safari/537.36"
105.113.10.241 - - [18/May/2024:10:18:18 +0000] "GET /install/database HTTP/1.1" 200 1809 "https://edu.richinei.com/install/license" "Mozilla/5.0 (Windows NT 10.0; Win64; x64) AppleWebKit/537.36 (KHTML, like Gecko) Chrome/122.0.0.0 Safari/537.36"
105.113.10.241 - - [18/May/2024:10:18:41 +0000] "POST /install/database HTTP/1.1" 200 99 "https://edu.richinei.com/install/database" "Mozilla/5.0 (Windows NT 10.0; Win64; x64) AppleWebKit/537.36 (KHTML, like Gecko) Chrome/122.0.0.0 Safari/537.36"
105.113.10.241 - - [18/May/2024:10:18:44 +0000] "GET /install/user HTTP/1.1" 200 1349 "https://edu.richinei.com/install/database" "Mozilla/5.0 (Windows NT 10.0; Win64; x64) AppleWebKit/537.36 (KHTML, like Gecko) Chrome/122.0.0.0 Safari/537.36"
105.113.10.241 - - [18/May/2024:10:19:48 +0000] "POST /install/user HTTP/1.1" 200 106 "https://edu.richinei.com/install/user" "Mozilla/5.0 (Windows NT 10.0; Win64; x64) AppleWebKit/537.36 (KHTML, like Gecko) Chrome/122.0.0.0 Safari/537.36"
105.113.10.241 - - [18/May/2024:10:20:39 +0000] "GET /install/done HTTP/1.1" 200 827 "https://edu.richinei.com/install/user" "Mozilla/5.0 (Windows NT 10.0; Win64; x64) AppleWebKit/537.36 (KHTML, like Gecko) Chrome/122.0.0.0 Safari/537.36"
105.113.10.241 - - [18/May/2024:10:20:40 +0000] "GET /public/vendor/spondonit/css/sweetalert2.min.css HTTP/1.1" 200 4717 "https://edu.richinei.com/install/done" "Mozilla/5.0 (Windows NT 10.0; Win64; x64) AppleWebKit/537.36 (KHTML, like Gecko) Chrome/122.0.0.0 Safari/537.36"
105.113.10.241 - - [18/May/2024:10:20:40 +0000] "GET /public/vendor/spondonit/css/sweet_alert2.css HTTP/1.1" 200 859 "https://edu.richinei.com/install/done" "Mozilla/5.0 (Windows NT 10.0; Win64; x64) AppleWebKit/537.36 (KHTML, like Gecko) Chrome/122.0.0.0 Safari/537.36"
105.113.10.241 - - [18/May/2024:10:20:41 +0000] "GET /public/vendor/spondonit/js/sweetalert2.min.js HTTP/1.1" 200 9330 "https://edu.richinei.com/install/done" "Mozilla/5.0 (Windows NT 10.0; Win64; x64) AppleWebKit/537.36 (KHTML, like Gecko) Chrome/122.0.0.0 Safari/537.36"
105.113.10.241 - - [18/May/2024:10:20:50 +0000] "GET / HTTP/1.1" 200 11544 "https://edu.richinei.com/install/done" "Mozilla/5.0 (Windows NT 10.0; Win64; x64) AppleWebKit/537.36 (KHTML, like Gecko) Chrome/122.0.0.0 Safari/537.36"
105.113.10.241 - - [18/May/2024:10:20:52 +0000] "GET /public/vendor/optionbuilder/css/bootstrap.min.css HTTP/1.1" 200 23919 "https://edu.richinei.com/" "Mozilla/5.0 (Windows NT 10.0; Win64; x64) AppleWebKit/537.36 (KHTML, like Gecko) Chrome/122.0.0.0 Safari/537.36"
105.113.10.241 - - [18/May/2024:10:20:52 +0000] "GET /public/theme/edulia/css/fontawesome.all.min.css HTTP/1.1" 200 33548 "https://edu.richinei.com/" "Mozilla/5.0 (Windows NT 10.0; Win64; x64) AppleWebKit/537.36 (KHTML, like Gecko) Chrome/122.0.0.0 Safari/537.36"
105.113.10.241 - - [18/May/2024:10:20:53 +0000] "GET /public/theme/edulia/css/dataTables.jqueryui.min.css HTTP/1.1" 200 3230 "https://edu.richinei.com/" "Mozilla/5.0 (Windows NT 10.0; Win64; x64) AppleWebKit/537.36 (KHTML, like Gecko) Chrome/122.0.0.0 Safari/537.36"
105.113.10.241 - - [18/May/2024:10:20:53 +0000] "GET /public/theme/edulia/css/responsive.jqueryui.min.css HTTP/1.1" 200 899 "https://edu.richinei.com/" "Mozilla/5.0 (Windows NT 10.0; Win64; x64) AppleWebKit/537.36 (KHTML, like Gecko) Chrome/122.0.0.0 Safari/537.36"
105.113.10.241 - - [18/May/2024:10:20:53 +0000] "GET /public/whatsapp-support/style.css HTTP/1.1" 200 1549 "https://edu.richinei.com/" "Mozilla/5.0 (Windows NT 10.0; Win64; x64) AppleWebKit/537.36 (KHTML, like Gecko) Chrome/122.0.0.0 Safari/537.36"
105.113.10.241 - - [18/May/2024:10:20:53 +0000] "GET /public/theme/edulia/css/style.css HTTP/1.1" 200 37231 "https://edu.richinei.com/" "Mozilla/5.0 (Windows NT 10.0; Win64; x64) AppleWebKit/537.36 (KHTML, like Gecko) Chrome/122.0.0.0 Safari/537.36"
105.113.10.241 - - [18/May/2024:10:20:53 +0000] "GET /public/theme/edulia/packages/carousel/owl.carousel.min.css HTTP/1.1" 200 1072 "https://edu.richinei.com/" "Mozilla/5.0 (Windows NT 10.0; Win64; x64) AppleWebKit/537.36 (KHTML, like Gecko) Chrome/122.0.0.0 Safari/537.36"
105.113.10.241 - - [18/May/2024:10:20:54 +0000] "GET /public/theme/edulia/packages/magnific/magnific-popup.min.css HTTP/1.1" 200 1566 "https://edu.richinei.com/" "Mozilla/5.0 (Windows NT 10.0; Win64; x64) AppleWebKit/537.36 (KHTML, like Gecko) Chrome/122.0.0.0 Safari/537.36"
105.113.10.241 - - [18/May/2024:10:20:54 +0000] "GET /public/theme/edulia/packages/zeynep/zeynep.min.css HTTP/1.1" 200 892 "https://edu.richinei.com/" "Mozilla/5.0 (Windows NT 10.0; Win64; x64) AppleWebKit/537.36 (KHTML, like Gecko) Chrome/122.0.0.0 Safari/537.36"
105.113.10.241 - - [18/May/2024:10:20:54 +0000] "GET /public/theme/edulia/themify/themify-icons.min.css HTTP/1.1" 200 2826 "https://edu.richinei.com/" "Mozilla/5.0 (Windows NT 10.0; Win64; x64) AppleWebKit/537.36 (KHTML, like Gecko) Chrome/122.0.0.0 Safari/537.36"
105.113.10.241 - - [18/May/2024:10:20:54 +0000] "GET /public/vendor/optionbuilder/js/jquery.min.js HTTP/1.1" 200 30905 "https://edu.richinei.com/" "Mozilla/5.0 (Windows NT 10.0; Win64; x64) AppleWebKit/537.36 (KHTML, like Gecko) Chrome/122.0.0.0 Safari/537.36"
105.113.10.241 - - [18/May/2024:10:20:54 +0000] "GET /public/uploads/theme/edulia/home_slider/banner-1.jpg HTTP/1.1" 200 15865 "https://edu.richinei.com/" "Mozilla/5.0 (Windows NT 10.0; Win64; x64) AppleWebKit/537.36 (KHTML, like Gecko) Chrome/122.0.0.0 Safari/537.36"
197.210.78.76 - - [18/May/2024:10:20:54 +0000] "GET / HTTP/1.1" 200 11543 "-" "Mozilla/5.0 (Windows NT 10.0; Win64; x64) AppleWebKit/537.36 (KHTML, like Gecko) Chrome/124.0.0.0 Safari/537.36 Edg/124.0.0.0"
197.210.78.76 - - [18/May/2024:10:20:55 +0000] "GET /public/vendor/optionbuilder/css/bootstrap.min.css HTTP/1.1" 200 23919 "https://edu.richinei.com/" "Mozilla/5.0 (Windows NT 10.0; Win64; x64) AppleWebKit/537.36 (KHTML, like Gecko) Chrome/124.0.0.0 Safari/537.36 Edg/124.0.0.0"
197.210.78.76 - - [18/May/2024:10:20:55 +0000] "GET /public/theme/edulia/css/fontawesome.all.min.css HTTP/1.1" 200 33548 "https://edu.richinei.com/" "Mozilla/5.0 (Windows NT 10.0; Win64; x64) AppleWebKit/537.36 (KHTML, like Gecko) Chrome/124.0.0.0 Safari/537.36 Edg/124.0.0.0"
105.113.10.241 - - [18/May/2024:10:20:55 +0000] "GET /public/uploads/theme/edulia/home_slider/banner-3.jpg HTTP/1.1" 200 15865 "https://edu.richinei.com/" "Mozilla/5.0 (Windows NT 10.0; Win64; x64) AppleWebKit/537.36 (KHTML, like Gecko) Chrome/122.0.0.0 Safari/537.36"
105.113.10.241 - - [18/May/2024:10:20:55 +0000] "GET /public/uploads/theme/edulia/home_slider/banner-2.jpg HTTP/1.1" 200 15865 "https://edu.richinei.com/" "Mozilla/5.0 (Windows NT 10.0; Win64; x64) AppleWebKit/537.36 (KHTML, like Gecko) Chrome/122.0.0.0 Safari/537.36"
197.210.78.76 - - [18/May/2024:10:20:55 +0000] "GET /public/theme/edulia/css/dataTables.jqueryui.min.css HTTP/1.1" 200 3230 "https://edu.richinei.com/" "Mozilla/5.0 (Windows NT 10.0; Win64; x64) AppleWebKit/537.36 (KHTML, like Gecko) Chrome/124.0.0.0 Safari/537.36 Edg/124.0.0.0"
105.113.10.241 - - [18/May/2024:10:20:55 +0000] "GET /public/theme/edulia/js/jquery.dataTables.min.js HTTP/1.1" 200 29822 "https://edu.richinei.com/" "Mozilla/5.0 (Windows NT 10.0; Win64; x64) AppleWebKit/537.36 (KHTML, like Gecko) Chrome/122.0.0.0 Safari/537.36"
197.210.78.76 - - [18/May/2024:10:20:56 +0000] "GET /public/theme/edulia/css/responsive.jqueryui.min.css HTTP/1.1" 200 899 "https://edu.richinei.com/" "Mozilla/5.0 (Windows NT 10.0; Win64; x64) AppleWebKit/537.36 (KHTML, like Gecko) Chrome/124.0.0.0 Safari/537.36 Edg/124.0.0.0"
197.210.78.76 - - [18/May/2024:10:20:56 +0000] "GET /public/theme/edulia/css/style.css HTTP/1.1" 200 37231 "https://edu.richinei.com/" "Mozilla/5.0 (Windows NT 10.0; Win64; x64) AppleWebKit/537.36 (KHTML, like Gecko) Chrome/124.0.0.0 Safari/537.36 Edg/124.0.0.0"
197.210.78.76 - - [18/May/2024:10:20:56 +0000] "GET /public/whatsapp-support/style.css HTTP/1.1" 200 1549 "https://edu.richinei.com/" "Mozilla/5.0 (Windows NT 10.0; Win64; x64) AppleWebKit/537.36 (KHTML, like Gecko) Chrome/124.0.0.0 Safari/537.36 Edg/124.0.0.0"
197.210.78.76 - - [18/May/2024:10:20:56 +0000] "GET /public/theme/edulia/packages/carousel/owl.carousel.min.css HTTP/1.1" 200 1072 "https://edu.richinei.com/" "Mozilla/5.0 (Windows NT 10.0; Win64; x64) AppleWebKit/537.36 (KHTML, like Gecko) Chrome/124.0.0.0 Safari/537.36 Edg/124.0.0.0"
197.210.78.76 - - [18/May/2024:10:20:56 +0000] "GET /public/theme/edulia/packages/zeynep/zeynep.min.css HTTP/1.1" 200 892 "https://edu.richinei.com/" "Mozilla/5.0 (Windows NT 10.0; Win64; x64) AppleWebKit/537.36 (KHTML, like Gecko) Chrome/124.0.0.0 Safari/537.36 Edg/124.0.0.0"
197.210.78.76 - - [18/May/2024:10:20:56 +0000] "GET /public/theme/edulia/packages/magnific/magnific-popup.min.css HTTP/1.1" 200 1566 "https://edu.richinei.com/" "Mozilla/5.0 (Windows NT 10.0; Win64; x64) AppleWebKit/537.36 (KHTML, like Gecko) Chrome/124.0.0.0 Safari/537.36 Edg/124.0.0.0"
197.210.78.76 - - [18/May/2024:10:20:56 +0000] "GET /public/theme/edulia/themify/themify-icons.min.css HTTP/1.1" 200 2826 "https://edu.richinei.com/" "Mozilla/5.0 (Windows NT 10.0; Win64; x64) AppleWebKit/537.36 (KHTML, like Gecko) Chrome/124.0.0.0 Safari/537.36 Edg/124.0.0.0"
197.210.78.76 - - [18/May/2024:10:20:56 +0000] "GET /public/vendor/optionbuilder/js/jquery.min.js HTTP/1.1" 200 30905 "https://edu.richinei.com/" "Mozilla/5.0 (Windows NT 10.0; Win64; x64) AppleWebKit/537.36 (KHTML, like Gecko) Chrome/124.0.0.0 Safari/537.36 Edg/124.0.0.0"
197.210.78.76 - - [18/May/2024:10:20:56 +0000] "GET /public/uploads/theme/edulia/home_slider/banner-3.jpg HTTP/1.1" 200 15865 "https://edu.richinei.com/" "Mozilla/5.0 (Windows NT 10.0; Win64; x64) AppleWebKit/537.36 (KHTML, like Gecko) Chrome/124.0.0.0 Safari/537.36 Edg/124.0.0.0"
197.210.78.76 - - [18/May/2024:10:20:56 +0000] "GET /public/uploads/theme/edulia/home_slider/banner-1.jpg HTTP/1.1" 200 15865 "https://edu.richinei.com/" "Mozilla/5.0 (Windows NT 10.0; Win64; x64) AppleWebKit/537.36 (KHTML, like Gecko) Chrome/124.0.0.0 Safari/537.36 Edg/124.0.0.0"
197.210.78.76 - - [18/May/2024:10:20:56 +0000] "GET /public/uploads/theme/edulia/home_slider/banner-2.jpg HTTP/1.1" 200 15865 "https://edu.richinei.com/" "Mozilla/5.0 (Windows NT 10.0; Win64; x64) AppleWebKit/537.36 (KHTML, like Gecko) Chrome/124.0.0.0 Safari/537.36 Edg/124.0.0.0"
197.210.78.76 - - [18/May/2024:10:20:56 +0000] "GET /public/theme/edulia/js/jquery.dataTables.min.js HTTP/1.1" 200 29822 "https://edu.richinei.com/" "Mozilla/5.0 (Windows NT 10.0; Win64; x64) AppleWebKit/537.36 (KHTML, like Gecko) Chrome/124.0.0.0 Safari/537.36 Edg/124.0.0.0"
197.210.78.76 - - [18/May/2024:10:20:56 +0000] "GET /public/uploads/settings/logo.png HTTP/1.1" 200 90326 "https://edu.richinei.com/" "Mozilla/5.0 (Windows NT 10.0; Win64; x64) AppleWebKit/537.36 (KHTML, like Gecko) Chrome/124.0.0.0 Safari/537.36 Edg/124.0.0.0"
197.210.78.76 - - [18/May/2024:10:20:57 +0000] "GET /public/theme/edulia/js/dataTables.responsive.min.js HTTP/1.1" 200 4963 "https://edu.richinei.com/" "Mozilla/5.0 (Windows NT 10.0; Win64; x64) AppleWebKit/537.36 (KHTML, like Gecko) Chrome/124.0.0.0 Safari/537.36 Edg/124.0.0.0"
105.113.10.241 - - [18/May/2024:10:20:57 +0000] "GET /public/theme/edulia/js/dataTables.responsive.min.js HTTP/1.1" 200 4963 "https://edu.richinei.com/" "Mozilla/5.0 (Windows NT 10.0; Win64; x64) AppleWebKit/537.36 (KHTML, like Gecko) Chrome/122.0.0.0 Safari/537.36"
197.210.78.76 - - [18/May/2024:10:20:57 +0000] "GET /public/whatsapp-support/scripts.js HTTP/1.1" 200 358 "https://edu.richinei.com/" "Mozilla/5.0 (Windows NT 10.0; Win64; x64) AppleWebKit/537.36 (KHTML, like Gecko) Chrome/124.0.0.0 Safari/537.36 Edg/124.0.0.0"
105.113.10.241 - - [18/May/2024:10:20:57 +0000] "GET /public/whatsapp-support/scripts.js HTTP/1.1" 200 358 "https://edu.richinei.com/" "Mozilla/5.0 (Windows NT 10.0; Win64; x64) AppleWebKit/537.36 (KHTML, like Gecko) Chrome/122.0.0.0 Safari/537.36"
197.210.78.76 - - [18/May/2024:10:20:57 +0000] "GET /public/theme/edulia/packages/carousel/owl.carousel.min.js HTTP/1.1" 200 11418 "https://edu.richinei.com/" "Mozilla/5.0 (Windows NT 10.0; Win64; x64) AppleWebKit/537.36 (KHTML, like Gecko) Chrome/124.0.0.0 Safari/537.36 Edg/124.0.0.0"
105.113.10.241 - - [18/May/2024:10:20:57 +0000] "GET /public/theme/edulia/packages/carousel/owl.carousel.min.js HTTP/1.1" 200 11418 "https://edu.richinei.com/" "Mozilla/5.0 (Windows NT 10.0; Win64; x64) AppleWebKit/537.36 (KHTML, like Gecko) Chrome/122.0.0.0 Safari/537.36"
105.113.10.241 - - [18/May/2024:10:20:57 +0000] "GET /public/theme/edulia/packages/magnific/jquery.magnific-popup.min.js HTTP/1.1" 200 7348 "https://edu.richinei.com/" "Mozilla/5.0 (Windows NT 10.0; Win64; x64) AppleWebKit/537.36 (KHTML, like Gecko) Chrome/122.0.0.0 Safari/537.36"
197.210.78.76 - - [18/May/2024:10:20:57 +0000] "GET /public/theme/edulia/webfonts/fa-solid-900.woff2 HTTP/1.1" 200 140996 "https://edu.richinei.com/public/theme/edulia/css/fontawesome.all.min.css" "Mozilla/5.0 (Windows NT 10.0; Win64; x64) AppleWebKit/537.36 (KHTML, like Gecko) Chrome/124.0.0.0 Safari/537.36 Edg/124.0.0.0"
197.210.78.76 - - [18/May/2024:10:20:57 +0000] "GET /public/theme/edulia/fonts/eudoxus-sans/EudoxusSans-ExtraBold.woff2 HTTP/1.1" 200 42600 "https://edu.richinei.com/public/theme/edulia/css/style.css" "Mozilla/5.0 (Windows NT 10.0; Win64; x64) AppleWebKit/537.36 (KHTML, like Gecko) Chrome/124.0.0.0 Safari/537.36 Edg/124.0.0.0"
197.210.78.76 - - [18/May/2024:10:20:57 +0000] "GET /public/theme/edulia/fonts/eudoxus-sans/EudoxusSans-Bold.woff2 HTTP/1.1" 200 43112 "https://edu.richinei.com/public/theme/edulia/css/style.css" "Mozilla/5.0 (Windows NT 10.0; Win64; x64) AppleWebKit/537.36 (KHTML, like Gecko) Chrome/124.0.0.0 Safari/537.36 Edg/124.0.0.0"
197.210.78.76 - - [18/May/2024:10:20:57 +0000] "GET /public/theme/edulia/webfonts/fa-light-300.woff2 HTTP/1.1" 200 189648 "https://edu.richinei.com/public/theme/edulia/css/fontawesome.all.min.css" "Mozilla/5.0 (Windows NT 10.0; Win64; x64) AppleWebKit/537.36 (KHTML, like Gecko) Chrome/124.0.0.0 Safari/537.36 Edg/124.0.0.0"
197.210.78.76 - - [18/May/2024:10:20:57 +0000] "GET /public/theme/edulia/webfonts/fa-brands-400.woff2 HTTP/1.1" 200 78464 "https://edu.richinei.com/public/theme/edulia/css/fontawesome.all.min.css" "Mozilla/5.0 (Windows NT 10.0; Win64; x64) AppleWebKit/537.36 (KHTML, like Gecko) Chrome/124.0.0.0 Safari/537.36 Edg/124.0.0.0"
